{"id":10050,"date":"2024-12-04T12:50:05","date_gmt":"2024-12-04T12:50:05","guid":{"rendered":"https:\/\/schrittmacherfestival.nl\/simurgh\/"},"modified":"2025-02-05T12:57:36","modified_gmt":"2025-02-05T12:57:36","slug":"simurgh","status":"publish","type":"page","link":"https:\/\/schrittmacherfestival.nl\/de\/simurgh\/","title":{"rendered":"Simurgh"},"content":{"rendered":"\n<h1 class=\"wp-block-heading has-black-color has-text-color\" id=\"hofesh-shechter-company-gbr\"><strong><strong>DIK Danstheater (NL)<\/strong><\/strong><\/h1>\n\n<p><strong>Ludwig Forum Aachen \/ space<\/strong> <strong>+ Theater Heerlen \/ LIMBURGzaal<\/strong><br\/><strong>Fr 28.03.2025 (Aachen) + <strong>Sa 29.03.2025<\/strong><\/strong> <strong>(Heerlen)<\/strong><br\/><strong>19.00 Uhr<\/strong><br\/><strong>Von 9,50 \u20ac<\/strong><\/p>\n\n<figure class=\"wp-block-image alignwide size-full\"><img data-recalc-dims=\"1\" fetchpriority=\"high\" decoding=\"async\" width=\"640\" height=\"267\" src=\"https:\/\/i0.wp.com\/schrittmacherfestival.nl\/wp-content\/uploads\/2024\/12\/s-20210428-NoBodies-25-e1733316258878.webp?resize=640%2C267&#038;ssl=1\" alt=\"\" class=\"wp-image-10047\" srcset=\"https:\/\/i0.wp.com\/schrittmacherfestival.nl\/wp-content\/uploads\/2024\/12\/s-20210428-NoBodies-25-e1733316258878.webp?w=1200&amp;ssl=1 1200w, https:\/\/i0.wp.com\/schrittmacherfestival.nl\/wp-content\/uploads\/2024\/12\/s-20210428-NoBodies-25-e1733316258878.webp?resize=300%2C125&amp;ssl=1 300w, https:\/\/i0.wp.com\/schrittmacherfestival.nl\/wp-content\/uploads\/2024\/12\/s-20210428-NoBodies-25-e1733316258878.webp?resize=1024%2C427&amp;ssl=1 1024w, https:\/\/i0.wp.com\/schrittmacherfestival.nl\/wp-content\/uploads\/2024\/12\/s-20210428-NoBodies-25-e1733316258878.webp?resize=768%2C320&amp;ssl=1 768w, https:\/\/i0.wp.com\/schrittmacherfestival.nl\/wp-content\/uploads\/2024\/12\/s-20210428-NoBodies-25-e1733316258878.webp?resize=31%2C13&amp;ssl=1 31w\" sizes=\"(max-width: 640px) 100vw, 640px\" \/><\/figure>\n\n<hr class=\"wp-block-separator has-css-opacity\"\/>\n\n<h2 class=\"wp-block-heading\">i.Z.m. Codarts Rotterdam, Parzival-Schule und \/ en ARTbewegt.<\/h2>\n\n<p>Die Kombination aus si (drei\u00dfig) und murgh (Vogel) bedeutet drei\u00dfig V\u00f6gel in einem und greift als Inspiration auf The Conference of Birds (Die Konferenz der V\u00f6gel) des persischen Dichters Farid ud-Din Attar aus dem 12. Jahrhundert zur\u00fcck. Das Gedicht erz\u00e4hlt von drei\u00dfig V\u00f6geln, die letztendlich gemeinsam ihre eigenen St\u00e4rken finden. <\/p>\n\n<p>In dieser Choreographie mit Live-Musik arbeiten drei\u00dfig diverse Menschen verschiedener Generationen aus den Niederlanden und Deutschland eine Woche lang zusammen, um dabei auch ihre eigenen St\u00e4rken zu entdecken und so die Vergangenheit mit dem Hier und Jetzt zu verbinden. Dieses Community-Art-Projekt wird mit einer Abschlussvorstellung zu Ende gehen, die sowohl in Aachen als auch in Heerlen zu sehen sein wird.<\/p>\n\n<p>Jordy Dik: \u201eCommunity Art baut die Barrieren zwischen den Menschen ab.&#8220;<\/p>\n\n<p>Dauer: ~ 50 min. ohne Pause<\/p>\n\n<p>Mit anschlie\u00dfender Diskussion<br\/>Eintritt frei [eng]<br\/>mit live Musik<\/p>\n\n<p><strong>So 06.04.2025<br\/><a href=\"https:\/\/schrittmacherfestival.nl\/de\/a-bird-named-mansour-muses\/\" title=\"\">&#8222;A bird named Mansour\u201d &amp; \u201cMuses\u201d<\/a><br\/><\/strong>Kurzer Tanzfilm &amp; Dokumentarfilm<br\/><br\/><strong>Fr 04.04.2025<br\/><a href=\"https:\/\/schrittmacherfestival.nl\/de\/tanz-in-der-stadt\/\" title=\"\">Tanz in der Stadt<\/a><\/strong><\/p>\n\n<hr class=\"wp-block-separator has-css-opacity\"\/>\n\n<div class=\"wp-block-buttons is-horizontal is-content-justification-center is-layout-flex wp-container-core-buttons-is-layout-499968f5 wp-block-buttons-is-layout-flex\">\n<div class=\"wp-block-button\"><a class=\"wp-block-button__link has-white-color has-black-background-color has-text-color has-background wp-element-button\" href=\"https:\/\/www.plt.nl\/bestel\/12568\" target=\"_blank\" rel=\"noreferrer noopener\"><strong>Tickets Fr<\/strong> <strong>28.03 | 19.00 Uhr<\/strong><\/a><\/div>\n\n\n\n<div class=\"wp-block-button\"><a class=\"wp-block-button__link has-white-color has-black-background-color has-text-color has-background wp-element-button\" href=\"https:\/\/www.plt.nl\/bestel\/12569\" target=\"_blank\" rel=\"noreferrer noopener\"><strong>Tickets Sa 29.03 | 19.00 Uhr<\/strong><\/a><\/div>\n<\/div>\n\n<hr class=\"wp-block-separator has-css-opacity\"\/>\n\n<p><\/p>\n","protected":false},"excerpt":{"rendered":"<p>DIK Danstheater (NL) Ludwig Forum Aachen \/ space + Theater Heerlen \/ LIMBURGzaalFr 28.03.2025 (Aachen) + Sa 29.03.2025 (Heerlen)19.00 UhrVon 9,50 \u20ac i.Z.m. Codarts Rotterdam, Parzival-Schule und \/ en ARTbewegt. Die Kombination aus si (drei\u00dfig) und murgh (Vogel) bedeutet drei\u00dfig V\u00f6gel in einem und greift als Inspiration auf The Conference of Birds (Die Konferenz der V\u00f6gel) des persischen Dichters Farid [&hellip;]<\/p>\n","protected":false},"author":1,"featured_media":0,"parent":0,"menu_order":0,"comment_status":"closed","ping_status":"closed","template":"","meta":{"_acf_changed":false,"footnotes":""},"class_list":["post-10050","page","type-page","status-publish","hentry"],"aioseo_notices":[],"acf":[],"jetpack_sharing_enabled":true,"_links":{"self":[{"href":"https:\/\/schrittmacherfestival.nl\/de\/wp-json\/wp\/v2\/pages\/10050","targetHints":{"allow":["GET"]}}],"collection":[{"href":"https:\/\/schrittmacherfestival.nl\/de\/wp-json\/wp\/v2\/pages"}],"about":[{"href":"https:\/\/schrittmacherfestival.nl\/de\/wp-json\/wp\/v2\/types\/page"}],"author":[{"embeddable":true,"href":"https:\/\/schrittmacherfestival.nl\/de\/wp-json\/wp\/v2\/users\/1"}],"replies":[{"embeddable":true,"href":"https:\/\/schrittmacherfestival.nl\/de\/wp-json\/wp\/v2\/comments?post=10050"}],"version-history":[{"count":5,"href":"https:\/\/schrittmacherfestival.nl\/de\/wp-json\/wp\/v2\/pages\/10050\/revisions"}],"predecessor-version":[{"id":10951,"href":"https:\/\/schrittmacherfestival.nl\/de\/wp-json\/wp\/v2\/pages\/10050\/revisions\/10951"}],"wp:attachment":[{"href":"https:\/\/schrittmacherfestival.nl\/de\/wp-json\/wp\/v2\/media?parent=10050"}],"curies":[{"name":"wp","href":"https:\/\/api.w.org\/{rel}","templated":true}]}}

<h1 class="wp-block-heading has-black-color has-text-color" id="hofesh-shechter-company-gbr"><strong><strong>DIK Danstheater (NL)</strong></strong></h1>

<p><strong>Ludwig Forum Aachen / space</strong> <strong>+ Theater Heerlen / LIMBURGzaal</strong><br/><strong>Fr 28.03.2025 (Aachen) + <strong>Sa 29.03.2025</strong></strong> <strong>(Heerlen)</strong><br/><strong>19.00 Uhr</strong><br/><strong>Von 9,50 €</strong></p>

<figure class="wp-block-image alignwide size-full"><img data-recalc-dims="1" fetchpriority="high" decoding="async" width="640" height="267" src="https://i0.wp.com/schrittmacherfestival.nl/wp-content/uploads/2024/12/s-20210428-NoBodies-25-e1733316258878.webp?resize=640%2C267&#038;ssl=1" alt="" class="wp-image-10047" srcset="https://i0.wp.com/schrittmacherfestival.nl/wp-content/uploads/2024/12/s-20210428-NoBodies-25-e1733316258878.webp?w=1200&amp;ssl=1 1200w, https://i0.wp.com/schrittmacherfestival.nl/wp-content/uploads/2024/12/s-20210428-NoBodies-25-e1733316258878.webp?resize=300%2C125&amp;ssl=1 300w, https://i0.wp.com/schrittmacherfestival.nl/wp-content/uploads/2024/12/s-20210428-NoBodies-25-e1733316258878.webp?resize=1024%2C427&amp;ssl=1 1024w, https://i0.wp.com/schrittmacherfestival.nl/wp-content/uploads/2024/12/s-20210428-NoBodies-25-e1733316258878.webp?resize=768%2C320&amp;ssl=1 768w, https://i0.wp.com/schrittmacherfestival.nl/wp-content/uploads/2024/12/s-20210428-NoBodies-25-e1733316258878.webp?resize=31%2C13&amp;ssl=1 31w" sizes="(max-width: 640px) 100vw, 640px" /></figure>

<hr class="wp-block-separator has-css-opacity"/>

<h2 class="wp-block-heading">i.Z.m. Codarts Rotterdam, Parzival-Schule und / en ARTbewegt.</h2>

<p>Die Kombination aus si (dreißig) und murgh (Vogel) bedeutet dreißig Vögel in einem und greift als Inspiration auf The Conference of Birds (Die Konferenz der Vögel) des persischen Dichters Farid ud-Din Attar aus dem 12. Jahrhundert zurück. Das Gedicht erzählt von dreißig Vögeln, die letztendlich gemeinsam ihre eigenen Stärken finden. </p>

<p>In dieser Choreographie mit Live-Musik arbeiten dreißig diverse Menschen verschiedener Generationen aus den Niederlanden und Deutschland eine Woche lang zusammen, um dabei auch ihre eigenen Stärken zu entdecken und so die Vergangenheit mit dem Hier und Jetzt zu verbinden. Dieses Community-Art-Projekt wird mit einer Abschlussvorstellung zu Ende gehen, die sowohl in Aachen als auch in Heerlen zu sehen sein wird.</p>

<p>Jordy Dik: „Community Art baut die Barrieren zwischen den Menschen ab.&#8220;</p>

<p>Dauer: ~ 50 min. ohne Pause</p>

<p>Mit anschließender Diskussion<br/>Eintritt frei [eng]<br/>mit live Musik</p>

<p><strong>So 06.04.2025<br/><a href="https://schrittmacherfestival.nl/de/a-bird-named-mansour-muses/" title="">&#8222;A bird named Mansour” &amp; “Muses”</a><br/></strong>Kurzer Tanzfilm &amp; Dokumentarfilm<br/><br/><strong>Fr 04.04.2025<br/><a href="https://schrittmacherfestival.nl/de/tanz-in-der-stadt/" title="">Tanz in der Stadt</a></strong></p>

<hr class="wp-block-separator has-css-opacity"/>

<div class="wp-block-buttons is-horizontal is-content-justification-center is-layout-flex wp-container-core-buttons-is-layout-499968f5 wp-block-buttons-is-layout-flex">
<div class="wp-block-button"><a class="wp-block-button__link has-white-color has-black-background-color has-text-color has-background wp-element-button" href="https://www.plt.nl/bestel/12568" target="_blank" rel="noreferrer noopener"><strong>Tickets Fr</strong> <strong>28.03 | 19.00 Uhr</strong></a></div>



<div class="wp-block-button"><a class="wp-block-button__link has-white-color has-black-background-color has-text-color has-background wp-element-button" href="https://www.plt.nl/bestel/12569" target="_blank" rel="noreferrer noopener"><strong>Tickets Sa 29.03 | 19.00 Uhr</strong></a></div>
</div>

<hr class="wp-block-separator has-css-opacity"/>

<p></p>

<p>DIK Danstheater (NL) Ludwig Forum Aachen / space + Theater Heerlen / LIMBURGzaalFr 28.03.2025 (Aachen) + Sa 29.03.2025 (Heerlen)19.00 UhrVon 9,50 € i.Z.m. Codarts Rotterdam, Parzival-Schule und / en ARTbewegt. Die Kombination aus si (dreißig) und murgh (Vogel) bedeutet dreißig Vögel in einem und greift als Inspiration auf The Conference of Birds (Die Konferenz der Vögel) des persischen Dichters Farid [&hellip;]</p>
