{"id":10130,"date":"2024-12-05T09:02:08","date_gmt":"2024-12-05T09:02:08","guid":{"rendered":"https:\/\/schrittmacherfestival.nl\/schwarzer-schatten\/"},"modified":"2024-12-05T09:02:22","modified_gmt":"2024-12-05T09:02:22","slug":"schwarzer-schatten","status":"publish","type":"page","link":"https:\/\/schrittmacherfestival.nl\/de\/schwarzer-schatten\/","title":{"rendered":"Schwarzer Schatten"},"content":{"rendered":"\n<h1 class=\"wp-block-heading has-black-color has-text-color\" id=\"hofesh-shechter-company-gbr\"><strong>Bryndis Brynjolfsdottir<\/strong><\/h1>\n\n<p><strong>Theater Heerlen \/ Foyer<\/strong><br\/><strong>Di<strong><em> <\/em>11.03.2025 \u2013 So 13.04.2025<\/strong><\/strong><br\/><strong>Bei Vorstellungen im Festivalzeitraum zu sehen<\/strong><br\/><strong>Eintritt frei<\/strong><\/p>\n\n<figure class=\"wp-block-image alignwide size-full\"><img data-recalc-dims=\"1\" decoding=\"async\" src=\"https:\/\/i0.wp.com\/schrittmacherfestival.nl\/wp-content\/uploads\/2024\/12\/k-DSC1869-copy-e1733389039488.webp?w=640&#038;ssl=1\" alt=\"\" class=\"wp-image-10124\"\/><\/figure>\n\n<hr class=\"wp-block-separator has-css-opacity\"\/>\n\n<h2 class=\"wp-block-heading\"><strong>Vorstellungen im Festivalzeitraum zu sehen<\/strong><\/h2>\n\n<p>Die Fotoausstellung \u201eSchwarzer Schatten\u201c der Fotografin und ehemaligen Scapino-T\u00e4nzerin Bryndis Brynjolfsdottir verweist auf die anhaltenden Auswirkungen der stillgelegten Kohleminen auf die Gemeinschaft, selbst nach mehr als 50 Jahren. Die Zechen waren einst das pulsierende Herz der Gesellschaft und waren eine Quelle des Lebens, der Arbeit und der Verbindung. Wenngleich die Minen verschwunden sind, liegt ihr \u201eSchatten&#8220; wie eine schwarze Ascheschicht \u00fcber den Stadtvierteln und erinnert stillschweigend an das, was einst das Fundament der lokalen Gemeinschaft war. Dieser \u201eKohlenstoff&#8220; hat sich mit den Stra\u00dfen und Geb\u00e4uden vermischt, zwar unsichtbar, doch sp\u00fcrbar pr\u00e4sent in den Menschen und der Kultur. Das wirft die Frage auf: Was ist heutzutage das Herzst\u00fcck dieser Gesellschaft?<\/p>\n\n<hr class=\"wp-block-separator has-css-opacity\"\/>\n\n<figure class=\"wp-block-gallery has-nested-images columns-default is-cropped wp-block-gallery-1 is-layout-flex wp-block-gallery-is-layout-flex\">\n<figure class=\"wp-block-image size-full\"><img data-recalc-dims=\"1\" fetchpriority=\"high\" decoding=\"async\" width=\"640\" height=\"699\" data-id=\"10127\" src=\"https:\/\/i0.wp.com\/schrittmacherfestival.nl\/wp-content\/uploads\/2024\/12\/k-DSC1869-copy-1.webp?resize=640%2C699&#038;ssl=1\" alt=\"\" class=\"wp-image-10127\" srcset=\"https:\/\/i0.wp.com\/schrittmacherfestival.nl\/wp-content\/uploads\/2024\/12\/k-DSC1869-copy-1.webp?w=748&amp;ssl=1 748w, https:\/\/i0.wp.com\/schrittmacherfestival.nl\/wp-content\/uploads\/2024\/12\/k-DSC1869-copy-1.webp?resize=275%2C300&amp;ssl=1 275w, https:\/\/i0.wp.com\/schrittmacherfestival.nl\/wp-content\/uploads\/2024\/12\/k-DSC1869-copy-1.webp?resize=25%2C27&amp;ssl=1 25w\" sizes=\"(max-width: 640px) 100vw, 640px\" \/><\/figure>\n<\/figure>\n\n<hr class=\"wp-block-separator has-css-opacity\"\/>\n\n<p><\/p>\n","protected":false},"excerpt":{"rendered":"<p>Bryndis Brynjolfsdottir Theater Heerlen \/ FoyerDi 11.03.2025 \u2013 So 13.04.2025Bei Vorstellungen im Festivalzeitraum zu sehenEintritt frei Vorstellungen im Festivalzeitraum zu sehen Die Fotoausstellung \u201eSchwarzer Schatten\u201c der Fotografin und ehemaligen Scapino-T\u00e4nzerin Bryndis Brynjolfsdottir verweist auf die anhaltenden Auswirkungen der stillgelegten Kohleminen auf die Gemeinschaft, selbst nach mehr als 50 Jahren. Die Zechen waren einst das pulsierende Herz der Gesellschaft und waren [&hellip;]<\/p>\n","protected":false},"author":1,"featured_media":0,"parent":0,"menu_order":0,"comment_status":"closed","ping_status":"closed","template":"","meta":{"_acf_changed":false,"footnotes":""},"class_list":["post-10130","page","type-page","status-publish","hentry"],"aioseo_notices":[],"acf":[],"jetpack_sharing_enabled":true,"_links":{"self":[{"href":"https:\/\/schrittmacherfestival.nl\/de\/wp-json\/wp\/v2\/pages\/10130","targetHints":{"allow":["GET"]}}],"collection":[{"href":"https:\/\/schrittmacherfestival.nl\/de\/wp-json\/wp\/v2\/pages"}],"about":[{"href":"https:\/\/schrittmacherfestival.nl\/de\/wp-json\/wp\/v2\/types\/page"}],"author":[{"embeddable":true,"href":"https:\/\/schrittmacherfestival.nl\/de\/wp-json\/wp\/v2\/users\/1"}],"replies":[{"embeddable":true,"href":"https:\/\/schrittmacherfestival.nl\/de\/wp-json\/wp\/v2\/comments?post=10130"}],"version-history":[{"count":1,"href":"https:\/\/schrittmacherfestival.nl\/de\/wp-json\/wp\/v2\/pages\/10130\/revisions"}],"predecessor-version":[{"id":10131,"href":"https:\/\/schrittmacherfestival.nl\/de\/wp-json\/wp\/v2\/pages\/10130\/revisions\/10131"}],"wp:attachment":[{"href":"https:\/\/schrittmacherfestival.nl\/de\/wp-json\/wp\/v2\/media?parent=10130"}],"curies":[{"name":"wp","href":"https:\/\/api.w.org\/{rel}","templated":true}]}}

<h1 class="wp-block-heading has-black-color has-text-color" id="hofesh-shechter-company-gbr"><strong>Bryndis Brynjolfsdottir</strong></h1>

<p><strong>Theater Heerlen / Foyer</strong><br/><strong>Di<strong><em> </em>11.03.2025 – So 13.04.2025</strong></strong><br/><strong>Bei Vorstellungen im Festivalzeitraum zu sehen</strong><br/><strong>Eintritt frei</strong></p>

<figure class="wp-block-image alignwide size-full"><img data-recalc-dims="1" decoding="async" src="https://i0.wp.com/schrittmacherfestival.nl/wp-content/uploads/2024/12/k-DSC1869-copy-e1733389039488.webp?w=640&#038;ssl=1" alt="" class="wp-image-10124"/></figure>

<hr class="wp-block-separator has-css-opacity"/>

<h2 class="wp-block-heading"><strong>Vorstellungen im Festivalzeitraum zu sehen</strong></h2>

<p>Die Fotoausstellung „Schwarzer Schatten“ der Fotografin und ehemaligen Scapino-Tänzerin Bryndis Brynjolfsdottir verweist auf die anhaltenden Auswirkungen der stillgelegten Kohleminen auf die Gemeinschaft, selbst nach mehr als 50 Jahren. Die Zechen waren einst das pulsierende Herz der Gesellschaft und waren eine Quelle des Lebens, der Arbeit und der Verbindung. Wenngleich die Minen verschwunden sind, liegt ihr „Schatten&#8220; wie eine schwarze Ascheschicht über den Stadtvierteln und erinnert stillschweigend an das, was einst das Fundament der lokalen Gemeinschaft war. Dieser „Kohlenstoff&#8220; hat sich mit den Straßen und Gebäuden vermischt, zwar unsichtbar, doch spürbar präsent in den Menschen und der Kultur. Das wirft die Frage auf: Was ist heutzutage das Herzstück dieser Gesellschaft?</p>

<hr class="wp-block-separator has-css-opacity"/>

<figure class="wp-block-gallery has-nested-images columns-default is-cropped wp-block-gallery-1 is-layout-flex wp-block-gallery-is-layout-flex">
<figure class="wp-block-image size-full"><img data-recalc-dims="1" fetchpriority="high" decoding="async" width="640" height="699" data-id="10127" src="https://i0.wp.com/schrittmacherfestival.nl/wp-content/uploads/2024/12/k-DSC1869-copy-1.webp?resize=640%2C699&#038;ssl=1" alt="" class="wp-image-10127" srcset="https://i0.wp.com/schrittmacherfestival.nl/wp-content/uploads/2024/12/k-DSC1869-copy-1.webp?w=748&amp;ssl=1 748w, https://i0.wp.com/schrittmacherfestival.nl/wp-content/uploads/2024/12/k-DSC1869-copy-1.webp?resize=275%2C300&amp;ssl=1 275w, https://i0.wp.com/schrittmacherfestival.nl/wp-content/uploads/2024/12/k-DSC1869-copy-1.webp?resize=25%2C27&amp;ssl=1 25w" sizes="(max-width: 640px) 100vw, 640px" /></figure>
</figure>

<hr class="wp-block-separator has-css-opacity"/>

<p></p>

<p>Bryndis Brynjolfsdottir Theater Heerlen / FoyerDi 11.03.2025 – So 13.04.2025Bei Vorstellungen im Festivalzeitraum zu sehenEintritt frei Vorstellungen im Festivalzeitraum zu sehen Die Fotoausstellung „Schwarzer Schatten“ der Fotografin und ehemaligen Scapino-Tänzerin Bryndis Brynjolfsdottir verweist auf die anhaltenden Auswirkungen der stillgelegten Kohleminen auf die Gemeinschaft, selbst nach mehr als 50 Jahren. Die Zechen waren einst das pulsierende Herz der Gesellschaft und waren [&hellip;]</p>
