{"id":10145,"date":"2024-12-05T09:22:33","date_gmt":"2024-12-05T09:22:33","guid":{"rendered":"https:\/\/schrittmacherfestival.nl\/not-your-average-dance-movie-theatre\/"},"modified":"2025-03-18T14:37:06","modified_gmt":"2025-03-18T14:37:06","slug":"not-your-average-dance-movie-theatre","status":"publish","type":"page","link":"https:\/\/schrittmacherfestival.nl\/de\/not-your-average-dance-movie-theatre\/","title":{"rendered":"Not your average dance movie theatre"},"content":{"rendered":"\n<h1 class=\"wp-block-heading has-black-color has-text-color\" id=\"hofesh-shechter-company-gbr\"><strong>CELLARmovies<\/strong><\/h1>\n\n<p><p><strong>Galerie van Dam (kelder Boekhandel van der Velden van Dam), Promenade Heerlen<\/strong><br\/><strong><strong>Di 11.03.2025 \u2013 So 13.04.2025<\/strong><\/strong><br\/><strong><a title=\"\" href=\"https:\/\/www.bvvvd.nl\/open\/\" target=\"_blank\" rel=\"noopener\">W\u00e4hrend der Laden\u00f6ffnungszeiten<\/a><\/strong><br\/><strong>Eintritt frei<\/strong><\/p>&#13;\n&#13;\n&#13;\n<\/p>\n\n<figure class=\"wp-block-image alignwide size-full\"><img data-recalc-dims=\"1\" fetchpriority=\"high\" decoding=\"async\" width=\"640\" height=\"267\" src=\"https:\/\/i0.wp.com\/schrittmacherfestival.nl\/wp-content\/uploads\/2025\/03\/IMG_7738-scaled-e1741602557172.webp?resize=640%2C267&#038;ssl=1\" alt=\"\" class=\"wp-image-11082\" srcset=\"https:\/\/i0.wp.com\/schrittmacherfestival.nl\/wp-content\/uploads\/2025\/03\/IMG_7738-scaled-e1741602557172.webp?w=1200&amp;ssl=1 1200w, https:\/\/i0.wp.com\/schrittmacherfestival.nl\/wp-content\/uploads\/2025\/03\/IMG_7738-scaled-e1741602557172.webp?resize=300%2C125&amp;ssl=1 300w, https:\/\/i0.wp.com\/schrittmacherfestival.nl\/wp-content\/uploads\/2025\/03\/IMG_7738-scaled-e1741602557172.webp?resize=1024%2C427&amp;ssl=1 1024w, https:\/\/i0.wp.com\/schrittmacherfestival.nl\/wp-content\/uploads\/2025\/03\/IMG_7738-scaled-e1741602557172.webp?resize=768%2C320&amp;ssl=1 768w, https:\/\/i0.wp.com\/schrittmacherfestival.nl\/wp-content\/uploads\/2025\/03\/IMG_7738-scaled-e1741602557172.webp?resize=31%2C13&amp;ssl=1 31w\" sizes=\"(max-width: 640px) 100vw, 640px\" \/><\/figure>\n\n<hr class=\"wp-block-separator has-css-opacity\"\/>\n\n<h2 class=\"wp-block-heading\"><strong>W\u00e4hrend der Laden\u00f6ffnungszeiten<\/strong><\/h2>\n\n<p>Gemeinsam mit Cinedans pr\u00e4sentiert schrit_tmacher eine Ausstellung mit kurzen Tanzfilmen zum Thema \u201eDrei\u00dfig Jahre: Wie sich Tr\u00e4ume, Ziele und Taten ver\u00e4ndern\u201c. In der Buchhandlung Van der Velden Van Dam erwarten Sie ausgew\u00e4hlte Kurzfilme und der Dokumentarfilm \u201eBewogen Bewegen\u201c der F|Fort Foundation, der vom Leben 17 junger Frauen mit und nach einer Krebserkrankung&#13;\nerz\u00e4hlt.<\/p>\n\n<hr class=\"wp-block-separator has-css-opacity\"\/>\n\n<h2 class=\"wp-block-heading\">LELEB<\/h2>\n\n<p><strong>Regie<\/strong>: Marc Aziz Ressang, Nathaniel J Brown <br\/><strong>Choreografie<\/strong>: Siko Setyanto<br\/><strong>Land<\/strong>: Indonesien<br\/><strong>Jahr<\/strong>: 2022 <br\/><strong>Dauer<\/strong>: 3 min<\/p>\n\n<p>Dieser Tanzfilm spielt in den u\u0308berschwemmten D\u00f6rfern auf der indonesischen Insel Java und versucht, die Verzweiflung u\u0308ber das Verschwinden der eigenen Heimat zu verarbeiten. Leleb ist den \u00dcberlebenden gewidmet.<\/p>\n\n<hr class=\"wp-block-separator has-css-opacity\"\/>\n\n<h2 class=\"wp-block-heading\">BLUE FUNK<\/h2>\n\n<p><strong>Regie<\/strong>: Louise Coetzer<br\/><strong>Choreografie<\/strong>: Louise Coetzer<br\/><strong>Land<\/strong>: Su\u0308dafrika<br\/><strong>Jahr<\/strong>: 20223<br\/><strong>Dauer<\/strong>: 13 min<\/p>\n\n<p>Blue Funk geeft de lichamelijkheid weer van bang zijn. Angst overvalt zijn doelwitten als een kettingreactie, waardoor hun aangeboren reacties (bevriezen, vechten, flauwvallen en vluchten) aan het licht komen. De resulterende kakofonie roept de vluchtigheid van dit moment op, een toenemende druk die zijn breekpunt nadert<\/p>\n\n<hr class=\"wp-block-separator has-css-opacity\"\/>\n\n<h2 class=\"wp-block-heading\">ATOPIAS: THE HOMELESS WANDERER<\/h2>\n\n<p><strong>Regie<\/strong>: Daniela Yohannes, Julien Beramis<br\/><strong>Land<\/strong>: Guadeloupe<br\/><strong>Jahr<\/strong>: 2023<br\/><strong>Dauer<\/strong>: 27 min<\/p>\n\n<p>In Atopias: In The Homeless Wanderer begibt sich eine schwarze Frau auf eine meditative Reise durch die wilden Landschaften der Karibik, indem sie sich traumhaften Erinnerungen und traumatischen Erfahrungen stellt. Diese Erkundung von Migration, generationenu\u0308bergreifender Erinnerung und Traumata verwandelt ihre Reise und fu\u0308hrt sie tief in ihr Unterbewusstsein, wo sie ihrem inneren Kind begegnet und in die Reiche ihrer Ahnen vordringt.<\/p>\n\n<hr class=\"wp-block-separator has-css-opacity\"\/>\n\n<h2 class=\"wp-block-heading\">THE KEY IS<\/h2>\n\n<p><strong>Regie<\/strong>: Tyler Carney-Faleatua<br\/><strong>Land<\/strong>: Neuseeland<br\/><strong>Jahr<\/strong>: 2022<br\/><strong>Dauer<\/strong>: 11 min<\/p>\n\n<p>The Key Is befasst sich mit der Idee, einen Raum verlassen zu wollen, ohne dazu bereit zu sein. Wir sehen einen T\u00e4nzer, der diesen Raum durchqueren will, aber dann schnell erkennt, dass sich diese Entscheidung seiner Kontrolle entzieht. In order to unlock the door, they have a lesson to learn. Er muss sich selbst bedingungslos akzeptieren, und zwar auch die h\u00e4sslichen und dunklen Elemente. Erst wenn er auch seine dunkle Seite ehrlich annimmt, darf er den Raum verlassen. Diese Geschichte wird in zeitgen\u00f6ssischen, Streetdance- und Krump-Bewegungen dargestellt, die der Performer Ooshcon t\u00e4nzerisch zum Leben erweckt.<\/p>\n\n<hr class=\"wp-block-separator has-css-opacity\"\/>\n\n<h2 class=\"wp-block-heading\">A REVOLUTION OF LOVE<\/h2>\n\n<p><strong>Regie<\/strong>: Weyni Mengesha, Lucius Dechausay<br\/><strong>Choreografie<\/strong>: Esie Mensah<br\/><strong>Land<\/strong>: Kanada<br\/><strong>Jahr<\/strong>: 2020<br\/><strong>Dauer<\/strong>: 5 min<\/p>\n\n<p>Eine junge schwarze Frau setzt sich mit der Geschichte ihrer Vorfahren und der aktuellen Gewalt in ihrer Gemeinschaft auseinander. Sie beginnt sich vorzustellen, wie sie ihre Zukunft t\u00e4nzerisch abbilden k\u00f6nnte.<\/p>\n\n<hr class=\"wp-block-separator has-css-opacity\"\/>\n\n<h2 class=\"wp-block-heading\">PLASTISCH<\/h2>\n\n<p><strong>Regie<\/strong>: DansBlok<br\/><strong>Choreografie<\/strong>: Dieuwertje Spek, \u00c9ryn Nieuwint, Rosa Allessie, Tessa Wouters<br\/><strong>Land<\/strong>: Niederlande<br\/><strong>Jahr<\/strong>: 2021<br\/><strong>Dauer<\/strong>: 8 min<\/p>\n\n<p>Kunststoff ist praktisch, robust und billig. Er kann viele Formen annehmen, und dafu\u0308r lieben wir ihn. Es gibt nur ein Problem: Er zerf\u00e4llt nicht. Im Tanzfilm PLASTISCH verk\u00f6rpern vier T\u00e4nzer die widerspru\u0308chlichen Eigenschaften von Kunststoff.<\/p>\n\n<hr class=\"wp-block-separator has-css-opacity\"\/>\n\n<h2 class=\"wp-block-heading\">BRANCH\u00c9<\/h2>\n\n<p><strong>Regie<\/strong>: Janique L Robillard, Eric Bates<br\/><strong>Choreografie<\/strong>: Nathan Biggs-Penton<br\/><strong>Land<\/strong>: Kanada<br\/><strong>Jahr<\/strong>: 2023<br\/><strong>Dauer<\/strong>: 16 min<\/p>\n\n<p>Anhand einzigartiger weiblicher Zirkus- und Bewegungskunst durchquert Branch\u00e9 die Zeit und die u\u0308ppigen Naturlandschaften von Quebec. W\u00e4hrend die schwindenden Ressourcen und der Mangel an bewohnbarem&#13;\nLand zu einem existenziellen Zusammenbruch fu\u0308hren, erinnern uns die ku\u0308hnen Gebilde und atemberaubenden Spru\u0308nge der drei Performer daran, dass die Einheit von Natur und Mensch unbedingt erhaltenswert ist.<\/p>\n\n<hr class=\"wp-block-separator has-css-opacity\"\/>\n\n<h2 class=\"wp-block-heading\">BEWOGEN BEWEGEN<\/h2>\n\n<p><strong>Regie<\/strong>: Barbara Jonckheer und Nienke Elenbaas<br\/><strong>Bearbeitung<\/strong>: Jordi Beuker<br\/><strong>Land<\/strong>: Niederlande<br\/><strong>Jahr<\/strong>: 2024<br\/><strong>Dauer<\/strong>: 26 min <br\/>Eine Auftragsarbeit der F|Fort Foundation.<\/p>\n\n<p>\u201eBewogen Bewegen\u201c begleitet 17 junge erwachsene Frauen beim Leben mit und nach einer Krebserkrankung. Unter der Anleitung ehemaliger T\u00e4nzer*innen des Scapino Ballet Rotterdam nehmen sie an Tanzworkshops teil und entwickeln eine Tanzauffu\u0308hrung fu\u0308r ein Publikum aus Angeh\u00f6rigen und Freund*innen. Die Show wurde bereits vor Tanzpublikum, Tanzprofis und Besch\u00e4ftigten im Gesundheitswesen aufgefu\u0308hrt. Dieses von der F|Fort Foundation initiierte Projekt zeigt, wie Tanz und Musik diesen Frauen helfen k\u00f6nnen, ihre k\u00f6rperliche und geistige St\u00e4rke wiederzuerlangen.<\/p>\n\n<hr class=\"wp-block-separator has-css-opacity\"\/>\n\n<figure class=\"wp-block-gallery has-nested-images columns-default is-cropped wp-block-gallery-1 is-layout-flex wp-block-gallery-is-layout-flex\">\n<figure class=\"wp-block-image size-large\"><img data-recalc-dims=\"1\" decoding=\"async\" width=\"640\" height=\"853\" data-id=\"11073\" src=\"https:\/\/i0.wp.com\/schrittmacherfestival.nl\/wp-content\/uploads\/2025\/03\/IMG_7737.png?resize=640%2C853&#038;ssl=1\" alt=\"\" class=\"wp-image-11073\" srcset=\"https:\/\/i0.wp.com\/schrittmacherfestival.nl\/wp-content\/uploads\/2025\/03\/IMG_7737.png?resize=768%2C1024&amp;ssl=1 768w, https:\/\/i0.wp.com\/schrittmacherfestival.nl\/wp-content\/uploads\/2025\/03\/IMG_7737.png?resize=225%2C300&amp;ssl=1 225w, https:\/\/i0.wp.com\/schrittmacherfestival.nl\/wp-content\/uploads\/2025\/03\/IMG_7737.png?resize=20%2C27&amp;ssl=1 20w, https:\/\/i0.wp.com\/schrittmacherfestival.nl\/wp-content\/uploads\/2025\/03\/IMG_7737.png?w=1002&amp;ssl=1 1002w\" sizes=\"(max-width: 640px) 100vw, 640px\" \/><\/figure>\n<\/figure>\n\n<hr class=\"wp-block-separator has-css-opacity\"\/>\n","protected":false},"excerpt":{"rendered":"<p>CELLARmovies Galerie van Dam (kelder Boekhandel van der Velden van Dam), Promenade HeerlenDi 11.03.2025 \u2013 So 13.04.2025W\u00e4hrend der Laden\u00f6ffnungszeitenEintritt frei &#13; &#13; &#13; W\u00e4hrend der Laden\u00f6ffnungszeiten Gemeinsam mit Cinedans pr\u00e4sentiert schrit_tmacher eine Ausstellung mit kurzen Tanzfilmen zum Thema \u201eDrei\u00dfig Jahre: Wie sich Tr\u00e4ume, Ziele und Taten ver\u00e4ndern\u201c. In der Buchhandlung Van der Velden Van Dam erwarten Sie ausgew\u00e4hlte Kurzfilme und [&hellip;]<\/p>\n","protected":false},"author":1,"featured_media":0,"parent":0,"menu_order":0,"comment_status":"closed","ping_status":"closed","template":"","meta":{"_acf_changed":false,"footnotes":""},"class_list":["post-10145","page","type-page","status-publish","hentry"],"aioseo_notices":[],"acf":[],"jetpack_sharing_enabled":true,"_links":{"self":[{"href":"https:\/\/schrittmacherfestival.nl\/de\/wp-json\/wp\/v2\/pages\/10145","targetHints":{"allow":["GET"]}}],"collection":[{"href":"https:\/\/schrittmacherfestival.nl\/de\/wp-json\/wp\/v2\/pages"}],"about":[{"href":"https:\/\/schrittmacherfestival.nl\/de\/wp-json\/wp\/v2\/types\/page"}],"author":[{"embeddable":true,"href":"https:\/\/schrittmacherfestival.nl\/de\/wp-json\/wp\/v2\/users\/1"}],"replies":[{"embeddable":true,"href":"https:\/\/schrittmacherfestival.nl\/de\/wp-json\/wp\/v2\/comments?post=10145"}],"version-history":[{"count":14,"href":"https:\/\/schrittmacherfestival.nl\/de\/wp-json\/wp\/v2\/pages\/10145\/revisions"}],"predecessor-version":[{"id":11136,"href":"https:\/\/schrittmacherfestival.nl\/de\/wp-json\/wp\/v2\/pages\/10145\/revisions\/11136"}],"wp:attachment":[{"href":"https:\/\/schrittmacherfestival.nl\/de\/wp-json\/wp\/v2\/media?parent=10145"}],"curies":[{"name":"wp","href":"https:\/\/api.w.org\/{rel}","templated":true}]}}

<h1 class="wp-block-heading has-black-color has-text-color" id="hofesh-shechter-company-gbr"><strong>CELLARmovies</strong></h1>

<p><p><strong>Galerie van Dam (kelder Boekhandel van der Velden van Dam), Promenade Heerlen</strong><br/><strong><strong>Di 11.03.2025 – So 13.04.2025</strong></strong><br/><strong><a title="" href="https://www.bvvvd.nl/open/" target="_blank" rel="noopener">Während der Ladenöffnungszeiten</a></strong><br/><strong>Eintritt frei</strong></p>&#13;
&#13;
&#13;
</p>

<figure class="wp-block-image alignwide size-full"><img data-recalc-dims="1" fetchpriority="high" decoding="async" width="640" height="267" src="https://i0.wp.com/schrittmacherfestival.nl/wp-content/uploads/2025/03/IMG_7738-scaled-e1741602557172.webp?resize=640%2C267&#038;ssl=1" alt="" class="wp-image-11082" srcset="https://i0.wp.com/schrittmacherfestival.nl/wp-content/uploads/2025/03/IMG_7738-scaled-e1741602557172.webp?w=1200&amp;ssl=1 1200w, https://i0.wp.com/schrittmacherfestival.nl/wp-content/uploads/2025/03/IMG_7738-scaled-e1741602557172.webp?resize=300%2C125&amp;ssl=1 300w, https://i0.wp.com/schrittmacherfestival.nl/wp-content/uploads/2025/03/IMG_7738-scaled-e1741602557172.webp?resize=1024%2C427&amp;ssl=1 1024w, https://i0.wp.com/schrittmacherfestival.nl/wp-content/uploads/2025/03/IMG_7738-scaled-e1741602557172.webp?resize=768%2C320&amp;ssl=1 768w, https://i0.wp.com/schrittmacherfestival.nl/wp-content/uploads/2025/03/IMG_7738-scaled-e1741602557172.webp?resize=31%2C13&amp;ssl=1 31w" sizes="(max-width: 640px) 100vw, 640px" /></figure>

<hr class="wp-block-separator has-css-opacity"/>

<h2 class="wp-block-heading"><strong>Während der Ladenöffnungszeiten</strong></h2>

<p>Gemeinsam mit Cinedans präsentiert schrit_tmacher eine Ausstellung mit kurzen Tanzfilmen zum Thema „Dreißig Jahre: Wie sich Träume, Ziele und Taten verändern“. In der Buchhandlung Van der Velden Van Dam erwarten Sie ausgewählte Kurzfilme und der Dokumentarfilm „Bewogen Bewegen“ der F|Fort Foundation, der vom Leben 17 junger Frauen mit und nach einer Krebserkrankung&#13;
erzählt.</p>

<hr class="wp-block-separator has-css-opacity"/>

<h2 class="wp-block-heading">LELEB</h2>

<p><strong>Regie</strong>: Marc Aziz Ressang, Nathaniel J Brown <br/><strong>Choreografie</strong>: Siko Setyanto<br/><strong>Land</strong>: Indonesien<br/><strong>Jahr</strong>: 2022 <br/><strong>Dauer</strong>: 3 min</p>

<p>Dieser Tanzfilm spielt in den überschwemmten Dörfern auf der indonesischen Insel Java und versucht, die Verzweiflung über das Verschwinden der eigenen Heimat zu verarbeiten. Leleb ist den Überlebenden gewidmet.</p>

<hr class="wp-block-separator has-css-opacity"/>

<h2 class="wp-block-heading">BLUE FUNK</h2>

<p><strong>Regie</strong>: Louise Coetzer<br/><strong>Choreografie</strong>: Louise Coetzer<br/><strong>Land</strong>: Südafrika<br/><strong>Jahr</strong>: 20223<br/><strong>Dauer</strong>: 13 min</p>

<p>Blue Funk geeft de lichamelijkheid weer van bang zijn. Angst overvalt zijn doelwitten als een kettingreactie, waardoor hun aangeboren reacties (bevriezen, vechten, flauwvallen en vluchten) aan het licht komen. De resulterende kakofonie roept de vluchtigheid van dit moment op, een toenemende druk die zijn breekpunt nadert</p>

<hr class="wp-block-separator has-css-opacity"/>

<h2 class="wp-block-heading">ATOPIAS: THE HOMELESS WANDERER</h2>

<p><strong>Regie</strong>: Daniela Yohannes, Julien Beramis<br/><strong>Land</strong>: Guadeloupe<br/><strong>Jahr</strong>: 2023<br/><strong>Dauer</strong>: 27 min</p>

<p>In Atopias: In The Homeless Wanderer begibt sich eine schwarze Frau auf eine meditative Reise durch die wilden Landschaften der Karibik, indem sie sich traumhaften Erinnerungen und traumatischen Erfahrungen stellt. Diese Erkundung von Migration, generationenübergreifender Erinnerung und Traumata verwandelt ihre Reise und führt sie tief in ihr Unterbewusstsein, wo sie ihrem inneren Kind begegnet und in die Reiche ihrer Ahnen vordringt.</p>

<hr class="wp-block-separator has-css-opacity"/>

<h2 class="wp-block-heading">THE KEY IS</h2>

<p><strong>Regie</strong>: Tyler Carney-Faleatua<br/><strong>Land</strong>: Neuseeland<br/><strong>Jahr</strong>: 2022<br/><strong>Dauer</strong>: 11 min</p>

<p>The Key Is befasst sich mit der Idee, einen Raum verlassen zu wollen, ohne dazu bereit zu sein. Wir sehen einen Tänzer, der diesen Raum durchqueren will, aber dann schnell erkennt, dass sich diese Entscheidung seiner Kontrolle entzieht. In order to unlock the door, they have a lesson to learn. Er muss sich selbst bedingungslos akzeptieren, und zwar auch die hässlichen und dunklen Elemente. Erst wenn er auch seine dunkle Seite ehrlich annimmt, darf er den Raum verlassen. Diese Geschichte wird in zeitgenössischen, Streetdance- und Krump-Bewegungen dargestellt, die der Performer Ooshcon tänzerisch zum Leben erweckt.</p>

<hr class="wp-block-separator has-css-opacity"/>

<h2 class="wp-block-heading">A REVOLUTION OF LOVE</h2>

<p><strong>Regie</strong>: Weyni Mengesha, Lucius Dechausay<br/><strong>Choreografie</strong>: Esie Mensah<br/><strong>Land</strong>: Kanada<br/><strong>Jahr</strong>: 2020<br/><strong>Dauer</strong>: 5 min</p>

<p>Eine junge schwarze Frau setzt sich mit der Geschichte ihrer Vorfahren und der aktuellen Gewalt in ihrer Gemeinschaft auseinander. Sie beginnt sich vorzustellen, wie sie ihre Zukunft tänzerisch abbilden könnte.</p>

<hr class="wp-block-separator has-css-opacity"/>

<h2 class="wp-block-heading">PLASTISCH</h2>

<p><strong>Regie</strong>: DansBlok<br/><strong>Choreografie</strong>: Dieuwertje Spek, Éryn Nieuwint, Rosa Allessie, Tessa Wouters<br/><strong>Land</strong>: Niederlande<br/><strong>Jahr</strong>: 2021<br/><strong>Dauer</strong>: 8 min</p>

<p>Kunststoff ist praktisch, robust und billig. Er kann viele Formen annehmen, und dafür lieben wir ihn. Es gibt nur ein Problem: Er zerfällt nicht. Im Tanzfilm PLASTISCH verkörpern vier Tänzer die widersprüchlichen Eigenschaften von Kunststoff.</p>

<hr class="wp-block-separator has-css-opacity"/>

<h2 class="wp-block-heading">BRANCHÉ</h2>

<p><strong>Regie</strong>: Janique L Robillard, Eric Bates<br/><strong>Choreografie</strong>: Nathan Biggs-Penton<br/><strong>Land</strong>: Kanada<br/><strong>Jahr</strong>: 2023<br/><strong>Dauer</strong>: 16 min</p>

<p>Anhand einzigartiger weiblicher Zirkus- und Bewegungskunst durchquert Branché die Zeit und die üppigen Naturlandschaften von Quebec. Während die schwindenden Ressourcen und der Mangel an bewohnbarem&#13;
Land zu einem existenziellen Zusammenbruch führen, erinnern uns die kühnen Gebilde und atemberaubenden Sprünge der drei Performer daran, dass die Einheit von Natur und Mensch unbedingt erhaltenswert ist.</p>

<hr class="wp-block-separator has-css-opacity"/>

<h2 class="wp-block-heading">BEWOGEN BEWEGEN</h2>

<p><strong>Regie</strong>: Barbara Jonckheer und Nienke Elenbaas<br/><strong>Bearbeitung</strong>: Jordi Beuker<br/><strong>Land</strong>: Niederlande<br/><strong>Jahr</strong>: 2024<br/><strong>Dauer</strong>: 26 min <br/>Eine Auftragsarbeit der F|Fort Foundation.</p>

<p>„Bewogen Bewegen“ begleitet 17 junge erwachsene Frauen beim Leben mit und nach einer Krebserkrankung. Unter der Anleitung ehemaliger Tänzer*innen des Scapino Ballet Rotterdam nehmen sie an Tanzworkshops teil und entwickeln eine Tanzaufführung für ein Publikum aus Angehörigen und Freund*innen. Die Show wurde bereits vor Tanzpublikum, Tanzprofis und Beschäftigten im Gesundheitswesen aufgeführt. Dieses von der F|Fort Foundation initiierte Projekt zeigt, wie Tanz und Musik diesen Frauen helfen können, ihre körperliche und geistige Stärke wiederzuerlangen.</p>

<hr class="wp-block-separator has-css-opacity"/>

<figure class="wp-block-gallery has-nested-images columns-default is-cropped wp-block-gallery-1 is-layout-flex wp-block-gallery-is-layout-flex">
<figure class="wp-block-image size-large"><img data-recalc-dims="1" decoding="async" width="640" height="853" data-id="11073" src="https://i0.wp.com/schrittmacherfestival.nl/wp-content/uploads/2025/03/IMG_7737.png?resize=640%2C853&#038;ssl=1" alt="" class="wp-image-11073" srcset="https://i0.wp.com/schrittmacherfestival.nl/wp-content/uploads/2025/03/IMG_7737.png?resize=768%2C1024&amp;ssl=1 768w, https://i0.wp.com/schrittmacherfestival.nl/wp-content/uploads/2025/03/IMG_7737.png?resize=225%2C300&amp;ssl=1 225w, https://i0.wp.com/schrittmacherfestival.nl/wp-content/uploads/2025/03/IMG_7737.png?resize=20%2C27&amp;ssl=1 20w, https://i0.wp.com/schrittmacherfestival.nl/wp-content/uploads/2025/03/IMG_7737.png?w=1002&amp;ssl=1 1002w" sizes="(max-width: 640px) 100vw, 640px" /></figure>
</figure>

<hr class="wp-block-separator has-css-opacity"/>

<p>CELLARmovies Galerie van Dam (kelder Boekhandel van der Velden van Dam), Promenade HeerlenDi 11.03.2025 – So 13.04.2025Während der LadenöffnungszeitenEintritt frei &#13; &#13; &#13; Während der Ladenöffnungszeiten Gemeinsam mit Cinedans präsentiert schrit_tmacher eine Ausstellung mit kurzen Tanzfilmen zum Thema „Dreißig Jahre: Wie sich Träume, Ziele und Taten verändern“. In der Buchhandlung Van der Velden Van Dam erwarten Sie ausgewählte Kurzfilme und [&hellip;]</p>
