{"id":10236,"date":"2024-12-05T16:35:59","date_gmt":"2024-12-05T16:35:59","guid":{"rendered":"https:\/\/schrittmacherfestival.nl\/binnenste-buiten\/"},"modified":"2025-03-31T08:26:22","modified_gmt":"2025-03-31T08:26:22","slug":"binnenste-buiten","status":"publish","type":"page","link":"https:\/\/schrittmacherfestival.nl\/de\/binnenste-buiten\/","title":{"rendered":"Binnenste Buiten"},"content":{"rendered":"\n<h1 class=\"wp-block-heading has-black-color has-text-color\" id=\"hofesh-shechter-company-gbr\"><strong>Schweigman&amp;<\/strong><\/h1>\n\n<p><strong>Toon Hermans Huis Parkstad<\/strong><br\/><strong><strong>Fr 11.04.2025 + Sa 12.04.2025<\/strong><\/strong><br\/>Fr 12.00 &#8211; 14.00u, 15.00 &#8211; 17.00u + 17.30 &#8211; 19.30u alle 20 Minuten <br\/>Sa 10.00u &#8211; 14.00u + 15.00 &#8211; 19.00u alle 20 Minuten<br\/><strong>Von 9,50 \u20ac<\/strong><\/p>\n\n<figure class=\"wp-block-image alignwide size-large\"><img data-recalc-dims=\"1\" fetchpriority=\"high\" decoding=\"async\" width=\"640\" height=\"261\" src=\"https:\/\/i0.wp.com\/schrittmacherfestival.nl\/wp-content\/uploads\/2024\/12\/k-Kopie-van-Binnenste-Buiten-Schweigman-Boukje-Schweigman-Johannes-Bellinkx_2-kopieren-e1733415980253-1024x418.webp?resize=640%2C261&#038;ssl=1\" alt=\"\" class=\"wp-image-10233\" srcset=\"https:\/\/i0.wp.com\/schrittmacherfestival.nl\/wp-content\/uploads\/2024\/12\/k-Kopie-van-Binnenste-Buiten-Schweigman-Boukje-Schweigman-Johannes-Bellinkx_2-kopieren-e1733415980253.webp?resize=1024%2C418&amp;ssl=1 1024w, https:\/\/i0.wp.com\/schrittmacherfestival.nl\/wp-content\/uploads\/2024\/12\/k-Kopie-van-Binnenste-Buiten-Schweigman-Boukje-Schweigman-Johannes-Bellinkx_2-kopieren-e1733415980253.webp?resize=300%2C122&amp;ssl=1 300w, https:\/\/i0.wp.com\/schrittmacherfestival.nl\/wp-content\/uploads\/2024\/12\/k-Kopie-van-Binnenste-Buiten-Schweigman-Boukje-Schweigman-Johannes-Bellinkx_2-kopieren-e1733415980253.webp?resize=768%2C313&amp;ssl=1 768w, https:\/\/i0.wp.com\/schrittmacherfestival.nl\/wp-content\/uploads\/2024\/12\/k-Kopie-van-Binnenste-Buiten-Schweigman-Boukje-Schweigman-Johannes-Bellinkx_2-kopieren-e1733415980253.webp?resize=31%2C13&amp;ssl=1 31w, https:\/\/i0.wp.com\/schrittmacherfestival.nl\/wp-content\/uploads\/2024\/12\/k-Kopie-van-Binnenste-Buiten-Schweigman-Boukje-Schweigman-Johannes-Bellinkx_2-kopieren-e1733415980253.webp?w=1029&amp;ssl=1 1029w\" sizes=\"(max-width: 640px) 100vw, 640px\" \/><\/figure>\n\n<hr class=\"wp-block-separator has-css-opacity\"\/>\n\n<p>Wo endet der eigene K\u00f6rper und wo beginnt die unermessliche Welt da drau\u00dfen? K\u00f6nnen wir mit den Grenzen spielen? Lassen Sie sich auf eine Entdeckungsreise zwischen dem, was \u201einnen\u201c und dem, was \u201eau\u00dfen\u201c ist, entf\u00fchren. \u201eBinnenste Buiten\u201c ist eine immersive und musikalische Installation f\u00fcr jeweils zwei Personen und f\u00fcr jede(n), der\/die sich einer einzigartigen und intimen gemeinsamen Erfahrung hingeben m\u00f6chte, die mit dem Bewusstsein der Grenzen des eigenen K\u00f6rpers und des Raums darum spielt.<\/p>\n\n<p>Bitte beachten: Weniger geeignet f\u00fcr Menschen mit Klaustrophobie. Trotzdem raten wir Ihnen, sich selbst dazu herauszufordern, diese Erfahrung zu machen.<\/p>\n\n<p><strong>\u00dcber die Kunstschaffenden<\/strong><em><br\/><\/em>Schweigman&amp; und Johannes Bellinkx machen seit Jahren unabh\u00e4ngig voneinander hochkar\u00e4tige Vorstellungen und Installationen, die mit der Sinneswahrnehmung spielen. Nach gefeierten Produktionen wie Blaas, Curve, Eros und Spectrum hat sich Schweigman&amp; nun mit Bellinkx f\u00fcr eine Performance zusammengetan, die Sie auf geniale Weise an einen der Sinne heranf\u00fchrt, der innere Reize wahrnimmt: die Propriozeption.&#13;\n<\/p>\n\n<p><br\/><strong>Credits<\/strong><em><br\/><\/em>Konzept und Regie: Boukje Schweigman, Johannes Bellinkx<br\/>Gesang: Marthe Haringsma<br\/>Klangwelt: Yannis Kyriakides<br\/>Anzug-Konzept und -Ausf\u00fchrung: Erik van Dongen<br\/>Produktion: \u2018n More<br\/>Mit Dank an: Vika van Rooyen, Elizabeth Kooy, Ruimtetijd, SoAP Maastricht, Podium Hoge Woerd, Theaterfestival Boulevard und alle Freiwilligen<br\/>M\u00f6glich gemacht durch: Fonds Podiumkunsten, Gemeente Utrecht, K.F. Hein Fonds, Fonds21, <em>VSB Fonds.<\/em><\/p>\n\n<p>Dauer: ~ 20 min. ohne Pause<\/p>\n\n<p><a href=\"https:\/\/schrittmacherfestival.nl\/de\/protalk-prikkels\/\" title=\"\"><strong>PROtalk: Prikkels<\/strong><\/a><br\/>SCHUNCK Glaspaleis, Heerlen<br\/>Fr 11.04.2025<br\/>14.00 Uhr<\/p>\n\n<hr class=\"wp-block-separator has-css-opacity\"\/>\n\n<div class=\"wp-block-buttons is-horizontal is-content-justification-center is-layout-flex wp-container-core-buttons-is-layout-499968f5 wp-block-buttons-is-layout-flex\">\n<div class=\"wp-block-button\"><a class=\"wp-block-button__link has-white-color has-black-background-color has-text-color has-background wp-element-button\" href=\"https:\/\/www.plt.nl\/programma\/binnenste-buiten-schweigman\/12-04-2025-13-00\" target=\"_blank\" rel=\"noreferrer noopener\"><strong>Tickets Fr 11.04 | Diverse Zeiten<\/strong><\/a><\/div>\n\n\n\n<div class=\"wp-block-button\"><a class=\"wp-block-button__link has-white-color has-black-background-color has-text-color has-background wp-element-button\" href=\"https:\/\/www.plt.nl\/programma\/binnenste-buiten-schweigman\/12-04-2025-13-00\" target=\"_blank\" rel=\"noreferrer noopener\"><strong>Tickets Sa<\/strong> <strong>12.04 | <strong>DDiverse Zeiten<\/strong><\/strong><\/a><\/div>\n<\/div>\n\n<hr class=\"wp-block-separator has-css-opacity\"\/>\n\n<figure class=\"wp-block-gallery has-nested-images columns-default is-cropped wp-block-gallery-1 is-layout-flex wp-block-gallery-is-layout-flex\">\n<figure class=\"wp-block-image size-large\"><img data-recalc-dims=\"1\" decoding=\"async\" width=\"640\" height=\"427\" data-id=\"10227\" src=\"https:\/\/i0.wp.com\/schrittmacherfestival.nl\/wp-content\/uploads\/2024\/12\/k-Kopie-van-Binnenste-Buiten-Schweigman-Boukje-Schweigman-Johannes-Bellinkx_2-kopieren-1.jpg?resize=640%2C427&#038;ssl=1\" alt=\"\" class=\"wp-image-10227\" srcset=\"https:\/\/i0.wp.com\/schrittmacherfestival.nl\/wp-content\/uploads\/2024\/12\/k-Kopie-van-Binnenste-Buiten-Schweigman-Boukje-Schweigman-Johannes-Bellinkx_2-kopieren-1.jpg?resize=1024%2C683&amp;ssl=1 1024w, https:\/\/i0.wp.com\/schrittmacherfestival.nl\/wp-content\/uploads\/2024\/12\/k-Kopie-van-Binnenste-Buiten-Schweigman-Boukje-Schweigman-Johannes-Bellinkx_2-kopieren-1.jpg?resize=300%2C200&amp;ssl=1 300w, https:\/\/i0.wp.com\/schrittmacherfestival.nl\/wp-content\/uploads\/2024\/12\/k-Kopie-van-Binnenste-Buiten-Schweigman-Boukje-Schweigman-Johannes-Bellinkx_2-kopieren-1.jpg?resize=768%2C512&amp;ssl=1 768w, https:\/\/i0.wp.com\/schrittmacherfestival.nl\/wp-content\/uploads\/2024\/12\/k-Kopie-van-Binnenste-Buiten-Schweigman-Boukje-Schweigman-Johannes-Bellinkx_2-kopieren-1.jpg?resize=600%2C400&amp;ssl=1 600w, https:\/\/i0.wp.com\/schrittmacherfestival.nl\/wp-content\/uploads\/2024\/12\/k-Kopie-van-Binnenste-Buiten-Schweigman-Boukje-Schweigman-Johannes-Bellinkx_2-kopieren-1.jpg?resize=31%2C21&amp;ssl=1 31w, https:\/\/i0.wp.com\/schrittmacherfestival.nl\/wp-content\/uploads\/2024\/12\/k-Kopie-van-Binnenste-Buiten-Schweigman-Boukje-Schweigman-Johannes-Bellinkx_2-kopieren-1.jpg?w=1029&amp;ssl=1 1029w\" sizes=\"(max-width: 640px) 100vw, 640px\" \/><\/figure>\n<\/figure>\n\n<hr class=\"wp-block-separator has-css-opacity\"\/>\n","protected":false},"excerpt":{"rendered":"<p>Schweigman&amp; Toon Hermans Huis ParkstadFr 11.04.2025 + Sa 12.04.2025Fr 12.00 &#8211; 14.00u, 15.00 &#8211; 17.00u + 17.30 &#8211; 19.30u alle 20 Minuten Sa 10.00u &#8211; 14.00u + 15.00 &#8211; 19.00u alle 20 MinutenVon 9,50 \u20ac Wo endet der eigene K\u00f6rper und wo beginnt die unermessliche Welt da drau\u00dfen? K\u00f6nnen wir mit den Grenzen spielen? Lassen Sie sich auf eine Entdeckungsreise [&hellip;]<\/p>\n","protected":false},"author":1,"featured_media":0,"parent":0,"menu_order":0,"comment_status":"closed","ping_status":"closed","template":"","meta":{"_acf_changed":false,"footnotes":""},"class_list":["post-10236","page","type-page","status-publish","hentry"],"aioseo_notices":[],"acf":[],"jetpack_sharing_enabled":true,"_links":{"self":[{"href":"https:\/\/schrittmacherfestival.nl\/de\/wp-json\/wp\/v2\/pages\/10236","targetHints":{"allow":["GET"]}}],"collection":[{"href":"https:\/\/schrittmacherfestival.nl\/de\/wp-json\/wp\/v2\/pages"}],"about":[{"href":"https:\/\/schrittmacherfestival.nl\/de\/wp-json\/wp\/v2\/types\/page"}],"author":[{"embeddable":true,"href":"https:\/\/schrittmacherfestival.nl\/de\/wp-json\/wp\/v2\/users\/1"}],"replies":[{"embeddable":true,"href":"https:\/\/schrittmacherfestival.nl\/de\/wp-json\/wp\/v2\/comments?post=10236"}],"version-history":[{"count":9,"href":"https:\/\/schrittmacherfestival.nl\/de\/wp-json\/wp\/v2\/pages\/10236\/revisions"}],"predecessor-version":[{"id":11235,"href":"https:\/\/schrittmacherfestival.nl\/de\/wp-json\/wp\/v2\/pages\/10236\/revisions\/11235"}],"wp:attachment":[{"href":"https:\/\/schrittmacherfestival.nl\/de\/wp-json\/wp\/v2\/media?parent=10236"}],"curies":[{"name":"wp","href":"https:\/\/api.w.org\/{rel}","templated":true}]}}

<h1 class="wp-block-heading has-black-color has-text-color" id="hofesh-shechter-company-gbr"><strong>Schweigman&amp;</strong></h1>

<p><strong>Toon Hermans Huis Parkstad</strong><br/><strong><strong>Fr 11.04.2025 + Sa 12.04.2025</strong></strong><br/>Fr 12.00 &#8211; 14.00u, 15.00 &#8211; 17.00u + 17.30 &#8211; 19.30u alle 20 Minuten <br/>Sa 10.00u &#8211; 14.00u + 15.00 &#8211; 19.00u alle 20 Minuten<br/><strong>Von 9,50 €</strong></p>

<figure class="wp-block-image alignwide size-large"><img data-recalc-dims="1" fetchpriority="high" decoding="async" width="640" height="261" src="https://i0.wp.com/schrittmacherfestival.nl/wp-content/uploads/2024/12/k-Kopie-van-Binnenste-Buiten-Schweigman-Boukje-Schweigman-Johannes-Bellinkx_2-kopieren-e1733415980253-1024x418.webp?resize=640%2C261&#038;ssl=1" alt="" class="wp-image-10233" srcset="https://i0.wp.com/schrittmacherfestival.nl/wp-content/uploads/2024/12/k-Kopie-van-Binnenste-Buiten-Schweigman-Boukje-Schweigman-Johannes-Bellinkx_2-kopieren-e1733415980253.webp?resize=1024%2C418&amp;ssl=1 1024w, https://i0.wp.com/schrittmacherfestival.nl/wp-content/uploads/2024/12/k-Kopie-van-Binnenste-Buiten-Schweigman-Boukje-Schweigman-Johannes-Bellinkx_2-kopieren-e1733415980253.webp?resize=300%2C122&amp;ssl=1 300w, https://i0.wp.com/schrittmacherfestival.nl/wp-content/uploads/2024/12/k-Kopie-van-Binnenste-Buiten-Schweigman-Boukje-Schweigman-Johannes-Bellinkx_2-kopieren-e1733415980253.webp?resize=768%2C313&amp;ssl=1 768w, https://i0.wp.com/schrittmacherfestival.nl/wp-content/uploads/2024/12/k-Kopie-van-Binnenste-Buiten-Schweigman-Boukje-Schweigman-Johannes-Bellinkx_2-kopieren-e1733415980253.webp?resize=31%2C13&amp;ssl=1 31w, https://i0.wp.com/schrittmacherfestival.nl/wp-content/uploads/2024/12/k-Kopie-van-Binnenste-Buiten-Schweigman-Boukje-Schweigman-Johannes-Bellinkx_2-kopieren-e1733415980253.webp?w=1029&amp;ssl=1 1029w" sizes="(max-width: 640px) 100vw, 640px" /></figure>

<hr class="wp-block-separator has-css-opacity"/>

<p>Wo endet der eigene Körper und wo beginnt die unermessliche Welt da draußen? Können wir mit den Grenzen spielen? Lassen Sie sich auf eine Entdeckungsreise zwischen dem, was „innen“ und dem, was „außen“ ist, entführen. „Binnenste Buiten“ ist eine immersive und musikalische Installation für jeweils zwei Personen und für jede(n), der/die sich einer einzigartigen und intimen gemeinsamen Erfahrung hingeben möchte, die mit dem Bewusstsein der Grenzen des eigenen Körpers und des Raums darum spielt.</p>

<p>Bitte beachten: Weniger geeignet für Menschen mit Klaustrophobie. Trotzdem raten wir Ihnen, sich selbst dazu herauszufordern, diese Erfahrung zu machen.</p>

<p><strong>Über die Kunstschaffenden</strong><em><br/></em>Schweigman&amp; und Johannes Bellinkx machen seit Jahren unabhängig voneinander hochkarätige Vorstellungen und Installationen, die mit der Sinneswahrnehmung spielen. Nach gefeierten Produktionen wie Blaas, Curve, Eros und Spectrum hat sich Schweigman&amp; nun mit Bellinkx für eine Performance zusammengetan, die Sie auf geniale Weise an einen der Sinne heranführt, der innere Reize wahrnimmt: die Propriozeption.&#13;
</p>

<p><br/><strong>Credits</strong><em><br/></em>Konzept und Regie: Boukje Schweigman, Johannes Bellinkx<br/>Gesang: Marthe Haringsma<br/>Klangwelt: Yannis Kyriakides<br/>Anzug-Konzept und -Ausführung: Erik van Dongen<br/>Produktion: ‘n More<br/>Mit Dank an: Vika van Rooyen, Elizabeth Kooy, Ruimtetijd, SoAP Maastricht, Podium Hoge Woerd, Theaterfestival Boulevard und alle Freiwilligen<br/>Möglich gemacht durch: Fonds Podiumkunsten, Gemeente Utrecht, K.F. Hein Fonds, Fonds21, <em>VSB Fonds.</em></p>

<p>Dauer: ~ 20 min. ohne Pause</p>

<p><a href="https://schrittmacherfestival.nl/de/protalk-prikkels/" title=""><strong>PROtalk: Prikkels</strong></a><br/>SCHUNCK Glaspaleis, Heerlen<br/>Fr 11.04.2025<br/>14.00 Uhr</p>

<hr class="wp-block-separator has-css-opacity"/>

<div class="wp-block-buttons is-horizontal is-content-justification-center is-layout-flex wp-container-core-buttons-is-layout-499968f5 wp-block-buttons-is-layout-flex">
<div class="wp-block-button"><a class="wp-block-button__link has-white-color has-black-background-color has-text-color has-background wp-element-button" href="https://www.plt.nl/programma/binnenste-buiten-schweigman/12-04-2025-13-00" target="_blank" rel="noreferrer noopener"><strong>Tickets Fr 11.04 | Diverse Zeiten</strong></a></div>



<div class="wp-block-button"><a class="wp-block-button__link has-white-color has-black-background-color has-text-color has-background wp-element-button" href="https://www.plt.nl/programma/binnenste-buiten-schweigman/12-04-2025-13-00" target="_blank" rel="noreferrer noopener"><strong>Tickets Sa</strong> <strong>12.04 | <strong>DDiverse Zeiten</strong></strong></a></div>
</div>

<hr class="wp-block-separator has-css-opacity"/>

<figure class="wp-block-gallery has-nested-images columns-default is-cropped wp-block-gallery-1 is-layout-flex wp-block-gallery-is-layout-flex">
<figure class="wp-block-image size-large"><img data-recalc-dims="1" decoding="async" width="640" height="427" data-id="10227" src="https://i0.wp.com/schrittmacherfestival.nl/wp-content/uploads/2024/12/k-Kopie-van-Binnenste-Buiten-Schweigman-Boukje-Schweigman-Johannes-Bellinkx_2-kopieren-1.jpg?resize=640%2C427&#038;ssl=1" alt="" class="wp-image-10227" srcset="https://i0.wp.com/schrittmacherfestival.nl/wp-content/uploads/2024/12/k-Kopie-van-Binnenste-Buiten-Schweigman-Boukje-Schweigman-Johannes-Bellinkx_2-kopieren-1.jpg?resize=1024%2C683&amp;ssl=1 1024w, https://i0.wp.com/schrittmacherfestival.nl/wp-content/uploads/2024/12/k-Kopie-van-Binnenste-Buiten-Schweigman-Boukje-Schweigman-Johannes-Bellinkx_2-kopieren-1.jpg?resize=300%2C200&amp;ssl=1 300w, https://i0.wp.com/schrittmacherfestival.nl/wp-content/uploads/2024/12/k-Kopie-van-Binnenste-Buiten-Schweigman-Boukje-Schweigman-Johannes-Bellinkx_2-kopieren-1.jpg?resize=768%2C512&amp;ssl=1 768w, https://i0.wp.com/schrittmacherfestival.nl/wp-content/uploads/2024/12/k-Kopie-van-Binnenste-Buiten-Schweigman-Boukje-Schweigman-Johannes-Bellinkx_2-kopieren-1.jpg?resize=600%2C400&amp;ssl=1 600w, https://i0.wp.com/schrittmacherfestival.nl/wp-content/uploads/2024/12/k-Kopie-van-Binnenste-Buiten-Schweigman-Boukje-Schweigman-Johannes-Bellinkx_2-kopieren-1.jpg?resize=31%2C21&amp;ssl=1 31w, https://i0.wp.com/schrittmacherfestival.nl/wp-content/uploads/2024/12/k-Kopie-van-Binnenste-Buiten-Schweigman-Boukje-Schweigman-Johannes-Bellinkx_2-kopieren-1.jpg?w=1029&amp;ssl=1 1029w" sizes="(max-width: 640px) 100vw, 640px" /></figure>
</figure>

<hr class="wp-block-separator has-css-opacity"/>

<p>Schweigman&amp; Toon Hermans Huis ParkstadFr 11.04.2025 + Sa 12.04.2025Fr 12.00 &#8211; 14.00u, 15.00 &#8211; 17.00u + 17.30 &#8211; 19.30u alle 20 Minuten Sa 10.00u &#8211; 14.00u + 15.00 &#8211; 19.00u alle 20 MinutenVon 9,50 € Wo endet der eigene Körper und wo beginnt die unermessliche Welt da draußen? Können wir mit den Grenzen spielen? Lassen Sie sich auf eine Entdeckungsreise [&hellip;]</p>
