{"id":10258,"date":"2024-12-07T08:14:37","date_gmt":"2024-12-07T08:14:37","guid":{"rendered":"https:\/\/schrittmacherfestival.nl\/carmina-burana\/"},"modified":"2024-12-16T10:54:01","modified_gmt":"2024-12-16T10:54:01","slug":"carmina-burana","status":"publish","type":"page","link":"https:\/\/schrittmacherfestival.nl\/de\/carmina-burana\/","title":{"rendered":"Carmina Burana"},"content":{"rendered":"\n<h1 class=\"wp-block-heading has-black-color has-text-color\" id=\"hofesh-shechter-company-gbr\">Live-Aufnahme, 2024 (NL)<\/h1>\n\n<p><strong>Royal Theater, Heerlen<\/strong><br\/><strong>So 16.03.2025<\/strong><br\/><strong>14.00 Uhr<\/strong><br\/><strong>Von 9,50 \u20ac<\/strong><\/p>\n\n<figure class=\"wp-block-image alignwide size-full\"><img data-recalc-dims=\"1\" fetchpriority=\"high\" decoding=\"async\" width=\"640\" height=\"267\" src=\"https:\/\/i0.wp.com\/schrittmacherfestival.nl\/wp-content\/uploads\/2024\/12\/k-Carmina-Burana-Dancing-in-Defiance-kopieren-e1733558998466.webp?resize=640%2C267&#038;ssl=1\" alt=\"\" class=\"wp-image-10255\" srcset=\"https:\/\/i0.wp.com\/schrittmacherfestival.nl\/wp-content\/uploads\/2024\/12\/k-Carmina-Burana-Dancing-in-Defiance-kopieren-e1733558998466.webp?w=1200&amp;ssl=1 1200w, https:\/\/i0.wp.com\/schrittmacherfestival.nl\/wp-content\/uploads\/2024\/12\/k-Carmina-Burana-Dancing-in-Defiance-kopieren-e1733558998466.webp?resize=300%2C125&amp;ssl=1 300w, https:\/\/i0.wp.com\/schrittmacherfestival.nl\/wp-content\/uploads\/2024\/12\/k-Carmina-Burana-Dancing-in-Defiance-kopieren-e1733558998466.webp?resize=1024%2C427&amp;ssl=1 1024w, https:\/\/i0.wp.com\/schrittmacherfestival.nl\/wp-content\/uploads\/2024\/12\/k-Carmina-Burana-Dancing-in-Defiance-kopieren-e1733558998466.webp?resize=768%2C320&amp;ssl=1 768w, https:\/\/i0.wp.com\/schrittmacherfestival.nl\/wp-content\/uploads\/2024\/12\/k-Carmina-Burana-Dancing-in-Defiance-kopieren-e1733558998466.webp?resize=31%2C13&amp;ssl=1 31w\" sizes=\"(max-width: 640px) 100vw, 640px\" \/><\/figure>\n\n<hr class=\"wp-block-separator has-css-opacity\"\/>\n\n<p>Eine besondere Aufnahme von Carl Orffs weltber\u00fchmtem musikalischen Meisterwerk \u201cCarmina Burana\u201d, aufgef\u00fchrt von der mehr als 100-k\u00f6pfigen Nationaloper und dem Ballett der Ukraine. Diese Auff\u00fchrung wurde am 16. April 2023 im Nieuwe Luxor-Theater in Rotterdam aufgenommen. Es war ein historischer Auftritt: Zum ersten Mal seit der russischen Invasion kam ein Staatsensemble aus der Ukraine f\u00fcr eine Reihe von Auff\u00fchrungen nach Westeuropa. Diese Version von \u201cCarmina Burana\u201d wurde speziell f\u00fcr die Einwohner von Odessa und mit diesen geschaffen. Diese kosmopolitische Stadt mit ihrer bewegten Geschichte hat die gleiche monumentale und zeitlose Kraft wie Orffs \u00fcberw\u00e4ltigende, manchmal totalit\u00e4r anmutende Musik.<\/p>\n\n<p>Live-Aufnahme<br\/>Solisten: Alina Tkachuk, Bohdan Panchenko en Oleksandr Prokopovych<br\/>72 min.<br\/>FSK: Alle Alterklassen<\/p>\n\n<hr class=\"wp-block-separator has-css-opacity\"\/>\n\n<div class=\"wp-block-buttons is-horizontal is-content-justification-center is-layout-flex wp-container-core-buttons-is-layout-499968f5 wp-block-buttons-is-layout-flex\">\n<div class=\"wp-block-button\"><a class=\"wp-block-button__link has-white-color has-black-background-color has-text-color has-background wp-element-button\" href=\"https:\/\/www.plt.nl\/bestel\/12589\" target=\"_blank\" rel=\"noreferrer noopener\"><strong>Tickets So 16.03 | 14.00 Uhr<\/strong><\/a><\/div>\n<\/div>\n\n<hr class=\"wp-block-separator has-css-opacity\"\/>\n\n<figure class=\"wp-block-embed is-type-video is-provider-youtube wp-block-embed-youtube wp-embed-aspect-16-9 wp-has-aspect-ratio\"><div class=\"wp-block-embed__wrapper\">\r\n<iframe  id=\"_ytid_57207\"  width=\"640\" height=\"360\"  data-origwidth=\"640\" data-origheight=\"360\" src=\"https:\/\/www.youtube.com\/embed\/Lz4squmdtE4?enablejsapi=1&#038;autoplay=0&#038;cc_load_policy=0&#038;cc_lang_pref=&#038;iv_load_policy=1&#038;loop=0&#038;rel=1&#038;fs=1&#038;playsinline=0&#038;autohide=2&#038;theme=dark&#038;color=red&#038;controls=1&#038;disablekb=0&#038;\" class=\"__youtube_prefs__  epyt-is-override  no-lazyload\" title=\"YouTube player\"  allow=\"fullscreen; accelerometer; autoplay; clipboard-write; encrypted-media; gyroscope; picture-in-picture; web-share\" referrerpolicy=\"strict-origin-when-cross-origin\" allowfullscreen data-no-lazy=\"1\" data-skipgform_ajax_framebjll=\"\"><\/iframe>\n<\/div><\/figure>\r\n\n<hr class=\"wp-block-separator has-css-opacity\"\/>\n","protected":false},"excerpt":{"rendered":"<p>Live-Aufnahme, 2024 (NL) Royal Theater, HeerlenSo 16.03.202514.00 UhrVon 9,50 \u20ac Eine besondere Aufnahme von Carl Orffs weltber\u00fchmtem musikalischen Meisterwerk \u201cCarmina Burana\u201d, aufgef\u00fchrt von der mehr als 100-k\u00f6pfigen Nationaloper und dem Ballett der Ukraine. Diese Auff\u00fchrung wurde am 16. April 2023 im Nieuwe Luxor-Theater in Rotterdam aufgenommen. Es war ein historischer Auftritt: Zum ersten Mal seit der russischen Invasion kam ein [&hellip;]<\/p>\n","protected":false},"author":1,"featured_media":0,"parent":0,"menu_order":0,"comment_status":"closed","ping_status":"closed","template":"","meta":{"_acf_changed":false,"footnotes":""},"class_list":["post-10258","page","type-page","status-publish","hentry"],"aioseo_notices":[],"acf":[],"jetpack_sharing_enabled":true,"_links":{"self":[{"href":"https:\/\/schrittmacherfestival.nl\/de\/wp-json\/wp\/v2\/pages\/10258","targetHints":{"allow":["GET"]}}],"collection":[{"href":"https:\/\/schrittmacherfestival.nl\/de\/wp-json\/wp\/v2\/pages"}],"about":[{"href":"https:\/\/schrittmacherfestival.nl\/de\/wp-json\/wp\/v2\/types\/page"}],"author":[{"embeddable":true,"href":"https:\/\/schrittmacherfestival.nl\/de\/wp-json\/wp\/v2\/users\/1"}],"replies":[{"embeddable":true,"href":"https:\/\/schrittmacherfestival.nl\/de\/wp-json\/wp\/v2\/comments?post=10258"}],"version-history":[{"count":4,"href":"https:\/\/schrittmacherfestival.nl\/de\/wp-json\/wp\/v2\/pages\/10258\/revisions"}],"predecessor-version":[{"id":10892,"href":"https:\/\/schrittmacherfestival.nl\/de\/wp-json\/wp\/v2\/pages\/10258\/revisions\/10892"}],"wp:attachment":[{"href":"https:\/\/schrittmacherfestival.nl\/de\/wp-json\/wp\/v2\/media?parent=10258"}],"curies":[{"name":"wp","href":"https:\/\/api.w.org\/{rel}","templated":true}]}}

<h1 class="wp-block-heading has-black-color has-text-color" id="hofesh-shechter-company-gbr">Live-Aufnahme, 2024 (NL)</h1>

<p><strong>Royal Theater, Heerlen</strong><br/><strong>So 16.03.2025</strong><br/><strong>14.00 Uhr</strong><br/><strong>Von 9,50 €</strong></p>

<figure class="wp-block-image alignwide size-full"><img data-recalc-dims="1" fetchpriority="high" decoding="async" width="640" height="267" src="https://i0.wp.com/schrittmacherfestival.nl/wp-content/uploads/2024/12/k-Carmina-Burana-Dancing-in-Defiance-kopieren-e1733558998466.webp?resize=640%2C267&#038;ssl=1" alt="" class="wp-image-10255" srcset="https://i0.wp.com/schrittmacherfestival.nl/wp-content/uploads/2024/12/k-Carmina-Burana-Dancing-in-Defiance-kopieren-e1733558998466.webp?w=1200&amp;ssl=1 1200w, https://i0.wp.com/schrittmacherfestival.nl/wp-content/uploads/2024/12/k-Carmina-Burana-Dancing-in-Defiance-kopieren-e1733558998466.webp?resize=300%2C125&amp;ssl=1 300w, https://i0.wp.com/schrittmacherfestival.nl/wp-content/uploads/2024/12/k-Carmina-Burana-Dancing-in-Defiance-kopieren-e1733558998466.webp?resize=1024%2C427&amp;ssl=1 1024w, https://i0.wp.com/schrittmacherfestival.nl/wp-content/uploads/2024/12/k-Carmina-Burana-Dancing-in-Defiance-kopieren-e1733558998466.webp?resize=768%2C320&amp;ssl=1 768w, https://i0.wp.com/schrittmacherfestival.nl/wp-content/uploads/2024/12/k-Carmina-Burana-Dancing-in-Defiance-kopieren-e1733558998466.webp?resize=31%2C13&amp;ssl=1 31w" sizes="(max-width: 640px) 100vw, 640px" /></figure>

<hr class="wp-block-separator has-css-opacity"/>

<p>Eine besondere Aufnahme von Carl Orffs weltberühmtem musikalischen Meisterwerk “Carmina Burana”, aufgeführt von der mehr als 100-köpfigen Nationaloper und dem Ballett der Ukraine. Diese Aufführung wurde am 16. April 2023 im Nieuwe Luxor-Theater in Rotterdam aufgenommen. Es war ein historischer Auftritt: Zum ersten Mal seit der russischen Invasion kam ein Staatsensemble aus der Ukraine für eine Reihe von Aufführungen nach Westeuropa. Diese Version von “Carmina Burana” wurde speziell für die Einwohner von Odessa und mit diesen geschaffen. Diese kosmopolitische Stadt mit ihrer bewegten Geschichte hat die gleiche monumentale und zeitlose Kraft wie Orffs überwältigende, manchmal totalitär anmutende Musik.</p>

<p>Live-Aufnahme<br/>Solisten: Alina Tkachuk, Bohdan Panchenko en Oleksandr Prokopovych<br/>72 min.<br/>FSK: Alle Alterklassen</p>

<hr class="wp-block-separator has-css-opacity"/>

<div class="wp-block-buttons is-horizontal is-content-justification-center is-layout-flex wp-container-core-buttons-is-layout-499968f5 wp-block-buttons-is-layout-flex">
<div class="wp-block-button"><a class="wp-block-button__link has-white-color has-black-background-color has-text-color has-background wp-element-button" href="https://www.plt.nl/bestel/12589" target="_blank" rel="noreferrer noopener"><strong>Tickets So 16.03 | 14.00 Uhr</strong></a></div>
</div>

<hr class="wp-block-separator has-css-opacity"/>

<figure class="wp-block-embed is-type-video is-provider-youtube wp-block-embed-youtube wp-embed-aspect-16-9 wp-has-aspect-ratio"><div class="wp-block-embed__wrapper">
<iframe  id="_ytid_57207"  width="640" height="360"  data-origwidth="640" data-origheight="360" src="https://www.youtube.com/embed/Lz4squmdtE4?enablejsapi=1&#038;autoplay=0&#038;cc_load_policy=0&#038;cc_lang_pref=&#038;iv_load_policy=1&#038;loop=0&#038;rel=1&#038;fs=1&#038;playsinline=0&#038;autohide=2&#038;theme=dark&#038;color=red&#038;controls=1&#038;disablekb=0&#038;" class="__youtube_prefs__  epyt-is-override  no-lazyload" title="YouTube player"  allow="fullscreen; accelerometer; autoplay; clipboard-write; encrypted-media; gyroscope; picture-in-picture; web-share" referrerpolicy="strict-origin-when-cross-origin" allowfullscreen data-no-lazy="1" data-skipgform_ajax_framebjll=""></iframe>
</div></figure>

<hr class="wp-block-separator has-css-opacity"/>

<p>Live-Aufnahme, 2024 (NL) Royal Theater, HeerlenSo 16.03.202514.00 UhrVon 9,50 € Eine besondere Aufnahme von Carl Orffs weltberühmtem musikalischen Meisterwerk “Carmina Burana”, aufgeführt von der mehr als 100-köpfigen Nationaloper und dem Ballett der Ukraine. Diese Aufführung wurde am 16. April 2023 im Nieuwe Luxor-Theater in Rotterdam aufgenommen. Es war ein historischer Auftritt: Zum ersten Mal seit der russischen Invasion kam ein [&hellip;]</p>
