{"id":10286,"date":"2024-12-07T08:59:44","date_gmt":"2024-12-07T08:59:44","guid":{"rendered":"https:\/\/schrittmacherfestival.nl\/slow\/"},"modified":"2025-03-20T15:04:23","modified_gmt":"2025-03-20T15:04:23","slug":"slow","status":"publish","type":"page","link":"https:\/\/schrittmacherfestival.nl\/de\/slow\/","title":{"rendered":"Slow"},"content":{"rendered":"\n<h1 class=\"wp-block-heading has-black-color has-text-color\" id=\"hofesh-shechter-company-gbr\"><strong>Regie: <\/strong>Marija Kavtaradze, 2023\u00a0<strong>(LT\/ES\/D)<\/strong><\/h1>\n\n<p><strong>Royal Theater, Heerlen<\/strong><br\/><strong><strong>Do 20.03.2025<\/strong><\/strong> (20.00 Uhr) <strong>(abgesagt)<\/strong><br\/><strong><strong>So 30.03.2025<\/strong><\/strong> (14.00 Uhr)<br\/><strong>Von 9,50 \u20ac<\/strong><\/p>\n\n<figure class=\"wp-block-image alignwide size-full\"><img data-recalc-dims=\"1\" fetchpriority=\"high\" decoding=\"async\" width=\"640\" height=\"267\" src=\"https:\/\/i0.wp.com\/schrittmacherfestival.nl\/wp-content\/uploads\/2024\/12\/k-Slow-e1733561609783.webp?resize=640%2C267&#038;ssl=1\" alt=\"\" class=\"wp-image-10281\" srcset=\"https:\/\/i0.wp.com\/schrittmacherfestival.nl\/wp-content\/uploads\/2024\/12\/k-Slow-e1733561609783.webp?w=1114&amp;ssl=1 1114w, https:\/\/i0.wp.com\/schrittmacherfestival.nl\/wp-content\/uploads\/2024\/12\/k-Slow-e1733561609783.webp?resize=300%2C125&amp;ssl=1 300w, https:\/\/i0.wp.com\/schrittmacherfestival.nl\/wp-content\/uploads\/2024\/12\/k-Slow-e1733561609783.webp?resize=1024%2C427&amp;ssl=1 1024w, https:\/\/i0.wp.com\/schrittmacherfestival.nl\/wp-content\/uploads\/2024\/12\/k-Slow-e1733561609783.webp?resize=768%2C320&amp;ssl=1 768w, https:\/\/i0.wp.com\/schrittmacherfestival.nl\/wp-content\/uploads\/2024\/12\/k-Slow-e1733561609783.webp?resize=31%2C13&amp;ssl=1 31w\" sizes=\"(max-width: 640px) 100vw, 640px\" \/><\/figure>\n\n<hr class=\"wp-block-separator has-css-opacity\"\/>\n\n<p>Als sich die T\u00e4nzerin Elena und der Geb\u00e4rdensprachdolmetscher Dovydas begegnen, entsteht eine Verbindung, die sie f\u00fcr immer ver\u00e4ndern wird. Der Beginn ihrer Beziehung ist eine behutsame Suche nach einer ganz eigenen Art von Intimit\u00e4t, die eine Herausforderung f\u00fcr jedes Klischee birgt. W\u00e4hrend Elena die Sinnlichkeit k\u00f6rperlich auslebt und sie intensiv erleben m\u00f6chte, empfindet Dovydas viel, jedoch keine sexuelle Anziehungskraft. Trotz dieses Unterschieds setzen sowohl Elena als auch Dovydas ihre K\u00f6rper als Schreibger\u00e4te und ihre Bewegungen als Tinte ein, um sich mit der Welt um sie herum und miteinander zu verbinden. Mit diesem Film widersetzt sich Marija Kavtaradze den Erwartungen und einfachen Definitionen \u00fcber Intimit\u00e4t und tut dies mit bemerkenswerter Behutsamkeit, Subtilit\u00e4t und mit Humor.<\/p>\n\n<p>Drama \/ Liebesfilm<br\/>Komponist: Irya Gmeyner, Martin Hederos<br\/>Mit: Greta Grineviciute, Kestutis Cicenas, Pijus Ganusauskas<br\/>108 min.<br\/>FSK: 12<\/p>\n\n<p>Englische Untertitel<\/p>\n\n<hr class=\"wp-block-separator has-css-opacity\"\/>\n\n<div class=\"wp-block-buttons is-horizontal is-content-justification-center is-layout-flex wp-container-core-buttons-is-layout-499968f5 wp-block-buttons-is-layout-flex\">\n<div class=\"wp-block-button\"><a class=\"wp-block-button__link has-white-color has-black-background-color has-text-color has-background wp-element-button\"><strong>abgesagt<\/strong><\/a><\/div>\n\n\n\n<div class=\"wp-block-button\"><a class=\"wp-block-button__link has-white-color has-black-background-color has-text-color has-background wp-element-button\" href=\"https:\/\/www.plt.nl\/bestel\/12591\" target=\"_blank\" rel=\"noreferrer noopener\"><strong>Tickets So 30.03 | 14.00 Uhr<\/strong><\/a><\/div>\n<\/div>\n\n<hr class=\"wp-block-separator has-css-opacity\"\/>\n\n<figure class=\"wp-block-embed is-type-video is-provider-youtube wp-block-embed-youtube wp-embed-aspect-16-9 wp-has-aspect-ratio\"><div class=\"wp-block-embed__wrapper\">\r\n<iframe  id=\"_ytid_22540\"  width=\"640\" height=\"360\"  data-origwidth=\"640\" data-origheight=\"360\" src=\"https:\/\/www.youtube.com\/embed\/nlwnNv6SqfU?enablejsapi=1&#038;autoplay=0&#038;cc_load_policy=0&#038;cc_lang_pref=&#038;iv_load_policy=1&#038;loop=0&#038;rel=1&#038;fs=1&#038;playsinline=0&#038;autohide=2&#038;theme=dark&#038;color=red&#038;controls=1&#038;disablekb=0&#038;\" class=\"__youtube_prefs__  epyt-is-override  no-lazyload\" title=\"YouTube player\"  allow=\"fullscreen; accelerometer; autoplay; clipboard-write; encrypted-media; gyroscope; picture-in-picture; web-share\" referrerpolicy=\"strict-origin-when-cross-origin\" allowfullscreen data-no-lazy=\"1\" data-skipgform_ajax_framebjll=\"\"><\/iframe>\n<\/div><\/figure>\r\n\n<hr class=\"wp-block-separator has-css-opacity\"\/>\n","protected":false},"excerpt":{"rendered":"<p>Regie: Marija Kavtaradze, 2023\u00a0(LT\/ES\/D) Royal Theater, HeerlenDo 20.03.2025 (20.00 Uhr) (abgesagt)So 30.03.2025 (14.00 Uhr)Von 9,50 \u20ac Als sich die T\u00e4nzerin Elena und der Geb\u00e4rdensprachdolmetscher Dovydas begegnen, entsteht eine Verbindung, die sie f\u00fcr immer ver\u00e4ndern wird. Der Beginn ihrer Beziehung ist eine behutsame Suche nach einer ganz eigenen Art von Intimit\u00e4t, die eine Herausforderung f\u00fcr jedes Klischee birgt. W\u00e4hrend Elena die [&hellip;]<\/p>\n","protected":false},"author":1,"featured_media":0,"parent":0,"menu_order":0,"comment_status":"closed","ping_status":"closed","template":"","meta":{"_acf_changed":false,"footnotes":""},"class_list":["post-10286","page","type-page","status-publish","hentry"],"aioseo_notices":[],"acf":[],"jetpack_sharing_enabled":true,"_links":{"self":[{"href":"https:\/\/schrittmacherfestival.nl\/de\/wp-json\/wp\/v2\/pages\/10286","targetHints":{"allow":["GET"]}}],"collection":[{"href":"https:\/\/schrittmacherfestival.nl\/de\/wp-json\/wp\/v2\/pages"}],"about":[{"href":"https:\/\/schrittmacherfestival.nl\/de\/wp-json\/wp\/v2\/types\/page"}],"author":[{"embeddable":true,"href":"https:\/\/schrittmacherfestival.nl\/de\/wp-json\/wp\/v2\/users\/1"}],"replies":[{"embeddable":true,"href":"https:\/\/schrittmacherfestival.nl\/de\/wp-json\/wp\/v2\/comments?post=10286"}],"version-history":[{"count":4,"href":"https:\/\/schrittmacherfestival.nl\/de\/wp-json\/wp\/v2\/pages\/10286\/revisions"}],"predecessor-version":[{"id":11156,"href":"https:\/\/schrittmacherfestival.nl\/de\/wp-json\/wp\/v2\/pages\/10286\/revisions\/11156"}],"wp:attachment":[{"href":"https:\/\/schrittmacherfestival.nl\/de\/wp-json\/wp\/v2\/media?parent=10286"}],"curies":[{"name":"wp","href":"https:\/\/api.w.org\/{rel}","templated":true}]}}

<h1 class="wp-block-heading has-black-color has-text-color" id="hofesh-shechter-company-gbr"><strong>Regie: </strong>Marija Kavtaradze, 2023 <strong>(LT/ES/D)</strong></h1>

<p><strong>Royal Theater, Heerlen</strong><br/><strong><strong>Do 20.03.2025</strong></strong> (20.00 Uhr) <strong>(abgesagt)</strong><br/><strong><strong>So 30.03.2025</strong></strong> (14.00 Uhr)<br/><strong>Von 9,50 €</strong></p>

<figure class="wp-block-image alignwide size-full"><img data-recalc-dims="1" fetchpriority="high" decoding="async" width="640" height="267" src="https://i0.wp.com/schrittmacherfestival.nl/wp-content/uploads/2024/12/k-Slow-e1733561609783.webp?resize=640%2C267&#038;ssl=1" alt="" class="wp-image-10281" srcset="https://i0.wp.com/schrittmacherfestival.nl/wp-content/uploads/2024/12/k-Slow-e1733561609783.webp?w=1114&amp;ssl=1 1114w, https://i0.wp.com/schrittmacherfestival.nl/wp-content/uploads/2024/12/k-Slow-e1733561609783.webp?resize=300%2C125&amp;ssl=1 300w, https://i0.wp.com/schrittmacherfestival.nl/wp-content/uploads/2024/12/k-Slow-e1733561609783.webp?resize=1024%2C427&amp;ssl=1 1024w, https://i0.wp.com/schrittmacherfestival.nl/wp-content/uploads/2024/12/k-Slow-e1733561609783.webp?resize=768%2C320&amp;ssl=1 768w, https://i0.wp.com/schrittmacherfestival.nl/wp-content/uploads/2024/12/k-Slow-e1733561609783.webp?resize=31%2C13&amp;ssl=1 31w" sizes="(max-width: 640px) 100vw, 640px" /></figure>

<hr class="wp-block-separator has-css-opacity"/>

<p>Als sich die Tänzerin Elena und der Gebärdensprachdolmetscher Dovydas begegnen, entsteht eine Verbindung, die sie für immer verändern wird. Der Beginn ihrer Beziehung ist eine behutsame Suche nach einer ganz eigenen Art von Intimität, die eine Herausforderung für jedes Klischee birgt. Während Elena die Sinnlichkeit körperlich auslebt und sie intensiv erleben möchte, empfindet Dovydas viel, jedoch keine sexuelle Anziehungskraft. Trotz dieses Unterschieds setzen sowohl Elena als auch Dovydas ihre Körper als Schreibgeräte und ihre Bewegungen als Tinte ein, um sich mit der Welt um sie herum und miteinander zu verbinden. Mit diesem Film widersetzt sich Marija Kavtaradze den Erwartungen und einfachen Definitionen über Intimität und tut dies mit bemerkenswerter Behutsamkeit, Subtilität und mit Humor.</p>

<p>Drama / Liebesfilm<br/>Komponist: Irya Gmeyner, Martin Hederos<br/>Mit: Greta Grineviciute, Kestutis Cicenas, Pijus Ganusauskas<br/>108 min.<br/>FSK: 12</p>

<p>Englische Untertitel</p>

<hr class="wp-block-separator has-css-opacity"/>

<div class="wp-block-buttons is-horizontal is-content-justification-center is-layout-flex wp-container-core-buttons-is-layout-499968f5 wp-block-buttons-is-layout-flex">
<div class="wp-block-button"><a class="wp-block-button__link has-white-color has-black-background-color has-text-color has-background wp-element-button"><strong>abgesagt</strong></a></div>



<div class="wp-block-button"><a class="wp-block-button__link has-white-color has-black-background-color has-text-color has-background wp-element-button" href="https://www.plt.nl/bestel/12591" target="_blank" rel="noreferrer noopener"><strong>Tickets So 30.03 | 14.00 Uhr</strong></a></div>
</div>

<hr class="wp-block-separator has-css-opacity"/>

<figure class="wp-block-embed is-type-video is-provider-youtube wp-block-embed-youtube wp-embed-aspect-16-9 wp-has-aspect-ratio"><div class="wp-block-embed__wrapper">
<iframe  id="_ytid_22540"  width="640" height="360"  data-origwidth="640" data-origheight="360" src="https://www.youtube.com/embed/nlwnNv6SqfU?enablejsapi=1&#038;autoplay=0&#038;cc_load_policy=0&#038;cc_lang_pref=&#038;iv_load_policy=1&#038;loop=0&#038;rel=1&#038;fs=1&#038;playsinline=0&#038;autohide=2&#038;theme=dark&#038;color=red&#038;controls=1&#038;disablekb=0&#038;" class="__youtube_prefs__  epyt-is-override  no-lazyload" title="YouTube player"  allow="fullscreen; accelerometer; autoplay; clipboard-write; encrypted-media; gyroscope; picture-in-picture; web-share" referrerpolicy="strict-origin-when-cross-origin" allowfullscreen data-no-lazy="1" data-skipgform_ajax_framebjll=""></iframe>
</div></figure>

<hr class="wp-block-separator has-css-opacity"/>

<p>Regie: Marija Kavtaradze, 2023 (LT/ES/D) Royal Theater, HeerlenDo 20.03.2025 (20.00 Uhr) (abgesagt)So 30.03.2025 (14.00 Uhr)Von 9,50 € Als sich die Tänzerin Elena und der Gebärdensprachdolmetscher Dovydas begegnen, entsteht eine Verbindung, die sie für immer verändern wird. Der Beginn ihrer Beziehung ist eine behutsame Suche nach einer ganz eigenen Art von Intimität, die eine Herausforderung für jedes Klischee birgt. Während Elena die [&hellip;]</p>
