{"id":10343,"date":"2024-12-08T08:39:52","date_gmt":"2024-12-08T08:39:52","guid":{"rendered":"https:\/\/schrittmacherfestival.nl\/thematisches-programm-2\/"},"modified":"2024-12-08T08:55:02","modified_gmt":"2024-12-08T08:55:02","slug":"thematisches-programm-2","status":"publish","type":"page","link":"https:\/\/schrittmacherfestival.nl\/de\/thematisches-programm-2\/","title":{"rendered":"Thematisches Programm"},"content":{"rendered":"\n<h1 class=\"wp-block-heading has-black-color has-text-color\" id=\"hofesh-shechter-company-gbr\"><strong><strong>30 Jahre: Wie sich Tr\u00e4ume, Ziele und Taten ver\u00e4ndern<\/strong><\/strong><\/h1>\n\n<p><strong>Die Diskussionsrunden [eng] finden unmittelbar im Anschluss an die Vorstellung im Saal unter Leitung der Moderatorin Annette Embrechts statt.<\/strong><br\/><\/p>\n\n<figure class=\"wp-block-image alignwide size-large\"><img data-recalc-dims=\"1\" fetchpriority=\"high\" decoding=\"async\" width=\"640\" height=\"267\" src=\"https:\/\/i0.wp.com\/schrittmacherfestival.nl\/wp-content\/uploads\/2024\/12\/DSC_7022-scaled-e1733648032858-1024x427.webp?resize=640%2C267&#038;ssl=1\" alt=\"\" class=\"wp-image-10353\" srcset=\"https:\/\/i0.wp.com\/schrittmacherfestival.nl\/wp-content\/uploads\/2024\/12\/DSC_7022-scaled-e1733648032858.webp?resize=1024%2C427&amp;ssl=1 1024w, https:\/\/i0.wp.com\/schrittmacherfestival.nl\/wp-content\/uploads\/2024\/12\/DSC_7022-scaled-e1733648032858.webp?resize=300%2C125&amp;ssl=1 300w, https:\/\/i0.wp.com\/schrittmacherfestival.nl\/wp-content\/uploads\/2024\/12\/DSC_7022-scaled-e1733648032858.webp?resize=768%2C320&amp;ssl=1 768w, https:\/\/i0.wp.com\/schrittmacherfestival.nl\/wp-content\/uploads\/2024\/12\/DSC_7022-scaled-e1733648032858.webp?resize=31%2C13&amp;ssl=1 31w, https:\/\/i0.wp.com\/schrittmacherfestival.nl\/wp-content\/uploads\/2024\/12\/DSC_7022-scaled-e1733648032858.webp?w=1200&amp;ssl=1 1200w\" sizes=\"(max-width: 640px) 100vw, 640px\" \/><\/figure>\n\n<hr class=\"wp-block-separator has-css-opacity\"\/>\n\n<p>In unserem Programm konzentrieren wir uns in jeder Ausgabe auf ein aktuelles Thema im Tanz. Die 30. Ausgabe unseres Festivals feiern wir unter dem Titel \u201e30 Jahre: Wie sich Tr\u00e4ume, Ziele und Taten ver\u00e4ndern\u201c. Basierend auf der Arbeit bahnbrechender Tanzinnovatoren besch\u00e4ftigen wir uns mit der Frage: Wie kann man das Leben feiern, wenn der Boden unter den F\u00fc\u00dfen im Umbruch ist? schrit_tmacher vereint diese Werke in einem besonderen Programm, das anhand der Kraft des Tanzes die Schmerzpunkte und Potenziale der heutigen Zeit sichtbar macht. Dieses Programm setzt sich aus Einleitungen, <a href=\"https:\/\/schrittmacherfestival.nl\/de\/home\/online-2-2\/\" title=\"\">Videoportr\u00e4ts<\/a> und Nachgespr\u00e4chen mit Macher*innen und (Gast-)Referent*innen zusammen. <br\/><br\/>Das thematische Programm umfasst unter anderem:<\/p>\n\n<p><strong>Mi 12.03.2025<br\/><a href=\"https:\/\/schrittmacherfestival.nl\/de\/figures-in-extinction\/\" title=\"\">Figures in Extinction<\/a><\/strong><br\/>NDT 1 (NL\/CAN\/GB)<br\/><br\/><strong>Di 18.03.2025<br\/><a href=\"https:\/\/schrittmacherfestival.nl\/de\/universe-a-dark-crystal-odyssey\/\" title=\"\">UniVerse: A Dark Crystal Odyssey<\/a><\/strong><br\/>Company Wayne McGregor (GB)<br\/><br\/><strong>Mi 26.03.2025<\/strong><br\/><strong><a href=\"https:\/\/schrittmacherfestival.nl\/de\/zona-franca\/\" title=\"\">Zona Franca \u2013 Free Zone<\/a><\/strong><br\/>Alice Ripoll \/ Cie. Suave (BR)<br\/><br\/><strong>Mi 02.04.2025<br\/><a href=\"https:\/\/schrittmacherfestival.nl\/de\/before-we-say-goodbye\/\" title=\"\">Before we say goodbye<\/a><\/strong><br\/>B.Dance (ROC)<br\/><br\/><strong>Di 08.04.2025<br\/><a href=\"https:\/\/schrittmacherfestival.nl\/de\/enowate\/\" title=\"\">ENOWATE<\/a><\/strong><br\/>Dickson Mbi Company (GB)<br\/><br\/><strong>Mi 09.04.2025<br\/><a href=\"https:\/\/schrittmacherfestival.nl\/de\/garden-in-the-sky\/\" title=\"\">Garden in the Sky<\/a><\/strong><br\/>Saburo Teshigawara, Rihoko Sato &amp; Jonathan Roozeman (JPN\/FIN\/NL)<\/p>\n\n<hr class=\"wp-block-separator has-css-opacity\"\/>\n","protected":false},"excerpt":{"rendered":"<p>30 Jahre: Wie sich Tr\u00e4ume, Ziele und Taten ver\u00e4ndern Die Diskussionsrunden [eng] finden unmittelbar im Anschluss an die Vorstellung im Saal unter Leitung der Moderatorin Annette Embrechts statt. In unserem Programm konzentrieren wir uns in jeder Ausgabe auf ein aktuelles Thema im Tanz. Die 30. Ausgabe unseres Festivals feiern wir unter dem Titel \u201e30 Jahre: Wie sich Tr\u00e4ume, Ziele und [&hellip;]<\/p>\n","protected":false},"author":1,"featured_media":0,"parent":0,"menu_order":0,"comment_status":"closed","ping_status":"closed","template":"","meta":{"_acf_changed":false,"footnotes":""},"class_list":["post-10343","page","type-page","status-publish","hentry"],"aioseo_notices":[],"acf":[],"jetpack_sharing_enabled":true,"_links":{"self":[{"href":"https:\/\/schrittmacherfestival.nl\/de\/wp-json\/wp\/v2\/pages\/10343","targetHints":{"allow":["GET"]}}],"collection":[{"href":"https:\/\/schrittmacherfestival.nl\/de\/wp-json\/wp\/v2\/pages"}],"about":[{"href":"https:\/\/schrittmacherfestival.nl\/de\/wp-json\/wp\/v2\/types\/page"}],"author":[{"embeddable":true,"href":"https:\/\/schrittmacherfestival.nl\/de\/wp-json\/wp\/v2\/users\/1"}],"replies":[{"embeddable":true,"href":"https:\/\/schrittmacherfestival.nl\/de\/wp-json\/wp\/v2\/comments?post=10343"}],"version-history":[{"count":4,"href":"https:\/\/schrittmacherfestival.nl\/de\/wp-json\/wp\/v2\/pages\/10343\/revisions"}],"predecessor-version":[{"id":10356,"href":"https:\/\/schrittmacherfestival.nl\/de\/wp-json\/wp\/v2\/pages\/10343\/revisions\/10356"}],"wp:attachment":[{"href":"https:\/\/schrittmacherfestival.nl\/de\/wp-json\/wp\/v2\/media?parent=10343"}],"curies":[{"name":"wp","href":"https:\/\/api.w.org\/{rel}","templated":true}]}}

<h1 class="wp-block-heading has-black-color has-text-color" id="hofesh-shechter-company-gbr"><strong><strong>30 Jahre: Wie sich Träume, Ziele und Taten verändern</strong></strong></h1>

<p><strong>Die Diskussionsrunden [eng] finden unmittelbar im Anschluss an die Vorstellung im Saal unter Leitung der Moderatorin Annette Embrechts statt.</strong><br/></p>

<figure class="wp-block-image alignwide size-large"><img data-recalc-dims="1" fetchpriority="high" decoding="async" width="640" height="267" src="https://i0.wp.com/schrittmacherfestival.nl/wp-content/uploads/2024/12/DSC_7022-scaled-e1733648032858-1024x427.webp?resize=640%2C267&#038;ssl=1" alt="" class="wp-image-10353" srcset="https://i0.wp.com/schrittmacherfestival.nl/wp-content/uploads/2024/12/DSC_7022-scaled-e1733648032858.webp?resize=1024%2C427&amp;ssl=1 1024w, https://i0.wp.com/schrittmacherfestival.nl/wp-content/uploads/2024/12/DSC_7022-scaled-e1733648032858.webp?resize=300%2C125&amp;ssl=1 300w, https://i0.wp.com/schrittmacherfestival.nl/wp-content/uploads/2024/12/DSC_7022-scaled-e1733648032858.webp?resize=768%2C320&amp;ssl=1 768w, https://i0.wp.com/schrittmacherfestival.nl/wp-content/uploads/2024/12/DSC_7022-scaled-e1733648032858.webp?resize=31%2C13&amp;ssl=1 31w, https://i0.wp.com/schrittmacherfestival.nl/wp-content/uploads/2024/12/DSC_7022-scaled-e1733648032858.webp?w=1200&amp;ssl=1 1200w" sizes="(max-width: 640px) 100vw, 640px" /></figure>

<hr class="wp-block-separator has-css-opacity"/>

<p>In unserem Programm konzentrieren wir uns in jeder Ausgabe auf ein aktuelles Thema im Tanz. Die 30. Ausgabe unseres Festivals feiern wir unter dem Titel „30 Jahre: Wie sich Träume, Ziele und Taten verändern“. Basierend auf der Arbeit bahnbrechender Tanzinnovatoren beschäftigen wir uns mit der Frage: Wie kann man das Leben feiern, wenn der Boden unter den Füßen im Umbruch ist? schrit_tmacher vereint diese Werke in einem besonderen Programm, das anhand der Kraft des Tanzes die Schmerzpunkte und Potenziale der heutigen Zeit sichtbar macht. Dieses Programm setzt sich aus Einleitungen, <a href="https://schrittmacherfestival.nl/de/home/online-2-2/" title="">Videoporträts</a> und Nachgesprächen mit Macher*innen und (Gast-)Referent*innen zusammen. <br/><br/>Das thematische Programm umfasst unter anderem:</p>

<p><strong>Mi 12.03.2025<br/><a href="https://schrittmacherfestival.nl/de/figures-in-extinction/" title="">Figures in Extinction</a></strong><br/>NDT 1 (NL/CAN/GB)<br/><br/><strong>Di 18.03.2025<br/><a href="https://schrittmacherfestival.nl/de/universe-a-dark-crystal-odyssey/" title="">UniVerse: A Dark Crystal Odyssey</a></strong><br/>Company Wayne McGregor (GB)<br/><br/><strong>Mi 26.03.2025</strong><br/><strong><a href="https://schrittmacherfestival.nl/de/zona-franca/" title="">Zona Franca – Free Zone</a></strong><br/>Alice Ripoll / Cie. Suave (BR)<br/><br/><strong>Mi 02.04.2025<br/><a href="https://schrittmacherfestival.nl/de/before-we-say-goodbye/" title="">Before we say goodbye</a></strong><br/>B.Dance (ROC)<br/><br/><strong>Di 08.04.2025<br/><a href="https://schrittmacherfestival.nl/de/enowate/" title="">ENOWATE</a></strong><br/>Dickson Mbi Company (GB)<br/><br/><strong>Mi 09.04.2025<br/><a href="https://schrittmacherfestival.nl/de/garden-in-the-sky/" title="">Garden in the Sky</a></strong><br/>Saburo Teshigawara, Rihoko Sato &amp; Jonathan Roozeman (JPN/FIN/NL)</p>

<hr class="wp-block-separator has-css-opacity"/>

<p>30 Jahre: Wie sich Träume, Ziele und Taten verändern Die Diskussionsrunden [eng] finden unmittelbar im Anschluss an die Vorstellung im Saal unter Leitung der Moderatorin Annette Embrechts statt. In unserem Programm konzentrieren wir uns in jeder Ausgabe auf ein aktuelles Thema im Tanz. Die 30. Ausgabe unseres Festivals feiern wir unter dem Titel „30 Jahre: Wie sich Träume, Ziele und [&hellip;]</p>
