{"id":10370,"date":"2024-12-08T09:14:19","date_gmt":"2024-12-08T09:14:19","guid":{"rendered":"https:\/\/schrittmacherfestival.nl\/protalk-tanz-gesundheit\/"},"modified":"2024-12-16T10:52:19","modified_gmt":"2024-12-16T10:52:19","slug":"protalk-tanz-gesundheit","status":"publish","type":"page","link":"https:\/\/schrittmacherfestival.nl\/de\/protalk-tanz-gesundheit\/","title":{"rendered":"PROtalk Tanz &amp; Gesundheit"},"content":{"rendered":"\n<h1 class=\"wp-block-heading has-black-color has-text-color\" id=\"hofesh-shechter-company-gbr\"><strong>Annemarie Labinjo-van der Meulen en Andrew Peter Greenwood<\/strong><\/h1>\n\n<p><strong>Toon Hermans Huis Parkstad<\/strong><br\/><strong>Fr 04.04.2025<\/strong><br\/><strong>14.00 Uhr<\/strong><br\/><strong>Von 5,00 \u20ac<\/strong><\/p>\n\n<figure class=\"wp-block-image alignwide size-full\"><img data-recalc-dims=\"1\" fetchpriority=\"high\" decoding=\"async\" width=\"640\" height=\"262\" src=\"https:\/\/i0.wp.com\/schrittmacherfestival.nl\/wp-content\/uploads\/2024\/12\/k-PROtalk-dans-en-gezondheid-foto-Jean-Pierre-Geusens-e1733648925313.webp?resize=640%2C262&#038;ssl=1\" alt=\"\" class=\"wp-image-10367\" srcset=\"https:\/\/i0.wp.com\/schrittmacherfestival.nl\/wp-content\/uploads\/2024\/12\/k-PROtalk-dans-en-gezondheid-foto-Jean-Pierre-Geusens-e1733648925313.webp?w=762&amp;ssl=1 762w, https:\/\/i0.wp.com\/schrittmacherfestival.nl\/wp-content\/uploads\/2024\/12\/k-PROtalk-dans-en-gezondheid-foto-Jean-Pierre-Geusens-e1733648925313.webp?resize=300%2C123&amp;ssl=1 300w, https:\/\/i0.wp.com\/schrittmacherfestival.nl\/wp-content\/uploads\/2024\/12\/k-PROtalk-dans-en-gezondheid-foto-Jean-Pierre-Geusens-e1733648925313.webp?resize=31%2C13&amp;ssl=1 31w\" sizes=\"(max-width: 640px) 100vw, 640px\" \/><\/figure>\n\n<hr class=\"wp-block-separator has-css-opacity\"\/>\n\n<h2 class=\"wp-block-heading\">Im Rahmen des schrit_tmacher Programms f\u00fcr Profis<\/h2>\n\n<p>Wissenschaftliche Untersuchungen zeigen, dass Musik und Bewegung sehr wichtig f\u00fcr das menschliche Wohlbefinden sind. Auf der Grundlage dieser Erkenntnisse gr\u00fcndete der Choreograf und ehemalige Profit\u00e4nzer Andrew Peter Greenwood das Programm Switch2move, um das pers\u00f6nliche Wachstum in geistiger, k\u00f6rperlicher und sozialer Hinsicht zu f\u00f6rdern. Zusammen mit der Verhaltensanalytikerin und ehemaligen Scapino-T\u00e4nzerin Annemarie Labinjo-van der Meulen teilt er in diesem PROtalk sein Wissen und seine Erkenntnisse \u00fcber das Tanzen mit Menschen mit verschiedenen Krankheiten und Leiden.<\/p>\n\n<p>Dauer: ~ 90 min. ohne Pause<\/p>\n\n<p><strong>Fr 04.04. &#8211; So\u00a0 06.04.2025<\/strong><br\/><strong>Tanzkurs<\/strong><\/p>\n\n<hr class=\"wp-block-separator has-css-opacity\"\/>\n\n<div class=\"wp-block-buttons is-horizontal is-content-justification-center is-layout-flex wp-container-core-buttons-is-layout-499968f5 wp-block-buttons-is-layout-flex\">\n<div class=\"wp-block-button\"><a class=\"wp-block-button__link has-white-color has-black-background-color has-text-color has-background wp-element-button\" href=\"https:\/\/www.plt.nl\/bestel\/12586\" target=\"_blank\" rel=\"noreferrer noopener\"><strong>Tickets Fr<\/strong> <strong>04.04 | 14.00 Uhr<\/strong><\/a><\/div>\n<\/div>\n\n<hr class=\"wp-block-separator has-css-opacity\"\/>\n\n<p><\/p>\n","protected":false},"excerpt":{"rendered":"<p>Annemarie Labinjo-van der Meulen en Andrew Peter Greenwood Toon Hermans Huis ParkstadFr 04.04.202514.00 UhrVon 5,00 \u20ac Im Rahmen des schrit_tmacher Programms f\u00fcr Profis Wissenschaftliche Untersuchungen zeigen, dass Musik und Bewegung sehr wichtig f\u00fcr das menschliche Wohlbefinden sind. Auf der Grundlage dieser Erkenntnisse gr\u00fcndete der Choreograf und ehemalige Profit\u00e4nzer Andrew Peter Greenwood das Programm Switch2move, um das pers\u00f6nliche Wachstum in geistiger, [&hellip;]<\/p>\n","protected":false},"author":1,"featured_media":0,"parent":0,"menu_order":0,"comment_status":"closed","ping_status":"closed","template":"","meta":{"_acf_changed":false,"footnotes":""},"class_list":["post-10370","page","type-page","status-publish","hentry"],"aioseo_notices":[],"acf":[],"jetpack_sharing_enabled":true,"_links":{"self":[{"href":"https:\/\/schrittmacherfestival.nl\/de\/wp-json\/wp\/v2\/pages\/10370","targetHints":{"allow":["GET"]}}],"collection":[{"href":"https:\/\/schrittmacherfestival.nl\/de\/wp-json\/wp\/v2\/pages"}],"about":[{"href":"https:\/\/schrittmacherfestival.nl\/de\/wp-json\/wp\/v2\/types\/page"}],"author":[{"embeddable":true,"href":"https:\/\/schrittmacherfestival.nl\/de\/wp-json\/wp\/v2\/users\/1"}],"replies":[{"embeddable":true,"href":"https:\/\/schrittmacherfestival.nl\/de\/wp-json\/wp\/v2\/comments?post=10370"}],"version-history":[{"count":2,"href":"https:\/\/schrittmacherfestival.nl\/de\/wp-json\/wp\/v2\/pages\/10370\/revisions"}],"predecessor-version":[{"id":10890,"href":"https:\/\/schrittmacherfestival.nl\/de\/wp-json\/wp\/v2\/pages\/10370\/revisions\/10890"}],"wp:attachment":[{"href":"https:\/\/schrittmacherfestival.nl\/de\/wp-json\/wp\/v2\/media?parent=10370"}],"curies":[{"name":"wp","href":"https:\/\/api.w.org\/{rel}","templated":true}]}}

<h1 class="wp-block-heading has-black-color has-text-color" id="hofesh-shechter-company-gbr"><strong>Annemarie Labinjo-van der Meulen en Andrew Peter Greenwood</strong></h1>

<p><strong>Toon Hermans Huis Parkstad</strong><br/><strong>Fr 04.04.2025</strong><br/><strong>14.00 Uhr</strong><br/><strong>Von 5,00 €</strong></p>

<figure class="wp-block-image alignwide size-full"><img data-recalc-dims="1" fetchpriority="high" decoding="async" width="640" height="262" src="https://i0.wp.com/schrittmacherfestival.nl/wp-content/uploads/2024/12/k-PROtalk-dans-en-gezondheid-foto-Jean-Pierre-Geusens-e1733648925313.webp?resize=640%2C262&#038;ssl=1" alt="" class="wp-image-10367" srcset="https://i0.wp.com/schrittmacherfestival.nl/wp-content/uploads/2024/12/k-PROtalk-dans-en-gezondheid-foto-Jean-Pierre-Geusens-e1733648925313.webp?w=762&amp;ssl=1 762w, https://i0.wp.com/schrittmacherfestival.nl/wp-content/uploads/2024/12/k-PROtalk-dans-en-gezondheid-foto-Jean-Pierre-Geusens-e1733648925313.webp?resize=300%2C123&amp;ssl=1 300w, https://i0.wp.com/schrittmacherfestival.nl/wp-content/uploads/2024/12/k-PROtalk-dans-en-gezondheid-foto-Jean-Pierre-Geusens-e1733648925313.webp?resize=31%2C13&amp;ssl=1 31w" sizes="(max-width: 640px) 100vw, 640px" /></figure>

<hr class="wp-block-separator has-css-opacity"/>

<h2 class="wp-block-heading">Im Rahmen des schrit_tmacher Programms für Profis</h2>

<p>Wissenschaftliche Untersuchungen zeigen, dass Musik und Bewegung sehr wichtig für das menschliche Wohlbefinden sind. Auf der Grundlage dieser Erkenntnisse gründete der Choreograf und ehemalige Profitänzer Andrew Peter Greenwood das Programm Switch2move, um das persönliche Wachstum in geistiger, körperlicher und sozialer Hinsicht zu fördern. Zusammen mit der Verhaltensanalytikerin und ehemaligen Scapino-Tänzerin Annemarie Labinjo-van der Meulen teilt er in diesem PROtalk sein Wissen und seine Erkenntnisse über das Tanzen mit Menschen mit verschiedenen Krankheiten und Leiden.</p>

<p>Dauer: ~ 90 min. ohne Pause</p>

<p><strong>Fr 04.04. &#8211; So  06.04.2025</strong><br/><strong>Tanzkurs</strong></p>

<hr class="wp-block-separator has-css-opacity"/>

<div class="wp-block-buttons is-horizontal is-content-justification-center is-layout-flex wp-container-core-buttons-is-layout-499968f5 wp-block-buttons-is-layout-flex">
<div class="wp-block-button"><a class="wp-block-button__link has-white-color has-black-background-color has-text-color has-background wp-element-button" href="https://www.plt.nl/bestel/12586" target="_blank" rel="noreferrer noopener"><strong>Tickets Fr</strong> <strong>04.04 | 14.00 Uhr</strong></a></div>
</div>

<hr class="wp-block-separator has-css-opacity"/>

<p></p>

<p>Annemarie Labinjo-van der Meulen en Andrew Peter Greenwood Toon Hermans Huis ParkstadFr 04.04.202514.00 UhrVon 5,00 € Im Rahmen des schrit_tmacher Programms für Profis Wissenschaftliche Untersuchungen zeigen, dass Musik und Bewegung sehr wichtig für das menschliche Wohlbefinden sind. Auf der Grundlage dieser Erkenntnisse gründete der Choreograf und ehemalige Profitänzer Andrew Peter Greenwood das Programm Switch2move, um das persönliche Wachstum in geistiger, [&hellip;]</p>
