{"id":10423,"date":"2024-12-08T10:55:40","date_gmt":"2024-12-08T10:55:40","guid":{"rendered":"https:\/\/schrittmacherfestival.nl\/protalk-prikkels\/"},"modified":"2025-03-31T08:31:08","modified_gmt":"2025-03-31T08:31:08","slug":"protalk-prikkels","status":"publish","type":"page","link":"https:\/\/schrittmacherfestival.nl\/de\/protalk-prikkels\/","title":{"rendered":"PROtalk: Prikkels"},"content":{"rendered":"\n<h1 class=\"wp-block-heading has-black-color has-text-color\" id=\"hofesh-shechter-company-gbr\"><strong><strong>Schweigman&amp;<\/strong><\/strong><\/h1>\n\n<p><strong>SCHUNCK Glaspaleis, Heerlen<\/strong><br\/><strong>Fr 11.04.2025<\/strong><br\/><strong>14.00 Uhr<\/strong><br\/><strong>Von 5,00 \u20ac<\/strong><\/p>\n\n<figure class=\"wp-block-image alignwide size-full\"><img data-recalc-dims=\"1\" fetchpriority=\"high\" decoding=\"async\" width=\"640\" height=\"267\" src=\"https:\/\/i0.wp.com\/schrittmacherfestival.nl\/wp-content\/uploads\/2024\/12\/Kopie-van-2024_08_05_PRIKKELTALK__KarinJonkers001-e1733655121445.webp?resize=640%2C267&#038;ssl=1\" alt=\"\" class=\"wp-image-10420\" srcset=\"https:\/\/i0.wp.com\/schrittmacherfestival.nl\/wp-content\/uploads\/2024\/12\/Kopie-van-2024_08_05_PRIKKELTALK__KarinJonkers001-e1733655121445.webp?w=1200&amp;ssl=1 1200w, https:\/\/i0.wp.com\/schrittmacherfestival.nl\/wp-content\/uploads\/2024\/12\/Kopie-van-2024_08_05_PRIKKELTALK__KarinJonkers001-e1733655121445.webp?resize=300%2C125&amp;ssl=1 300w, https:\/\/i0.wp.com\/schrittmacherfestival.nl\/wp-content\/uploads\/2024\/12\/Kopie-van-2024_08_05_PRIKKELTALK__KarinJonkers001-e1733655121445.webp?resize=1024%2C427&amp;ssl=1 1024w, https:\/\/i0.wp.com\/schrittmacherfestival.nl\/wp-content\/uploads\/2024\/12\/Kopie-van-2024_08_05_PRIKKELTALK__KarinJonkers001-e1733655121445.webp?resize=768%2C320&amp;ssl=1 768w, https:\/\/i0.wp.com\/schrittmacherfestival.nl\/wp-content\/uploads\/2024\/12\/Kopie-van-2024_08_05_PRIKKELTALK__KarinJonkers001-e1733655121445.webp?resize=31%2C13&amp;ssl=1 31w\" sizes=\"(max-width: 640px) 100vw, 640px\" \/><\/figure>\n\n<hr class=\"wp-block-separator has-css-opacity\"\/>\n\n<h2 class=\"wp-block-heading\">Im Rahmen des schrit_tmacher Programms f\u00fcr Profis<\/h2>\n\n<p>Rund um die Installation \u201eInside Out\u201c veranstalten wir einen tiefgehenden Reiz-Talk. \u201eF\u00fcr sehr viele Menschen ist das Thema Reizverarbeitung etwas Pers\u00f6nliches, mit dem sie t\u00e4glich fertig werden m\u00fcssen, vor allem jedoch ist es ein soziales Thema.\u201c Boukje Schweigman. Die Art und Weise, wie Gehirn und K\u00f6rper Reize verarbeiten, ist von Person zu Person unterschiedlich. Warum ist das so und warum sind so viele Menschen heutzutage \u00fcberreizt? <\/p>\n\n<p>Schweigman&amp; f\u00fchrt Sie durch die Hintergr\u00fcnde, Zusammenh\u00e4nge und Theorien rund um Sinneswahrnehmung, Reizverarbeitung und Neurodiversit\u00e4t. Dar\u00fcber hinaus nehmen die folgenden (Erfahrungs-)Experten am &#8218;Prikkeltalk&#8216; teil: <\/p>\n\n<p><strong>Marilien Marzolla<\/strong> forscht zur sensorischen Reizverarbeitung bei Menschen mit (und ohne) Hirnverletzung. F\u00fcr das Expertisecentrum Hersenletsel Limburg und die Universit\u00e4t Maastricht untersucht sie, was zu viele Reize mit einem Menschen machen.<\/p>\n\n<p> Marilien sagt: \u201eMenschen, die unter Reiz\u00fcberflutung leiden, vermeiden zunehmend (soziale) Aktivit\u00e4ten. Ich hoffe, dass wir mit der zunehmenden Menge an Forschung und Informationen \u00fcber Reiz\u00fcberflutung bessere M\u00f6glichkeiten schaffen k\u00f6nnen. Aber sicherlich auch, dass es mehr Anerkennung und Verst\u00e4ndnis f\u00fcr Menschen gibt, die damit zu k\u00e4mpfen haben. Eben weil es nicht sichtbar ist.\u201c<\/p>\n\n<p><strong>Aline Barbou<\/strong> erz\u00e4hlt ihre pers\u00f6nliche Geschichte der Reiz\u00fcberflutung. Aline studierte an der Tanzakademie in Amsterdam und arbeitete danach jahrelang als T\u00e4nzerin, Tanzberaterin, Choreografin und Lehrerin. Bis sie vor zehn Jahren einen schweren Burnout erlitt. <\/p>\n\n<p>Alines Weg zur Genesung war lang und holprig. Schlie\u00dflich spielten Tanz und Bewegung eine wichtige Rolle in ihrem Heilungsprozess. Jetzt coacht sie auch andere, um mehr in Kontakt mit ihrem K\u00f6rper und ihren Gef\u00fchlen zu kommen.<\/p>\n\n<p>Der &#8218;Prikkeltalk&#8216; ist eine einzigartige Gelegenheit, Wissen und Erfahrungen auszutauschen.<\/p>\n\n<p>In Zusammenarbeit mit dem Huis voor de Kunsten Limburg.<\/p>\n\n<p>Dauer: ~ 90 min. ohne Pause<\/p>\n\n<p><strong><a href=\"https:\/\/schrittmacherfestival.nl\/de\/binnenste-buiten\/\" title=\"\">Binnenste Buiten<\/a><\/strong><br\/>Toon Hermans Huis Parkstad<br\/>Fr 11.04.2025 + Sa 12.04.2025<br\/>Verschiedene Zeiten<\/p>\n\n<hr class=\"wp-block-separator has-css-opacity\"\/>\n\n<div class=\"wp-block-buttons is-horizontal is-content-justification-center is-layout-flex wp-container-core-buttons-is-layout-499968f5 wp-block-buttons-is-layout-flex\">\n<div class=\"wp-block-button\"><a class=\"wp-block-button__link has-white-color has-black-background-color has-text-color has-background wp-element-button\" href=\"https:\/\/www.plt.nl\/bestel\/12588\" target=\"_blank\" rel=\"noreferrer noopener\"><strong>Tickets Fr 11.04 | 14.00 Uhr<\/strong><\/a><\/div>\n<\/div>\n\n<hr class=\"wp-block-separator has-css-opacity\"\/>\n\n<figure class=\"wp-block-gallery has-nested-images columns-default is-cropped wp-block-gallery-1 is-layout-flex wp-block-gallery-is-layout-flex\">\n<figure class=\"wp-block-image size-full\"><img data-recalc-dims=\"1\" decoding=\"async\" width=\"537\" height=\"480\" data-id=\"11213\" src=\"https:\/\/i0.wp.com\/schrittmacherfestival.nl\/wp-content\/uploads\/2025\/03\/Marilien-Marzolla-promotie_2_horizontal.jpeg?resize=537%2C480&#038;ssl=1\" alt=\"\" class=\"wp-image-11213\" srcset=\"https:\/\/i0.wp.com\/schrittmacherfestival.nl\/wp-content\/uploads\/2025\/03\/Marilien-Marzolla-promotie_2_horizontal.jpeg?w=537&amp;ssl=1 537w, https:\/\/i0.wp.com\/schrittmacherfestival.nl\/wp-content\/uploads\/2025\/03\/Marilien-Marzolla-promotie_2_horizontal.jpeg?resize=300%2C268&amp;ssl=1 300w, https:\/\/i0.wp.com\/schrittmacherfestival.nl\/wp-content\/uploads\/2025\/03\/Marilien-Marzolla-promotie_2_horizontal.jpeg?resize=31%2C27&amp;ssl=1 31w\" sizes=\"(max-width: 537px) 100vw, 537px\" \/><\/figure>\n\n\n\n<figure class=\"wp-block-image size-full\"><img data-recalc-dims=\"1\" decoding=\"async\" width=\"640\" height=\"431\" data-id=\"11215\" src=\"https:\/\/i0.wp.com\/schrittmacherfestival.nl\/wp-content\/uploads\/2025\/03\/IMG_8362_Aline-Barbouw_Prikkeltalk.jpeg?resize=640%2C431&#038;ssl=1\" alt=\"\" class=\"wp-image-11215\" srcset=\"https:\/\/i0.wp.com\/schrittmacherfestival.nl\/wp-content\/uploads\/2025\/03\/IMG_8362_Aline-Barbouw_Prikkeltalk.jpeg?w=1134&amp;ssl=1 1134w, https:\/\/i0.wp.com\/schrittmacherfestival.nl\/wp-content\/uploads\/2025\/03\/IMG_8362_Aline-Barbouw_Prikkeltalk.jpeg?resize=300%2C202&amp;ssl=1 300w, https:\/\/i0.wp.com\/schrittmacherfestival.nl\/wp-content\/uploads\/2025\/03\/IMG_8362_Aline-Barbouw_Prikkeltalk.jpeg?resize=1024%2C690&amp;ssl=1 1024w, https:\/\/i0.wp.com\/schrittmacherfestival.nl\/wp-content\/uploads\/2025\/03\/IMG_8362_Aline-Barbouw_Prikkeltalk.jpeg?resize=768%2C517&amp;ssl=1 768w, https:\/\/i0.wp.com\/schrittmacherfestival.nl\/wp-content\/uploads\/2025\/03\/IMG_8362_Aline-Barbouw_Prikkeltalk.jpeg?resize=31%2C21&amp;ssl=1 31w\" sizes=\"(max-width: 640px) 100vw, 640px\" \/><\/figure>\n<\/figure>\n\n<hr class=\"wp-block-separator has-css-opacity\"\/>\n\n<p><\/p>\n","protected":false},"excerpt":{"rendered":"<p>Schweigman&amp; SCHUNCK Glaspaleis, HeerlenFr 11.04.202514.00 UhrVon 5,00 \u20ac Im Rahmen des schrit_tmacher Programms f\u00fcr Profis Rund um die Installation \u201eInside Out\u201c veranstalten wir einen tiefgehenden Reiz-Talk. \u201eF\u00fcr sehr viele Menschen ist das Thema Reizverarbeitung etwas Pers\u00f6nliches, mit dem sie t\u00e4glich fertig werden m\u00fcssen, vor allem jedoch ist es ein soziales Thema.\u201c Boukje Schweigman. Die Art und Weise, wie Gehirn und [&hellip;]<\/p>\n","protected":false},"author":1,"featured_media":0,"parent":0,"menu_order":0,"comment_status":"closed","ping_status":"closed","template":"","meta":{"_acf_changed":false,"footnotes":""},"class_list":["post-10423","page","type-page","status-publish","hentry"],"aioseo_notices":[],"acf":[],"jetpack_sharing_enabled":true,"_links":{"self":[{"href":"https:\/\/schrittmacherfestival.nl\/de\/wp-json\/wp\/v2\/pages\/10423","targetHints":{"allow":["GET"]}}],"collection":[{"href":"https:\/\/schrittmacherfestival.nl\/de\/wp-json\/wp\/v2\/pages"}],"about":[{"href":"https:\/\/schrittmacherfestival.nl\/de\/wp-json\/wp\/v2\/types\/page"}],"author":[{"embeddable":true,"href":"https:\/\/schrittmacherfestival.nl\/de\/wp-json\/wp\/v2\/users\/1"}],"replies":[{"embeddable":true,"href":"https:\/\/schrittmacherfestival.nl\/de\/wp-json\/wp\/v2\/comments?post=10423"}],"version-history":[{"count":10,"href":"https:\/\/schrittmacherfestival.nl\/de\/wp-json\/wp\/v2\/pages\/10423\/revisions"}],"predecessor-version":[{"id":11239,"href":"https:\/\/schrittmacherfestival.nl\/de\/wp-json\/wp\/v2\/pages\/10423\/revisions\/11239"}],"wp:attachment":[{"href":"https:\/\/schrittmacherfestival.nl\/de\/wp-json\/wp\/v2\/media?parent=10423"}],"curies":[{"name":"wp","href":"https:\/\/api.w.org\/{rel}","templated":true}]}}

<h1 class="wp-block-heading has-black-color has-text-color" id="hofesh-shechter-company-gbr"><strong><strong>Schweigman&amp;</strong></strong></h1>

<p><strong>SCHUNCK Glaspaleis, Heerlen</strong><br/><strong>Fr 11.04.2025</strong><br/><strong>14.00 Uhr</strong><br/><strong>Von 5,00 €</strong></p>

<figure class="wp-block-image alignwide size-full"><img data-recalc-dims="1" fetchpriority="high" decoding="async" width="640" height="267" src="https://i0.wp.com/schrittmacherfestival.nl/wp-content/uploads/2024/12/Kopie-van-2024_08_05_PRIKKELTALK__KarinJonkers001-e1733655121445.webp?resize=640%2C267&#038;ssl=1" alt="" class="wp-image-10420" srcset="https://i0.wp.com/schrittmacherfestival.nl/wp-content/uploads/2024/12/Kopie-van-2024_08_05_PRIKKELTALK__KarinJonkers001-e1733655121445.webp?w=1200&amp;ssl=1 1200w, https://i0.wp.com/schrittmacherfestival.nl/wp-content/uploads/2024/12/Kopie-van-2024_08_05_PRIKKELTALK__KarinJonkers001-e1733655121445.webp?resize=300%2C125&amp;ssl=1 300w, https://i0.wp.com/schrittmacherfestival.nl/wp-content/uploads/2024/12/Kopie-van-2024_08_05_PRIKKELTALK__KarinJonkers001-e1733655121445.webp?resize=1024%2C427&amp;ssl=1 1024w, https://i0.wp.com/schrittmacherfestival.nl/wp-content/uploads/2024/12/Kopie-van-2024_08_05_PRIKKELTALK__KarinJonkers001-e1733655121445.webp?resize=768%2C320&amp;ssl=1 768w, https://i0.wp.com/schrittmacherfestival.nl/wp-content/uploads/2024/12/Kopie-van-2024_08_05_PRIKKELTALK__KarinJonkers001-e1733655121445.webp?resize=31%2C13&amp;ssl=1 31w" sizes="(max-width: 640px) 100vw, 640px" /></figure>

<hr class="wp-block-separator has-css-opacity"/>

<h2 class="wp-block-heading">Im Rahmen des schrit_tmacher Programms für Profis</h2>

<p>Rund um die Installation „Inside Out“ veranstalten wir einen tiefgehenden Reiz-Talk. „Für sehr viele Menschen ist das Thema Reizverarbeitung etwas Persönliches, mit dem sie täglich fertig werden müssen, vor allem jedoch ist es ein soziales Thema.“ Boukje Schweigman. Die Art und Weise, wie Gehirn und Körper Reize verarbeiten, ist von Person zu Person unterschiedlich. Warum ist das so und warum sind so viele Menschen heutzutage überreizt? </p>

<p>Schweigman&amp; führt Sie durch die Hintergründe, Zusammenhänge und Theorien rund um Sinneswahrnehmung, Reizverarbeitung und Neurodiversität. Darüber hinaus nehmen die folgenden (Erfahrungs-)Experten am &#8218;Prikkeltalk&#8216; teil: </p>

<p><strong>Marilien Marzolla</strong> forscht zur sensorischen Reizverarbeitung bei Menschen mit (und ohne) Hirnverletzung. Für das Expertisecentrum Hersenletsel Limburg und die Universität Maastricht untersucht sie, was zu viele Reize mit einem Menschen machen.</p>

<p> Marilien sagt: „Menschen, die unter Reizüberflutung leiden, vermeiden zunehmend (soziale) Aktivitäten. Ich hoffe, dass wir mit der zunehmenden Menge an Forschung und Informationen über Reizüberflutung bessere Möglichkeiten schaffen können. Aber sicherlich auch, dass es mehr Anerkennung und Verständnis für Menschen gibt, die damit zu kämpfen haben. Eben weil es nicht sichtbar ist.“</p>

<p><strong>Aline Barbou</strong> erzählt ihre persönliche Geschichte der Reizüberflutung. Aline studierte an der Tanzakademie in Amsterdam und arbeitete danach jahrelang als Tänzerin, Tanzberaterin, Choreografin und Lehrerin. Bis sie vor zehn Jahren einen schweren Burnout erlitt. </p>

<p>Alines Weg zur Genesung war lang und holprig. Schließlich spielten Tanz und Bewegung eine wichtige Rolle in ihrem Heilungsprozess. Jetzt coacht sie auch andere, um mehr in Kontakt mit ihrem Körper und ihren Gefühlen zu kommen.</p>

<p>Der &#8218;Prikkeltalk&#8216; ist eine einzigartige Gelegenheit, Wissen und Erfahrungen auszutauschen.</p>

<p>In Zusammenarbeit mit dem Huis voor de Kunsten Limburg.</p>

<p>Dauer: ~ 90 min. ohne Pause</p>

<p><strong><a href="https://schrittmacherfestival.nl/de/binnenste-buiten/" title="">Binnenste Buiten</a></strong><br/>Toon Hermans Huis Parkstad<br/>Fr 11.04.2025 + Sa 12.04.2025<br/>Verschiedene Zeiten</p>

<hr class="wp-block-separator has-css-opacity"/>

<div class="wp-block-buttons is-horizontal is-content-justification-center is-layout-flex wp-container-core-buttons-is-layout-499968f5 wp-block-buttons-is-layout-flex">
<div class="wp-block-button"><a class="wp-block-button__link has-white-color has-black-background-color has-text-color has-background wp-element-button" href="https://www.plt.nl/bestel/12588" target="_blank" rel="noreferrer noopener"><strong>Tickets Fr 11.04 | 14.00 Uhr</strong></a></div>
</div>

<hr class="wp-block-separator has-css-opacity"/>

<figure class="wp-block-gallery has-nested-images columns-default is-cropped wp-block-gallery-1 is-layout-flex wp-block-gallery-is-layout-flex">
<figure class="wp-block-image size-full"><img data-recalc-dims="1" decoding="async" width="537" height="480" data-id="11213" src="https://i0.wp.com/schrittmacherfestival.nl/wp-content/uploads/2025/03/Marilien-Marzolla-promotie_2_horizontal.jpeg?resize=537%2C480&#038;ssl=1" alt="" class="wp-image-11213" srcset="https://i0.wp.com/schrittmacherfestival.nl/wp-content/uploads/2025/03/Marilien-Marzolla-promotie_2_horizontal.jpeg?w=537&amp;ssl=1 537w, https://i0.wp.com/schrittmacherfestival.nl/wp-content/uploads/2025/03/Marilien-Marzolla-promotie_2_horizontal.jpeg?resize=300%2C268&amp;ssl=1 300w, https://i0.wp.com/schrittmacherfestival.nl/wp-content/uploads/2025/03/Marilien-Marzolla-promotie_2_horizontal.jpeg?resize=31%2C27&amp;ssl=1 31w" sizes="(max-width: 537px) 100vw, 537px" /></figure>



<figure class="wp-block-image size-full"><img data-recalc-dims="1" decoding="async" width="640" height="431" data-id="11215" src="https://i0.wp.com/schrittmacherfestival.nl/wp-content/uploads/2025/03/IMG_8362_Aline-Barbouw_Prikkeltalk.jpeg?resize=640%2C431&#038;ssl=1" alt="" class="wp-image-11215" srcset="https://i0.wp.com/schrittmacherfestival.nl/wp-content/uploads/2025/03/IMG_8362_Aline-Barbouw_Prikkeltalk.jpeg?w=1134&amp;ssl=1 1134w, https://i0.wp.com/schrittmacherfestival.nl/wp-content/uploads/2025/03/IMG_8362_Aline-Barbouw_Prikkeltalk.jpeg?resize=300%2C202&amp;ssl=1 300w, https://i0.wp.com/schrittmacherfestival.nl/wp-content/uploads/2025/03/IMG_8362_Aline-Barbouw_Prikkeltalk.jpeg?resize=1024%2C690&amp;ssl=1 1024w, https://i0.wp.com/schrittmacherfestival.nl/wp-content/uploads/2025/03/IMG_8362_Aline-Barbouw_Prikkeltalk.jpeg?resize=768%2C517&amp;ssl=1 768w, https://i0.wp.com/schrittmacherfestival.nl/wp-content/uploads/2025/03/IMG_8362_Aline-Barbouw_Prikkeltalk.jpeg?resize=31%2C21&amp;ssl=1 31w" sizes="(max-width: 640px) 100vw, 640px" /></figure>
</figure>

<hr class="wp-block-separator has-css-opacity"/>

<p></p>

<p>Schweigman&amp; SCHUNCK Glaspaleis, HeerlenFr 11.04.202514.00 UhrVon 5,00 € Im Rahmen des schrit_tmacher Programms für Profis Rund um die Installation „Inside Out“ veranstalten wir einen tiefgehenden Reiz-Talk. „Für sehr viele Menschen ist das Thema Reizverarbeitung etwas Persönliches, mit dem sie täglich fertig werden müssen, vor allem jedoch ist es ein soziales Thema.“ Boukje Schweigman. Die Art und Weise, wie Gehirn und [&hellip;]</p>
