{"id":10440,"date":"2024-12-08T11:59:33","date_gmt":"2024-12-08T11:59:33","guid":{"rendered":"https:\/\/schrittmacherfestival.nl\/talks-2025\/"},"modified":"2025-03-20T14:51:14","modified_gmt":"2025-03-20T14:51:14","slug":"talks-2025","status":"publish","type":"page","link":"https:\/\/schrittmacherfestival.nl\/de\/talks-2025\/","title":{"rendered":"Talks"},"content":{"rendered":"\n<hr class=\"wp-block-separator has-css-opacity\"\/>\n\n<h1 class=\"wp-block-heading\" id=\"voorstellingen\">Lectures \/ Talks<\/h1>\n\n<div class=\"wp-block-columns is-layout-flex wp-container-core-columns-is-layout-9d6595d7 wp-block-columns-is-layout-flex\">\n<div class=\"wp-block-column is-layout-flow wp-block-column-is-layout-flow\">\n<figure class=\"wp-block-image size-large\"><a href=\"https:\/\/schrittmacherfestival.nl\/de\/thematisches-programm-2\/\"><img data-recalc-dims=\"1\" fetchpriority=\"high\" decoding=\"async\" width=\"640\" height=\"267\" src=\"https:\/\/i0.wp.com\/schrittmacherfestival.nl\/wp-content\/uploads\/2024\/12\/DSC_7022-scaled-e1733648032858-1024x427.webp?resize=640%2C267&#038;ssl=1\" alt=\"\" class=\"wp-image-10353\" srcset=\"https:\/\/i0.wp.com\/schrittmacherfestival.nl\/wp-content\/uploads\/2024\/12\/DSC_7022-scaled-e1733648032858.webp?resize=1024%2C427&amp;ssl=1 1024w, https:\/\/i0.wp.com\/schrittmacherfestival.nl\/wp-content\/uploads\/2024\/12\/DSC_7022-scaled-e1733648032858.webp?resize=300%2C125&amp;ssl=1 300w, https:\/\/i0.wp.com\/schrittmacherfestival.nl\/wp-content\/uploads\/2024\/12\/DSC_7022-scaled-e1733648032858.webp?resize=768%2C320&amp;ssl=1 768w, https:\/\/i0.wp.com\/schrittmacherfestival.nl\/wp-content\/uploads\/2024\/12\/DSC_7022-scaled-e1733648032858.webp?resize=31%2C13&amp;ssl=1 31w, https:\/\/i0.wp.com\/schrittmacherfestival.nl\/wp-content\/uploads\/2024\/12\/DSC_7022-scaled-e1733648032858.webp?w=1200&amp;ssl=1 1200w\" sizes=\"(max-width: 640px) 100vw, 640px\" \/><\/a><\/figure>\n\n\n\n<h4 class=\"wp-block-heading\" id=\"hofesh-shechter-company-gbr\">Thematisches Programm<br\/><br\/><\/h4>\n\n\n\n<h4 class=\"wp-block-heading\" id=\"double-murder\"><a href=\"https:\/\/schrittmacherfestival.nl\/de\/thematisches-programm-2\/\" title=\"\"><strong>Nachgespr\u00e4chen (ENG)<\/strong><\/a><br\/><\/h4>\n\n\n\n<p><br\/><br\/>Mi 12.03.2025 &#8211; Mi<strong> <\/strong>09.04.2025<\/p>\n<\/div>\n\n\n\n<div class=\"wp-block-column is-layout-flow wp-block-column-is-layout-flow\">\n<figure class=\"wp-block-image size-full\"><a href=\"https:\/\/schrittmacherfestival.nl\/de\/online-2\/\"><img data-recalc-dims=\"1\" decoding=\"async\" width=\"640\" height=\"262\" src=\"https:\/\/i0.wp.com\/schrittmacherfestival.nl\/wp-content\/uploads\/2024\/12\/k-annette-embrechts_foto-Sanne-Linssen-5-kopieren-e1733650680911-1.webp?resize=640%2C262&#038;ssl=1\" alt=\"\" class=\"wp-image-10390\" srcset=\"https:\/\/i0.wp.com\/schrittmacherfestival.nl\/wp-content\/uploads\/2024\/12\/k-annette-embrechts_foto-Sanne-Linssen-5-kopieren-e1733650680911-1.webp?w=827&amp;ssl=1 827w, https:\/\/i0.wp.com\/schrittmacherfestival.nl\/wp-content\/uploads\/2024\/12\/k-annette-embrechts_foto-Sanne-Linssen-5-kopieren-e1733650680911-1.webp?resize=300%2C123&amp;ssl=1 300w, https:\/\/i0.wp.com\/schrittmacherfestival.nl\/wp-content\/uploads\/2024\/12\/k-annette-embrechts_foto-Sanne-Linssen-5-kopieren-e1733650680911-1.webp?resize=768%2C314&amp;ssl=1 768w, https:\/\/i0.wp.com\/schrittmacherfestival.nl\/wp-content\/uploads\/2024\/12\/k-annette-embrechts_foto-Sanne-Linssen-5-kopieren-e1733650680911-1.webp?resize=825%2C338&amp;ssl=1 825w, https:\/\/i0.wp.com\/schrittmacherfestival.nl\/wp-content\/uploads\/2024\/12\/k-annette-embrechts_foto-Sanne-Linssen-5-kopieren-e1733650680911-1.webp?resize=31%2C13&amp;ssl=1 31w\" sizes=\"(max-width: 640px) 100vw, 640px\" \/><\/a><\/figure>\n\n\n\n<h4 class=\"wp-block-heading\" id=\"hofesh-shechter-company-gbr\">Videoportr\u00e4ts<br\/><br\/><\/h4>\n\n\n\n<h4 class=\"wp-block-heading\" id=\"double-murder\"><a href=\"https:\/\/schrittmacherfestival.nl\/de\/online-2\/\" title=\"\"><strong>Annette Embrechts (NL)<\/strong><\/a><br\/><br\/><\/h4>\n\n\n\n<p><br\/>Ab 11.03.2025<\/p>\n<\/div>\n\n\n\n<div class=\"wp-block-column is-layout-flow wp-block-column-is-layout-flow\">\n<figure class=\"wp-block-image size-full\"><a href=\"https:\/\/schrittmacherfestival.nl\/de\/audio-visueller-vortrag\/\"><img data-recalc-dims=\"1\" decoding=\"async\" width=\"640\" height=\"267\" src=\"https:\/\/i0.wp.com\/schrittmacherfestival.nl\/wp-content\/uploads\/2024\/12\/k-Dance-as-ritual-filmstill-Kankantri-by-Gabri-Christa-kopieren-e1733406032434.webp?resize=640%2C267&#038;ssl=1\" alt=\"\" class=\"wp-image-10196\" srcset=\"https:\/\/i0.wp.com\/schrittmacherfestival.nl\/wp-content\/uploads\/2024\/12\/k-Dance-as-ritual-filmstill-Kankantri-by-Gabri-Christa-kopieren-e1733406032434.webp?w=1200&amp;ssl=1 1200w, https:\/\/i0.wp.com\/schrittmacherfestival.nl\/wp-content\/uploads\/2024\/12\/k-Dance-as-ritual-filmstill-Kankantri-by-Gabri-Christa-kopieren-e1733406032434.webp?resize=300%2C125&amp;ssl=1 300w, https:\/\/i0.wp.com\/schrittmacherfestival.nl\/wp-content\/uploads\/2024\/12\/k-Dance-as-ritual-filmstill-Kankantri-by-Gabri-Christa-kopieren-e1733406032434.webp?resize=1024%2C427&amp;ssl=1 1024w, https:\/\/i0.wp.com\/schrittmacherfestival.nl\/wp-content\/uploads\/2024\/12\/k-Dance-as-ritual-filmstill-Kankantri-by-Gabri-Christa-kopieren-e1733406032434.webp?resize=768%2C320&amp;ssl=1 768w, https:\/\/i0.wp.com\/schrittmacherfestival.nl\/wp-content\/uploads\/2024\/12\/k-Dance-as-ritual-filmstill-Kankantri-by-Gabri-Christa-kopieren-e1733406032434.webp?resize=31%2C13&amp;ssl=1 31w\" sizes=\"(max-width: 640px) 100vw, 640px\" \/><\/a><\/figure>\n\n\n\n<h4 class=\"wp-block-heading\" id=\"hofesh-shechter-company-gbr\">Audio-visueller Vortrag<br\/><br\/><\/h4>\n\n\n\n<h4 class=\"wp-block-heading\" id=\"double-murder\"><a href=\"https:\/\/schrittmacherfestival.nl\/de\/audio-visueller-vortrag\/\" title=\"\">Lynn\u00e9e Denise<strong>\u00a0<\/strong>(USA)<\/a><br\/><\/h4>\n\n\n\n<p><br\/><br\/>Fr 21.03.2025\u00a0+ Sa 22.03.2025<\/p>\n<\/div>\n<\/div>\n\n<div class=\"wp-block-columns is-layout-flex wp-container-core-columns-is-layout-9d6595d7 wp-block-columns-is-layout-flex\">\n<div class=\"wp-block-column is-layout-flow wp-block-column-is-layout-flow\">\n<figure class=\"wp-block-image size-full\"><a href=\"https:\/\/schrittmacherfestival.nl\/de\/protalk-tanz-gesundheit\/\"><img data-recalc-dims=\"1\" loading=\"lazy\" decoding=\"async\" width=\"640\" height=\"262\" src=\"https:\/\/i0.wp.com\/schrittmacherfestival.nl\/wp-content\/uploads\/2024\/12\/k-PROtalk-dans-en-gezondheid-foto-Jean-Pierre-Geusens-e1733648925313.webp?resize=640%2C262&#038;ssl=1\" alt=\"\" class=\"wp-image-10367\" srcset=\"https:\/\/i0.wp.com\/schrittmacherfestival.nl\/wp-content\/uploads\/2024\/12\/k-PROtalk-dans-en-gezondheid-foto-Jean-Pierre-Geusens-e1733648925313.webp?w=762&amp;ssl=1 762w, https:\/\/i0.wp.com\/schrittmacherfestival.nl\/wp-content\/uploads\/2024\/12\/k-PROtalk-dans-en-gezondheid-foto-Jean-Pierre-Geusens-e1733648925313.webp?resize=300%2C123&amp;ssl=1 300w, https:\/\/i0.wp.com\/schrittmacherfestival.nl\/wp-content\/uploads\/2024\/12\/k-PROtalk-dans-en-gezondheid-foto-Jean-Pierre-Geusens-e1733648925313.webp?resize=31%2C13&amp;ssl=1 31w\" sizes=\"(max-width: 640px) 100vw, 640px\" \/><\/a><\/figure>\n\n\n\n<h4 class=\"wp-block-heading\" id=\"hofesh-shechter-company-gbr\">PROtalk: Tanz &amp; Gesundheit<br\/><br\/><\/h4>\n\n\n\n<h4 class=\"wp-block-heading\" id=\"double-murder\"><a href=\"hhttps:\/\/schrittmacherfestival.nl\/de\/protalk-tanz-gesundheit\/\" title=\"\"><strong>ALabinjo-van der Meulen en Greenwood<\/strong> (NL)<\/a><br\/><\/h4>\n\n\n\n<p><br\/>Fr 04.04.2025<\/p>\n<\/div>\n\n\n\n<div class=\"wp-block-column is-layout-flow wp-block-column-is-layout-flow\">\n<figure class=\"wp-block-image size-full\"><a href=\"https:\/\/schrittmacherfestival.nl\/de\/garden-in-the-sky-2\/\"><img data-recalc-dims=\"1\" loading=\"lazy\" decoding=\"async\" width=\"467\" height=\"196\" src=\"https:\/\/i0.wp.com\/schrittmacherfestival.nl\/wp-content\/uploads\/2024\/12\/k-Feia-Lydia-Photography-Tijmen-Wehlburg-3556-kopieren-e1733659435540.jpg?resize=467%2C196&#038;ssl=1\" alt=\"\" class=\"wp-image-10400\" srcset=\"https:\/\/i0.wp.com\/schrittmacherfestival.nl\/wp-content\/uploads\/2024\/12\/k-Feia-Lydia-Photography-Tijmen-Wehlburg-3556-kopieren-e1733659435540.jpg?w=467&amp;ssl=1 467w, https:\/\/i0.wp.com\/schrittmacherfestival.nl\/wp-content\/uploads\/2024\/12\/k-Feia-Lydia-Photography-Tijmen-Wehlburg-3556-kopieren-e1733659435540.jpg?resize=300%2C126&amp;ssl=1 300w, https:\/\/i0.wp.com\/schrittmacherfestival.nl\/wp-content\/uploads\/2024\/12\/k-Feia-Lydia-Photography-Tijmen-Wehlburg-3556-kopieren-e1733659435540.jpg?resize=31%2C13&amp;ssl=1 31w\" sizes=\"(max-width: 467px) 100vw, 467px\" \/><\/a><\/figure>\n\n\n\n<h4 class=\"wp-block-heading\" id=\"hofesh-shechter-company-gbr\">Garden in the Sky<br\/><br\/><\/h4>\n\n\n\n<h4 class=\"wp-block-heading\" id=\"double-murder\"><a href=\"https:\/\/schrittmacherfestival.nl\/de\/garden-in-the-sky-2\/\" title=\"\">Wehlburg &amp; Embrechts (NL)<\/a><br\/><\/h4>\n\n\n\n<p><br\/><br\/>So 06.04.2025<\/p>\n<\/div>\n\n\n\n<div class=\"wp-block-column is-layout-flow wp-block-column-is-layout-flow\">\n<figure class=\"wp-block-image size-full\"><a href=\"https:\/\/schrittmacherfestival.nl\/de\/protalk-prikkels\/\"><img data-recalc-dims=\"1\" loading=\"lazy\" decoding=\"async\" width=\"640\" height=\"267\" src=\"https:\/\/i0.wp.com\/schrittmacherfestival.nl\/wp-content\/uploads\/2024\/12\/Kopie-van-2024_08_05_PRIKKELTALK__KarinJonkers001-e1733655121445.webp?resize=640%2C267&#038;ssl=1\" alt=\"\" class=\"wp-image-10420\" srcset=\"https:\/\/i0.wp.com\/schrittmacherfestival.nl\/wp-content\/uploads\/2024\/12\/Kopie-van-2024_08_05_PRIKKELTALK__KarinJonkers001-e1733655121445.webp?w=1200&amp;ssl=1 1200w, https:\/\/i0.wp.com\/schrittmacherfestival.nl\/wp-content\/uploads\/2024\/12\/Kopie-van-2024_08_05_PRIKKELTALK__KarinJonkers001-e1733655121445.webp?resize=300%2C125&amp;ssl=1 300w, https:\/\/i0.wp.com\/schrittmacherfestival.nl\/wp-content\/uploads\/2024\/12\/Kopie-van-2024_08_05_PRIKKELTALK__KarinJonkers001-e1733655121445.webp?resize=1024%2C427&amp;ssl=1 1024w, https:\/\/i0.wp.com\/schrittmacherfestival.nl\/wp-content\/uploads\/2024\/12\/Kopie-van-2024_08_05_PRIKKELTALK__KarinJonkers001-e1733655121445.webp?resize=768%2C320&amp;ssl=1 768w, https:\/\/i0.wp.com\/schrittmacherfestival.nl\/wp-content\/uploads\/2024\/12\/Kopie-van-2024_08_05_PRIKKELTALK__KarinJonkers001-e1733655121445.webp?resize=31%2C13&amp;ssl=1 31w\" sizes=\"(max-width: 640px) 100vw, 640px\" \/><\/a><\/figure>\n\n\n\n<h4 class=\"wp-block-heading\" id=\"hofesh-shechter-company-gbr\">PROtalk: Prikkels<br\/><br\/><\/h4>\n\n\n\n<h4 class=\"wp-block-heading\" id=\"double-murder\"><a href=\"https:\/\/schrittmacherfestival.nl\/de\/protalk-prikkels\/\" title=\"\"><strong>Schweigman&amp;<\/strong> (NL)<\/a> <br\/><\/h4>\n\n\n\n<p><br\/><br\/>Fr 11.04.2025<\/p>\n<\/div>\n<\/div>\n\n<hr class=\"wp-block-separator has-css-opacity\"\/>\n\n<p><\/p>\n","protected":false},"excerpt":{"rendered":"<p>Lectures \/ Talks Thematisches Programm Nachgespr\u00e4chen (ENG) Mi 12.03.2025 &#8211; Mi 09.04.2025 Videoportr\u00e4ts Annette Embrechts (NL) Ab 11.03.2025 Audio-visueller Vortrag Lynn\u00e9e Denise\u00a0(USA) Fr 21.03.2025\u00a0+ Sa 22.03.2025 PROtalk: Tanz &amp; Gesundheit ALabinjo-van der Meulen en Greenwood (NL) Fr 04.04.2025 Garden in the Sky Wehlburg &amp; Embrechts (NL) So 06.04.2025 PROtalk: Prikkels Schweigman&amp; (NL) Fr 11.04.2025<\/p>\n","protected":false},"author":1,"featured_media":0,"parent":0,"menu_order":0,"comment_status":"closed","ping_status":"closed","template":"","meta":{"_acf_changed":false,"footnotes":""},"class_list":["post-10440","page","type-page","status-publish","hentry"],"aioseo_notices":[],"acf":[],"jetpack_sharing_enabled":true,"_links":{"self":[{"href":"https:\/\/schrittmacherfestival.nl\/de\/wp-json\/wp\/v2\/pages\/10440","targetHints":{"allow":["GET"]}}],"collection":[{"href":"https:\/\/schrittmacherfestival.nl\/de\/wp-json\/wp\/v2\/pages"}],"about":[{"href":"https:\/\/schrittmacherfestival.nl\/de\/wp-json\/wp\/v2\/types\/page"}],"author":[{"embeddable":true,"href":"https:\/\/schrittmacherfestival.nl\/de\/wp-json\/wp\/v2\/users\/1"}],"replies":[{"embeddable":true,"href":"https:\/\/schrittmacherfestival.nl\/de\/wp-json\/wp\/v2\/comments?post=10440"}],"version-history":[{"count":7,"href":"https:\/\/schrittmacherfestival.nl\/de\/wp-json\/wp\/v2\/pages\/10440\/revisions"}],"predecessor-version":[{"id":11148,"href":"https:\/\/schrittmacherfestival.nl\/de\/wp-json\/wp\/v2\/pages\/10440\/revisions\/11148"}],"wp:attachment":[{"href":"https:\/\/schrittmacherfestival.nl\/de\/wp-json\/wp\/v2\/media?parent=10440"}],"curies":[{"name":"wp","href":"https:\/\/api.w.org\/{rel}","templated":true}]}}

<hr class="wp-block-separator has-css-opacity"/>

<h1 class="wp-block-heading" id="voorstellingen">Lectures / Talks</h1>

<div class="wp-block-columns is-layout-flex wp-container-core-columns-is-layout-9d6595d7 wp-block-columns-is-layout-flex">
<div class="wp-block-column is-layout-flow wp-block-column-is-layout-flow">
<figure class="wp-block-image size-large"><a href="https://schrittmacherfestival.nl/de/thematisches-programm-2/"><img data-recalc-dims="1" fetchpriority="high" decoding="async" width="640" height="267" src="https://i0.wp.com/schrittmacherfestival.nl/wp-content/uploads/2024/12/DSC_7022-scaled-e1733648032858-1024x427.webp?resize=640%2C267&#038;ssl=1" alt="" class="wp-image-10353" srcset="https://i0.wp.com/schrittmacherfestival.nl/wp-content/uploads/2024/12/DSC_7022-scaled-e1733648032858.webp?resize=1024%2C427&amp;ssl=1 1024w, https://i0.wp.com/schrittmacherfestival.nl/wp-content/uploads/2024/12/DSC_7022-scaled-e1733648032858.webp?resize=300%2C125&amp;ssl=1 300w, https://i0.wp.com/schrittmacherfestival.nl/wp-content/uploads/2024/12/DSC_7022-scaled-e1733648032858.webp?resize=768%2C320&amp;ssl=1 768w, https://i0.wp.com/schrittmacherfestival.nl/wp-content/uploads/2024/12/DSC_7022-scaled-e1733648032858.webp?resize=31%2C13&amp;ssl=1 31w, https://i0.wp.com/schrittmacherfestival.nl/wp-content/uploads/2024/12/DSC_7022-scaled-e1733648032858.webp?w=1200&amp;ssl=1 1200w" sizes="(max-width: 640px) 100vw, 640px" /></a></figure>



<h4 class="wp-block-heading" id="hofesh-shechter-company-gbr">Thematisches Programm<br/><br/></h4>



<h4 class="wp-block-heading" id="double-murder"><a href="https://schrittmacherfestival.nl/de/thematisches-programm-2/" title=""><strong>Nachgesprächen (ENG)</strong></a><br/></h4>



<p><br/><br/>Mi 12.03.2025 &#8211; Mi<strong> </strong>09.04.2025</p>
</div>



<div class="wp-block-column is-layout-flow wp-block-column-is-layout-flow">
<figure class="wp-block-image size-full"><a href="https://schrittmacherfestival.nl/de/online-2/"><img data-recalc-dims="1" decoding="async" width="640" height="262" src="https://i0.wp.com/schrittmacherfestival.nl/wp-content/uploads/2024/12/k-annette-embrechts_foto-Sanne-Linssen-5-kopieren-e1733650680911-1.webp?resize=640%2C262&#038;ssl=1" alt="" class="wp-image-10390" srcset="https://i0.wp.com/schrittmacherfestival.nl/wp-content/uploads/2024/12/k-annette-embrechts_foto-Sanne-Linssen-5-kopieren-e1733650680911-1.webp?w=827&amp;ssl=1 827w, https://i0.wp.com/schrittmacherfestival.nl/wp-content/uploads/2024/12/k-annette-embrechts_foto-Sanne-Linssen-5-kopieren-e1733650680911-1.webp?resize=300%2C123&amp;ssl=1 300w, https://i0.wp.com/schrittmacherfestival.nl/wp-content/uploads/2024/12/k-annette-embrechts_foto-Sanne-Linssen-5-kopieren-e1733650680911-1.webp?resize=768%2C314&amp;ssl=1 768w, https://i0.wp.com/schrittmacherfestival.nl/wp-content/uploads/2024/12/k-annette-embrechts_foto-Sanne-Linssen-5-kopieren-e1733650680911-1.webp?resize=825%2C338&amp;ssl=1 825w, https://i0.wp.com/schrittmacherfestival.nl/wp-content/uploads/2024/12/k-annette-embrechts_foto-Sanne-Linssen-5-kopieren-e1733650680911-1.webp?resize=31%2C13&amp;ssl=1 31w" sizes="(max-width: 640px) 100vw, 640px" /></a></figure>



<h4 class="wp-block-heading" id="hofesh-shechter-company-gbr">Videoporträts<br/><br/></h4>



<h4 class="wp-block-heading" id="double-murder"><a href="https://schrittmacherfestival.nl/de/online-2/" title=""><strong>Annette Embrechts (NL)</strong></a><br/><br/></h4>



<p><br/>Ab 11.03.2025</p>
</div>



<div class="wp-block-column is-layout-flow wp-block-column-is-layout-flow">
<figure class="wp-block-image size-full"><a href="https://schrittmacherfestival.nl/de/audio-visueller-vortrag/"><img data-recalc-dims="1" decoding="async" width="640" height="267" src="https://i0.wp.com/schrittmacherfestival.nl/wp-content/uploads/2024/12/k-Dance-as-ritual-filmstill-Kankantri-by-Gabri-Christa-kopieren-e1733406032434.webp?resize=640%2C267&#038;ssl=1" alt="" class="wp-image-10196" srcset="https://i0.wp.com/schrittmacherfestival.nl/wp-content/uploads/2024/12/k-Dance-as-ritual-filmstill-Kankantri-by-Gabri-Christa-kopieren-e1733406032434.webp?w=1200&amp;ssl=1 1200w, https://i0.wp.com/schrittmacherfestival.nl/wp-content/uploads/2024/12/k-Dance-as-ritual-filmstill-Kankantri-by-Gabri-Christa-kopieren-e1733406032434.webp?resize=300%2C125&amp;ssl=1 300w, https://i0.wp.com/schrittmacherfestival.nl/wp-content/uploads/2024/12/k-Dance-as-ritual-filmstill-Kankantri-by-Gabri-Christa-kopieren-e1733406032434.webp?resize=1024%2C427&amp;ssl=1 1024w, https://i0.wp.com/schrittmacherfestival.nl/wp-content/uploads/2024/12/k-Dance-as-ritual-filmstill-Kankantri-by-Gabri-Christa-kopieren-e1733406032434.webp?resize=768%2C320&amp;ssl=1 768w, https://i0.wp.com/schrittmacherfestival.nl/wp-content/uploads/2024/12/k-Dance-as-ritual-filmstill-Kankantri-by-Gabri-Christa-kopieren-e1733406032434.webp?resize=31%2C13&amp;ssl=1 31w" sizes="(max-width: 640px) 100vw, 640px" /></a></figure>



<h4 class="wp-block-heading" id="hofesh-shechter-company-gbr">Audio-visueller Vortrag<br/><br/></h4>



<h4 class="wp-block-heading" id="double-murder"><a href="https://schrittmacherfestival.nl/de/audio-visueller-vortrag/" title="">Lynnée Denise<strong> </strong>(USA)</a><br/></h4>



<p><br/><br/>Fr 21.03.2025 + Sa 22.03.2025</p>
</div>
</div>

<div class="wp-block-columns is-layout-flex wp-container-core-columns-is-layout-9d6595d7 wp-block-columns-is-layout-flex">
<div class="wp-block-column is-layout-flow wp-block-column-is-layout-flow">
<figure class="wp-block-image size-full"><a href="https://schrittmacherfestival.nl/de/protalk-tanz-gesundheit/"><img data-recalc-dims="1" loading="lazy" decoding="async" width="640" height="262" src="https://i0.wp.com/schrittmacherfestival.nl/wp-content/uploads/2024/12/k-PROtalk-dans-en-gezondheid-foto-Jean-Pierre-Geusens-e1733648925313.webp?resize=640%2C262&#038;ssl=1" alt="" class="wp-image-10367" srcset="https://i0.wp.com/schrittmacherfestival.nl/wp-content/uploads/2024/12/k-PROtalk-dans-en-gezondheid-foto-Jean-Pierre-Geusens-e1733648925313.webp?w=762&amp;ssl=1 762w, https://i0.wp.com/schrittmacherfestival.nl/wp-content/uploads/2024/12/k-PROtalk-dans-en-gezondheid-foto-Jean-Pierre-Geusens-e1733648925313.webp?resize=300%2C123&amp;ssl=1 300w, https://i0.wp.com/schrittmacherfestival.nl/wp-content/uploads/2024/12/k-PROtalk-dans-en-gezondheid-foto-Jean-Pierre-Geusens-e1733648925313.webp?resize=31%2C13&amp;ssl=1 31w" sizes="(max-width: 640px) 100vw, 640px" /></a></figure>



<h4 class="wp-block-heading" id="hofesh-shechter-company-gbr">PROtalk: Tanz &amp; Gesundheit<br/><br/></h4>



<h4 class="wp-block-heading" id="double-murder"><a href="hhttps://schrittmacherfestival.nl/de/protalk-tanz-gesundheit/" title=""><strong>ALabinjo-van der Meulen en Greenwood</strong> (NL)</a><br/></h4>



<p><br/>Fr 04.04.2025</p>
</div>



<div class="wp-block-column is-layout-flow wp-block-column-is-layout-flow">
<figure class="wp-block-image size-full"><a href="https://schrittmacherfestival.nl/de/garden-in-the-sky-2/"><img data-recalc-dims="1" loading="lazy" decoding="async" width="467" height="196" src="https://i0.wp.com/schrittmacherfestival.nl/wp-content/uploads/2024/12/k-Feia-Lydia-Photography-Tijmen-Wehlburg-3556-kopieren-e1733659435540.jpg?resize=467%2C196&#038;ssl=1" alt="" class="wp-image-10400" srcset="https://i0.wp.com/schrittmacherfestival.nl/wp-content/uploads/2024/12/k-Feia-Lydia-Photography-Tijmen-Wehlburg-3556-kopieren-e1733659435540.jpg?w=467&amp;ssl=1 467w, https://i0.wp.com/schrittmacherfestival.nl/wp-content/uploads/2024/12/k-Feia-Lydia-Photography-Tijmen-Wehlburg-3556-kopieren-e1733659435540.jpg?resize=300%2C126&amp;ssl=1 300w, https://i0.wp.com/schrittmacherfestival.nl/wp-content/uploads/2024/12/k-Feia-Lydia-Photography-Tijmen-Wehlburg-3556-kopieren-e1733659435540.jpg?resize=31%2C13&amp;ssl=1 31w" sizes="(max-width: 467px) 100vw, 467px" /></a></figure>



<h4 class="wp-block-heading" id="hofesh-shechter-company-gbr">Garden in the Sky<br/><br/></h4>



<h4 class="wp-block-heading" id="double-murder"><a href="https://schrittmacherfestival.nl/de/garden-in-the-sky-2/" title="">Wehlburg &amp; Embrechts (NL)</a><br/></h4>



<p><br/><br/>So 06.04.2025</p>
</div>



<div class="wp-block-column is-layout-flow wp-block-column-is-layout-flow">
<figure class="wp-block-image size-full"><a href="https://schrittmacherfestival.nl/de/protalk-prikkels/"><img data-recalc-dims="1" loading="lazy" decoding="async" width="640" height="267" src="https://i0.wp.com/schrittmacherfestival.nl/wp-content/uploads/2024/12/Kopie-van-2024_08_05_PRIKKELTALK__KarinJonkers001-e1733655121445.webp?resize=640%2C267&#038;ssl=1" alt="" class="wp-image-10420" srcset="https://i0.wp.com/schrittmacherfestival.nl/wp-content/uploads/2024/12/Kopie-van-2024_08_05_PRIKKELTALK__KarinJonkers001-e1733655121445.webp?w=1200&amp;ssl=1 1200w, https://i0.wp.com/schrittmacherfestival.nl/wp-content/uploads/2024/12/Kopie-van-2024_08_05_PRIKKELTALK__KarinJonkers001-e1733655121445.webp?resize=300%2C125&amp;ssl=1 300w, https://i0.wp.com/schrittmacherfestival.nl/wp-content/uploads/2024/12/Kopie-van-2024_08_05_PRIKKELTALK__KarinJonkers001-e1733655121445.webp?resize=1024%2C427&amp;ssl=1 1024w, https://i0.wp.com/schrittmacherfestival.nl/wp-content/uploads/2024/12/Kopie-van-2024_08_05_PRIKKELTALK__KarinJonkers001-e1733655121445.webp?resize=768%2C320&amp;ssl=1 768w, https://i0.wp.com/schrittmacherfestival.nl/wp-content/uploads/2024/12/Kopie-van-2024_08_05_PRIKKELTALK__KarinJonkers001-e1733655121445.webp?resize=31%2C13&amp;ssl=1 31w" sizes="(max-width: 640px) 100vw, 640px" /></a></figure>



<h4 class="wp-block-heading" id="hofesh-shechter-company-gbr">PROtalk: Prikkels<br/><br/></h4>



<h4 class="wp-block-heading" id="double-murder"><a href="https://schrittmacherfestival.nl/de/protalk-prikkels/" title=""><strong>Schweigman&amp;</strong> (NL)</a> <br/></h4>



<p><br/><br/>Fr 11.04.2025</p>
</div>
</div>

<hr class="wp-block-separator has-css-opacity"/>

<p></p>

<p>Lectures / Talks Thematisches Programm Nachgesprächen (ENG) Mi 12.03.2025 &#8211; Mi 09.04.2025 Videoporträts Annette Embrechts (NL) Ab 11.03.2025 Audio-visueller Vortrag Lynnée Denise (USA) Fr 21.03.2025 + Sa 22.03.2025 PROtalk: Tanz &amp; Gesundheit ALabinjo-van der Meulen en Greenwood (NL) Fr 04.04.2025 Garden in the Sky Wehlburg &amp; Embrechts (NL) So 06.04.2025 PROtalk: Prikkels Schweigman&amp; (NL) Fr 11.04.2025</p>
