{"id":10539,"date":"2024-12-10T09:53:35","date_gmt":"2024-12-10T09:53:35","guid":{"rendered":"https:\/\/schrittmacherfestival.nl\/fashionclash-2\/"},"modified":"2025-03-21T10:40:09","modified_gmt":"2025-03-21T10:40:09","slug":"fashionclash-2","status":"publish","type":"page","link":"https:\/\/schrittmacherfestival.nl\/de\/fashionclash-2\/","title":{"rendered":"FASHIONCLASH"},"content":{"rendered":"\n<h1 class=\"wp-block-heading has-black-color has-text-color\" id=\"hofesh-shechter-company-gbr\"><strong><strong>Fertige Dein eigenes Tanz-Outfit an! (8 bis 16 Jahre)<\/strong><\/strong><\/h1>\n\n<p><strong>Cultuurhuis Heerlen<\/strong><br\/><strong>Sa 29.03.2025<\/strong> abgesagt<br\/><strong>10.00 &#8211; 16.00 Uhr<\/strong><br\/><strong>Von 9,50 \u20ac<\/strong> \u00a0(incl. Materialien und Erfrischungen)<\/p>\n\n<figure class=\"wp-block-image alignwide size-large\"><img data-recalc-dims=\"1\" fetchpriority=\"high\" decoding=\"async\" width=\"640\" height=\"267\" src=\"https:\/\/i0.wp.com\/schrittmacherfestival.nl\/wp-content\/uploads\/2024\/12\/k-FC_schritt_CH_2402-kopieren-e1733823934924-1024x427.webp?resize=640%2C267&#038;ssl=1\" alt=\"\" class=\"wp-image-10536\" srcset=\"https:\/\/i0.wp.com\/schrittmacherfestival.nl\/wp-content\/uploads\/2024\/12\/k-FC_schritt_CH_2402-kopieren-e1733823934924.webp?resize=1024%2C427&amp;ssl=1 1024w, https:\/\/i0.wp.com\/schrittmacherfestival.nl\/wp-content\/uploads\/2024\/12\/k-FC_schritt_CH_2402-kopieren-e1733823934924.webp?resize=300%2C125&amp;ssl=1 300w, https:\/\/i0.wp.com\/schrittmacherfestival.nl\/wp-content\/uploads\/2024\/12\/k-FC_schritt_CH_2402-kopieren-e1733823934924.webp?resize=768%2C320&amp;ssl=1 768w, https:\/\/i0.wp.com\/schrittmacherfestival.nl\/wp-content\/uploads\/2024\/12\/k-FC_schritt_CH_2402-kopieren-e1733823934924.webp?resize=31%2C13&amp;ssl=1 31w, https:\/\/i0.wp.com\/schrittmacherfestival.nl\/wp-content\/uploads\/2024\/12\/k-FC_schritt_CH_2402-kopieren-e1733823934924.webp?w=1200&amp;ssl=1 1200w\" sizes=\"(max-width: 640px) 100vw, 640px\" \/><\/figure>\n\n<hr class=\"wp-block-separator has-css-opacity\"\/>\n\n<p>PARTY! Dieses Jahr feiert das schrit_tmacher Festival sein 30-j\u00e4hriges Bestehen und zusammen mit dem Cultuurhuis Heerlen und FASHIONCLASH machen wir bei diesem Workshop eine (Mode-)Party daraus! Wie soll dein Party-Outfit aussehen? Welchen Stoff, welche Farben und Formen w\u00fcrdest du verwenden? Der Workshop bietet euch die M\u00f6glichkeit, mit verschiedenen Gestaltungstechniken zu experimentieren. Dabei liegt der Schwerpunkt auf Upcycling. In diesem Workshop, der von Modedesignern von FASHIONCLASH geleitet wird, wirst du aufgefordert, aus deiner Idee ein Outfit zu machen! Erfahrung ist daf\u00fcr nicht erforderlich!<\/p>\n\n<p>Wir sorgen f\u00fcr gen\u00fcgend Material, mit dem du arbeiten kannst. K\u00fcmmerst du dich um die Ideen daf\u00fcr?&#13;\n FASHIONCLASH ist eine Entwicklungs- und Pr\u00e4sentationsplattform f\u00fcr Mode(kultur), die anhand von Crossover einerseits zur individuellen Talententwicklung von Nachwuchsmodemachern und andererseits zu einem allgemeinen Bewusstsein f\u00fcr die Rolle der Mode in der Welt beitr\u00e4gt.\u00a0 <a href=\"https:\/\/www.fashionclash.nl\/\" target=\"_blank\" rel=\"noopener\" title=\"\">www.fashionclash.nl<\/a><\/p>\n\n<hr class=\"wp-block-separator has-css-opacity\"\/>\n\n<div class=\"wp-block-buttons is-horizontal is-content-justification-center is-layout-flex wp-container-core-buttons-is-layout-499968f5 wp-block-buttons-is-layout-flex\">\n<div class=\"wp-block-button\"><a class=\"wp-block-button__link has-white-color has-black-background-color has-text-color has-background wp-element-button\"><strong>abgesagt<\/strong><\/a><\/div>\n<\/div>\n\n<hr class=\"wp-block-separator has-css-opacity\"\/>\n","protected":false},"excerpt":{"rendered":"<p>Fertige Dein eigenes Tanz-Outfit an! (8 bis 16 Jahre) Cultuurhuis HeerlenSa 29.03.2025 abgesagt10.00 &#8211; 16.00 UhrVon 9,50 \u20ac \u00a0(incl. Materialien und Erfrischungen) PARTY! Dieses Jahr feiert das schrit_tmacher Festival sein 30-j\u00e4hriges Bestehen und zusammen mit dem Cultuurhuis Heerlen und FASHIONCLASH machen wir bei diesem Workshop eine (Mode-)Party daraus! Wie soll dein Party-Outfit aussehen? Welchen Stoff, welche Farben und Formen w\u00fcrdest [&hellip;]<\/p>\n","protected":false},"author":1,"featured_media":0,"parent":0,"menu_order":0,"comment_status":"closed","ping_status":"closed","template":"","meta":{"_acf_changed":false,"footnotes":""},"class_list":["post-10539","page","type-page","status-publish","hentry"],"aioseo_notices":[],"acf":[],"jetpack_sharing_enabled":true,"_links":{"self":[{"href":"https:\/\/schrittmacherfestival.nl\/de\/wp-json\/wp\/v2\/pages\/10539","targetHints":{"allow":["GET"]}}],"collection":[{"href":"https:\/\/schrittmacherfestival.nl\/de\/wp-json\/wp\/v2\/pages"}],"about":[{"href":"https:\/\/schrittmacherfestival.nl\/de\/wp-json\/wp\/v2\/types\/page"}],"author":[{"embeddable":true,"href":"https:\/\/schrittmacherfestival.nl\/de\/wp-json\/wp\/v2\/users\/1"}],"replies":[{"embeddable":true,"href":"https:\/\/schrittmacherfestival.nl\/de\/wp-json\/wp\/v2\/comments?post=10539"}],"version-history":[{"count":4,"href":"https:\/\/schrittmacherfestival.nl\/de\/wp-json\/wp\/v2\/pages\/10539\/revisions"}],"predecessor-version":[{"id":11184,"href":"https:\/\/schrittmacherfestival.nl\/de\/wp-json\/wp\/v2\/pages\/10539\/revisions\/11184"}],"wp:attachment":[{"href":"https:\/\/schrittmacherfestival.nl\/de\/wp-json\/wp\/v2\/media?parent=10539"}],"curies":[{"name":"wp","href":"https:\/\/api.w.org\/{rel}","templated":true}]}}

<h1 class="wp-block-heading has-black-color has-text-color" id="hofesh-shechter-company-gbr"><strong><strong>Fertige Dein eigenes Tanz-Outfit an! (8 bis 16 Jahre)</strong></strong></h1>

<p><strong>Cultuurhuis Heerlen</strong><br/><strong>Sa 29.03.2025</strong> abgesagt<br/><strong>10.00 &#8211; 16.00 Uhr</strong><br/><strong>Von 9,50 €</strong>  (incl. Materialien und Erfrischungen)</p>

<figure class="wp-block-image alignwide size-large"><img data-recalc-dims="1" fetchpriority="high" decoding="async" width="640" height="267" src="https://i0.wp.com/schrittmacherfestival.nl/wp-content/uploads/2024/12/k-FC_schritt_CH_2402-kopieren-e1733823934924-1024x427.webp?resize=640%2C267&#038;ssl=1" alt="" class="wp-image-10536" srcset="https://i0.wp.com/schrittmacherfestival.nl/wp-content/uploads/2024/12/k-FC_schritt_CH_2402-kopieren-e1733823934924.webp?resize=1024%2C427&amp;ssl=1 1024w, https://i0.wp.com/schrittmacherfestival.nl/wp-content/uploads/2024/12/k-FC_schritt_CH_2402-kopieren-e1733823934924.webp?resize=300%2C125&amp;ssl=1 300w, https://i0.wp.com/schrittmacherfestival.nl/wp-content/uploads/2024/12/k-FC_schritt_CH_2402-kopieren-e1733823934924.webp?resize=768%2C320&amp;ssl=1 768w, https://i0.wp.com/schrittmacherfestival.nl/wp-content/uploads/2024/12/k-FC_schritt_CH_2402-kopieren-e1733823934924.webp?resize=31%2C13&amp;ssl=1 31w, https://i0.wp.com/schrittmacherfestival.nl/wp-content/uploads/2024/12/k-FC_schritt_CH_2402-kopieren-e1733823934924.webp?w=1200&amp;ssl=1 1200w" sizes="(max-width: 640px) 100vw, 640px" /></figure>

<hr class="wp-block-separator has-css-opacity"/>

<p>PARTY! Dieses Jahr feiert das schrit_tmacher Festival sein 30-jähriges Bestehen und zusammen mit dem Cultuurhuis Heerlen und FASHIONCLASH machen wir bei diesem Workshop eine (Mode-)Party daraus! Wie soll dein Party-Outfit aussehen? Welchen Stoff, welche Farben und Formen würdest du verwenden? Der Workshop bietet euch die Möglichkeit, mit verschiedenen Gestaltungstechniken zu experimentieren. Dabei liegt der Schwerpunkt auf Upcycling. In diesem Workshop, der von Modedesignern von FASHIONCLASH geleitet wird, wirst du aufgefordert, aus deiner Idee ein Outfit zu machen! Erfahrung ist dafür nicht erforderlich!</p>

<p>Wir sorgen für genügend Material, mit dem du arbeiten kannst. Kümmerst du dich um die Ideen dafür?&#13;
 FASHIONCLASH ist eine Entwicklungs- und Präsentationsplattform für Mode(kultur), die anhand von Crossover einerseits zur individuellen Talententwicklung von Nachwuchsmodemachern und andererseits zu einem allgemeinen Bewusstsein für die Rolle der Mode in der Welt beiträgt.  <a href="https://www.fashionclash.nl/" target="_blank" rel="noopener" title="">www.fashionclash.nl</a></p>

<hr class="wp-block-separator has-css-opacity"/>

<div class="wp-block-buttons is-horizontal is-content-justification-center is-layout-flex wp-container-core-buttons-is-layout-499968f5 wp-block-buttons-is-layout-flex">
<div class="wp-block-button"><a class="wp-block-button__link has-white-color has-black-background-color has-text-color has-background wp-element-button"><strong>abgesagt</strong></a></div>
</div>

<hr class="wp-block-separator has-css-opacity"/>

<p>Fertige Dein eigenes Tanz-Outfit an! (8 bis 16 Jahre) Cultuurhuis HeerlenSa 29.03.2025 abgesagt10.00 &#8211; 16.00 UhrVon 9,50 €  (incl. Materialien und Erfrischungen) PARTY! Dieses Jahr feiert das schrit_tmacher Festival sein 30-jähriges Bestehen und zusammen mit dem Cultuurhuis Heerlen und FASHIONCLASH machen wir bei diesem Workshop eine (Mode-)Party daraus! Wie soll dein Party-Outfit aussehen? Welchen Stoff, welche Farben und Formen würdest [&hellip;]</p>
