{"id":10558,"date":"2024-12-10T10:21:15","date_gmt":"2024-12-10T10:21:15","guid":{"rendered":"https:\/\/schrittmacherfestival.nl\/tanzkurs-fuer-jedermann\/"},"modified":"2025-02-05T13:08:33","modified_gmt":"2025-02-05T13:08:33","slug":"tanzkurs-fuer-jedermann","status":"publish","type":"page","link":"https:\/\/schrittmacherfestival.nl\/de\/tanzkurs-fuer-jedermann\/","title":{"rendered":"Tanzkurs f\u00fcr jedermann"},"content":{"rendered":"\n<h1 class=\"wp-block-heading has-black-color has-text-color\" id=\"hofesh-shechter-company-gbr\"><strong>Tanzkurs<\/strong><\/h1>\n\n<p><strong>Luciushof, Heerlen<\/strong><br\/><strong>Fr 04.04.2025 + Sa 05.04.2025 + So 06.04.2025<\/strong><br\/><strong>10.30 &#8211; 12.00 (12.00 &#8211; 12.30 Ausklang mit Kaffee)<\/strong><br\/><strong>25,00 \u20ac (dreitagig)<\/strong><\/p>\n\n<figure class=\"wp-block-image alignwide size-full\"><img data-recalc-dims=\"1\" fetchpriority=\"high\" decoding=\"async\" width=\"640\" height=\"267\" src=\"https:\/\/i0.wp.com\/schrittmacherfestival.nl\/wp-content\/uploads\/2025\/02\/Lr-Cultuurhuis041-e1738760900737.jpg?resize=640%2C267&#038;ssl=1\" alt=\"\" class=\"wp-image-10958\" srcset=\"https:\/\/i0.wp.com\/schrittmacherfestival.nl\/wp-content\/uploads\/2025\/02\/Lr-Cultuurhuis041-e1738760900737.jpg?w=1200&amp;ssl=1 1200w, https:\/\/i0.wp.com\/schrittmacherfestival.nl\/wp-content\/uploads\/2025\/02\/Lr-Cultuurhuis041-e1738760900737.jpg?resize=300%2C125&amp;ssl=1 300w, https:\/\/i0.wp.com\/schrittmacherfestival.nl\/wp-content\/uploads\/2025\/02\/Lr-Cultuurhuis041-e1738760900737.jpg?resize=1024%2C427&amp;ssl=1 1024w, https:\/\/i0.wp.com\/schrittmacherfestival.nl\/wp-content\/uploads\/2025\/02\/Lr-Cultuurhuis041-e1738760900737.jpg?resize=768%2C320&amp;ssl=1 768w, https:\/\/i0.wp.com\/schrittmacherfestival.nl\/wp-content\/uploads\/2025\/02\/Lr-Cultuurhuis041-e1738760900737.jpg?resize=31%2C13&amp;ssl=1 31w\" sizes=\"(max-width: 640px) 100vw, 640px\" \/><\/figure>\n\n<hr class=\"wp-block-separator has-css-opacity\"\/>\n\n<p>Tanzen ist etwas f\u00fcr jedermann. Und zwar in jedem Alter und mit den unterschiedlichsten Hintergr\u00fcnden. In diesen drei Kurstagen wird etwas Einzigartiges geschaffen. Machen Sie mit und lassen Sie sich von Musik und Tanz in einer Umgebung mitrei\u00dfen, in der Spa\u00df, Ausdruck und Verbindung im Mittelpunkt stehen.  Alt und jung, erfahren und unerfahren, mit oder ohne k\u00f6rperlicher Einschr\u00e4nkung: Die Unterrichtsstunden werden den M\u00f6glichkeiten der TeilnehmerInnen angepasst. Das macht den von Annemarie Labinjo-van der Meulen  und Andrew Peter Greenwood geleiteten Kurs wirklich f\u00fcr jedermann zug\u00e4nglich.<\/p>\n\n<p>Annemarie und Andrew haben sich damit besch\u00e4ftigt, Tanzkurse f\u00fcr Menschen mit Parkinson, MS, Rheuma, Alzheimer und Krebs zu entwickeln. Sie hoffen, dass Menschen mit schwacher Gesundheit durch das gemeinsame Tanzen eine positive Verbindung zu ihrem K\u00f6rper (wieder)finden und ihre Selbst\u00e4ndigkeit bewahren k\u00f6nnen, w\u00e4hrend sie ihre Erfahrungen in der Gruppe teilen. Somit sind auch Rollstuhlfahrer*innen und Menschen mit chronischen Krankheiten mehr als willkommen.<\/p>\n\n<hr class=\"wp-block-separator has-css-opacity\"\/>\n\n<div class=\"wp-block-buttons is-horizontal is-content-justification-center is-layout-flex wp-container-core-buttons-is-layout-499968f5 wp-block-buttons-is-layout-flex\">\n<div class=\"wp-block-button\"><a class=\"wp-block-button__link has-white-color has-black-background-color has-text-color has-background wp-element-button\" href=\"https:\/\/www.plt.nl\/bestel\/12595\" target=\"_blank\" rel=\"noreferrer noopener\"><strong>Tickets Fr 04.04.2025 + Sa 05.04.2025 + So 06.04.2025<\/strong><\/a><\/div>\n<\/div>\n\n<hr class=\"wp-block-separator has-css-opacity\"\/>\n","protected":false},"excerpt":{"rendered":"<p>Tanzkurs Luciushof, HeerlenFr 04.04.2025 + Sa 05.04.2025 + So 06.04.202510.30 &#8211; 12.00 (12.00 &#8211; 12.30 Ausklang mit Kaffee)25,00 \u20ac (dreitagig) Tanzen ist etwas f\u00fcr jedermann. Und zwar in jedem Alter und mit den unterschiedlichsten Hintergr\u00fcnden. In diesen drei Kurstagen wird etwas Einzigartiges geschaffen. Machen Sie mit und lassen Sie sich von Musik und Tanz in einer Umgebung mitrei\u00dfen, in der [&hellip;]<\/p>\n","protected":false},"author":1,"featured_media":0,"parent":0,"menu_order":0,"comment_status":"closed","ping_status":"closed","template":"","meta":{"_acf_changed":false,"footnotes":""},"class_list":["post-10558","page","type-page","status-publish","hentry"],"aioseo_notices":[],"acf":[],"jetpack_sharing_enabled":true,"_links":{"self":[{"href":"https:\/\/schrittmacherfestival.nl\/de\/wp-json\/wp\/v2\/pages\/10558","targetHints":{"allow":["GET"]}}],"collection":[{"href":"https:\/\/schrittmacherfestival.nl\/de\/wp-json\/wp\/v2\/pages"}],"about":[{"href":"https:\/\/schrittmacherfestival.nl\/de\/wp-json\/wp\/v2\/types\/page"}],"author":[{"embeddable":true,"href":"https:\/\/schrittmacherfestival.nl\/de\/wp-json\/wp\/v2\/users\/1"}],"replies":[{"embeddable":true,"href":"https:\/\/schrittmacherfestival.nl\/de\/wp-json\/wp\/v2\/comments?post=10558"}],"version-history":[{"count":6,"href":"https:\/\/schrittmacherfestival.nl\/de\/wp-json\/wp\/v2\/pages\/10558\/revisions"}],"predecessor-version":[{"id":10962,"href":"https:\/\/schrittmacherfestival.nl\/de\/wp-json\/wp\/v2\/pages\/10558\/revisions\/10962"}],"wp:attachment":[{"href":"https:\/\/schrittmacherfestival.nl\/de\/wp-json\/wp\/v2\/media?parent=10558"}],"curies":[{"name":"wp","href":"https:\/\/api.w.org\/{rel}","templated":true}]}}

Tanzkurs für jedermann

<h1 class="wp-block-heading has-black-color has-text-color" id="hofesh-shechter-company-gbr"><strong>Tanzkurs</strong></h1>

<p><strong>Luciushof, Heerlen</strong><br/><strong>Fr 04.04.2025 + Sa 05.04.2025 + So 06.04.2025</strong><br/><strong>10.30 &#8211; 12.00 (12.00 &#8211; 12.30 Ausklang mit Kaffee)</strong><br/><strong>25,00 € (dreitagig)</strong></p>

<figure class="wp-block-image alignwide size-full"><img data-recalc-dims="1" fetchpriority="high" decoding="async" width="640" height="267" src="https://i0.wp.com/schrittmacherfestival.nl/wp-content/uploads/2025/02/Lr-Cultuurhuis041-e1738760900737.jpg?resize=640%2C267&#038;ssl=1" alt="" class="wp-image-10958" srcset="https://i0.wp.com/schrittmacherfestival.nl/wp-content/uploads/2025/02/Lr-Cultuurhuis041-e1738760900737.jpg?w=1200&amp;ssl=1 1200w, https://i0.wp.com/schrittmacherfestival.nl/wp-content/uploads/2025/02/Lr-Cultuurhuis041-e1738760900737.jpg?resize=300%2C125&amp;ssl=1 300w, https://i0.wp.com/schrittmacherfestival.nl/wp-content/uploads/2025/02/Lr-Cultuurhuis041-e1738760900737.jpg?resize=1024%2C427&amp;ssl=1 1024w, https://i0.wp.com/schrittmacherfestival.nl/wp-content/uploads/2025/02/Lr-Cultuurhuis041-e1738760900737.jpg?resize=768%2C320&amp;ssl=1 768w, https://i0.wp.com/schrittmacherfestival.nl/wp-content/uploads/2025/02/Lr-Cultuurhuis041-e1738760900737.jpg?resize=31%2C13&amp;ssl=1 31w" sizes="(max-width: 640px) 100vw, 640px" /></figure>

<hr class="wp-block-separator has-css-opacity"/>

<p>Tanzen ist etwas für jedermann. Und zwar in jedem Alter und mit den unterschiedlichsten Hintergründen. In diesen drei Kurstagen wird etwas Einzigartiges geschaffen. Machen Sie mit und lassen Sie sich von Musik und Tanz in einer Umgebung mitreißen, in der Spaß, Ausdruck und Verbindung im Mittelpunkt stehen.  Alt und jung, erfahren und unerfahren, mit oder ohne körperlicher Einschränkung: Die Unterrichtsstunden werden den Möglichkeiten der TeilnehmerInnen angepasst. Das macht den von Annemarie Labinjo-van der Meulen  und Andrew Peter Greenwood geleiteten Kurs wirklich für jedermann zugänglich.</p>

<p>Annemarie und Andrew haben sich damit beschäftigt, Tanzkurse für Menschen mit Parkinson, MS, Rheuma, Alzheimer und Krebs zu entwickeln. Sie hoffen, dass Menschen mit schwacher Gesundheit durch das gemeinsame Tanzen eine positive Verbindung zu ihrem Körper (wieder)finden und ihre Selbständigkeit bewahren können, während sie ihre Erfahrungen in der Gruppe teilen. Somit sind auch Rollstuhlfahrer*innen und Menschen mit chronischen Krankheiten mehr als willkommen.</p>

<hr class="wp-block-separator has-css-opacity"/>

<div class="wp-block-buttons is-horizontal is-content-justification-center is-layout-flex wp-container-core-buttons-is-layout-499968f5 wp-block-buttons-is-layout-flex">
<div class="wp-block-button"><a class="wp-block-button__link has-white-color has-black-background-color has-text-color has-background wp-element-button" href="https://www.plt.nl/bestel/12595" target="_blank" rel="noreferrer noopener"><strong>Tickets Fr 04.04.2025 + Sa 05.04.2025 + So 06.04.2025</strong></a></div>
</div>

<hr class="wp-block-separator has-css-opacity"/>

<p>Tanzkurs Luciushof, HeerlenFr 04.04.2025 + Sa 05.04.2025 + So 06.04.202510.30 &#8211; 12.00 (12.00 &#8211; 12.30 Ausklang mit Kaffee)25,00 € (dreitagig) Tanzen ist etwas für jedermann. Und zwar in jedem Alter und mit den unterschiedlichsten Hintergründen. In diesen drei Kurstagen wird etwas Einzigartiges geschaffen. Machen Sie mit und lassen Sie sich von Musik und Tanz in einer Umgebung mitreißen, in der [&hellip;]</p>
