{"id":10570,"date":"2024-12-10T10:34:56","date_gmt":"2024-12-10T10:34:56","guid":{"rendered":"https:\/\/schrittmacherfestival.nl\/seinsweisen-ways-of-being-manieren-van-zijn\/"},"modified":"2024-12-10T10:35:12","modified_gmt":"2024-12-10T10:35:12","slug":"seinsweisen-ways-of-being-manieren-van-zijn","status":"publish","type":"page","link":"https:\/\/schrittmacherfestival.nl\/de\/seinsweisen-ways-of-being-manieren-van-zijn\/","title":{"rendered":"SEINSWEISEN &#8211; WAYS OF BEING &#8211; MANIEREN VAN ZIJN"},"content":{"rendered":"\n<h1 class=\"wp-block-heading has-black-color has-text-color\" id=\"hofesh-shechter-company-gbr\"><strong><strong>Tagung bijeenkomst<\/strong><\/strong> (Zwei Tage)<\/h1>\n\n<p><strong>Bisch\u00f6fliche Akademie des Bistums Aachen<\/strong><br\/><strong>Sa 05.04.2025 &#8211; So 06.04.2025<\/strong><br\/><strong>14.30 Uhr<\/strong><br\/><strong>Von<\/strong> <strong>57,30 \u20ac<\/strong> (Tagungsbeitrag inkl. Tagungsverpflegung ohne \u00dcbernachtung und Fr\u00fchst\u00fcck)<\/p>\n\n<figure class=\"wp-block-image alignwide size-full\"><img data-recalc-dims=\"1\" fetchpriority=\"high\" decoding=\"async\" width=\"640\" height=\"272\" src=\"https:\/\/i0.wp.com\/schrittmacherfestival.nl\/wp-content\/uploads\/2024\/12\/k-Seinsweisen_Ways-of-Being_Bischofliche-Akademie_Foto-Nils-Heck-e1733825034106.webp?resize=640%2C272&#038;ssl=1\" alt=\"\" class=\"wp-image-10567\" srcset=\"https:\/\/i0.wp.com\/schrittmacherfestival.nl\/wp-content\/uploads\/2024\/12\/k-Seinsweisen_Ways-of-Being_Bischofliche-Akademie_Foto-Nils-Heck-e1733825034106.webp?w=752&amp;ssl=1 752w, https:\/\/i0.wp.com\/schrittmacherfestival.nl\/wp-content\/uploads\/2024\/12\/k-Seinsweisen_Ways-of-Being_Bischofliche-Akademie_Foto-Nils-Heck-e1733825034106.webp?resize=300%2C128&amp;ssl=1 300w, https:\/\/i0.wp.com\/schrittmacherfestival.nl\/wp-content\/uploads\/2024\/12\/k-Seinsweisen_Ways-of-Being_Bischofliche-Akademie_Foto-Nils-Heck-e1733825034106.webp?resize=31%2C13&amp;ssl=1 31w\" sizes=\"(max-width: 640px) 100vw, 640px\" \/><\/figure>\n\n<hr class=\"wp-block-separator has-css-opacity\"\/>\n\n<p>Still-Sein, Miteinander-Sein, Wild-Sein, Verwandelt-Sein. Die eigenen K\u00f6rper sind keine statischen Gebilde, sondern vielmehr offen, verbunden und mit einem Eigensinn ausgestattet: Prozesse der Ver\u00e4nderung werden erfahrbar, wenn ein Sein in ein anderes \u00fcbergeht. Der Workshop kreiert einen Raum, in dem unterschiedliche K\u00f6rperzust\u00e4nde und Bewegungsqualit\u00e4ten erlebt und erforscht werden k\u00f6nnen. Das Miteinander-Tanzen als gemeinschaftliche Erfahrung und als M\u00f6glichkeit, die eigenen Bewegungsweisen zu erweitern, bildet ein zentrales Element. Die Performancek\u00fcnstlerin, Bewegungsforscherin und Dozentin Dr. Mareike Buchmann l\u00e4dt durch offene Fragestellungen und Aufgaben zu Entdeckungsreisen ein.<br\/><br\/>In Kooperation mit Bisch\u00f6fliche Akademie des Bistums Aachen<\/p>\n\n<hr class=\"wp-block-separator has-css-opacity\"\/>\n\n<div class=\"wp-block-buttons is-horizontal is-content-justification-center is-layout-flex wp-container-core-buttons-is-layout-499968f5 wp-block-buttons-is-layout-flex\">\n<div class=\"wp-block-button\"><a class=\"wp-block-button__link has-white-color has-black-background-color has-text-color has-background wp-element-button\" href=\"https:\/\/bak-ac.de\/start\/\" target=\"_blank\" rel=\"noreferrer noopener\"><strong>Weitere Infos &amp; Anmeldung: www.bak-ac.de<\/strong><\/a><\/div>\n<\/div>\n\n<hr class=\"wp-block-separator has-css-opacity\"\/>\n","protected":false},"excerpt":{"rendered":"<p>Tagung bijeenkomst (Zwei Tage) Bisch\u00f6fliche Akademie des Bistums AachenSa 05.04.2025 &#8211; So 06.04.202514.30 UhrVon 57,30 \u20ac (Tagungsbeitrag inkl. Tagungsverpflegung ohne \u00dcbernachtung und Fr\u00fchst\u00fcck) Still-Sein, Miteinander-Sein, Wild-Sein, Verwandelt-Sein. Die eigenen K\u00f6rper sind keine statischen Gebilde, sondern vielmehr offen, verbunden und mit einem Eigensinn ausgestattet: Prozesse der Ver\u00e4nderung werden erfahrbar, wenn ein Sein in ein anderes \u00fcbergeht. Der Workshop kreiert einen Raum, [&hellip;]<\/p>\n","protected":false},"author":1,"featured_media":0,"parent":0,"menu_order":0,"comment_status":"closed","ping_status":"closed","template":"","meta":{"_acf_changed":false,"footnotes":""},"class_list":["post-10570","page","type-page","status-publish","hentry"],"aioseo_notices":[],"acf":[],"jetpack_sharing_enabled":true,"_links":{"self":[{"href":"https:\/\/schrittmacherfestival.nl\/de\/wp-json\/wp\/v2\/pages\/10570","targetHints":{"allow":["GET"]}}],"collection":[{"href":"https:\/\/schrittmacherfestival.nl\/de\/wp-json\/wp\/v2\/pages"}],"about":[{"href":"https:\/\/schrittmacherfestival.nl\/de\/wp-json\/wp\/v2\/types\/page"}],"author":[{"embeddable":true,"href":"https:\/\/schrittmacherfestival.nl\/de\/wp-json\/wp\/v2\/users\/1"}],"replies":[{"embeddable":true,"href":"https:\/\/schrittmacherfestival.nl\/de\/wp-json\/wp\/v2\/comments?post=10570"}],"version-history":[{"count":1,"href":"https:\/\/schrittmacherfestival.nl\/de\/wp-json\/wp\/v2\/pages\/10570\/revisions"}],"predecessor-version":[{"id":10571,"href":"https:\/\/schrittmacherfestival.nl\/de\/wp-json\/wp\/v2\/pages\/10570\/revisions\/10571"}],"wp:attachment":[{"href":"https:\/\/schrittmacherfestival.nl\/de\/wp-json\/wp\/v2\/media?parent=10570"}],"curies":[{"name":"wp","href":"https:\/\/api.w.org\/{rel}","templated":true}]}}

<h1 class="wp-block-heading has-black-color has-text-color" id="hofesh-shechter-company-gbr"><strong><strong>Tagung bijeenkomst</strong></strong> (Zwei Tage)</h1>

<p><strong>Bischöfliche Akademie des Bistums Aachen</strong><br/><strong>Sa 05.04.2025 &#8211; So 06.04.2025</strong><br/><strong>14.30 Uhr</strong><br/><strong>Von</strong> <strong>57,30 €</strong> (Tagungsbeitrag inkl. Tagungsverpflegung ohne Übernachtung und Frühstück)</p>

<figure class="wp-block-image alignwide size-full"><img data-recalc-dims="1" fetchpriority="high" decoding="async" width="640" height="272" src="https://i0.wp.com/schrittmacherfestival.nl/wp-content/uploads/2024/12/k-Seinsweisen_Ways-of-Being_Bischofliche-Akademie_Foto-Nils-Heck-e1733825034106.webp?resize=640%2C272&#038;ssl=1" alt="" class="wp-image-10567" srcset="https://i0.wp.com/schrittmacherfestival.nl/wp-content/uploads/2024/12/k-Seinsweisen_Ways-of-Being_Bischofliche-Akademie_Foto-Nils-Heck-e1733825034106.webp?w=752&amp;ssl=1 752w, https://i0.wp.com/schrittmacherfestival.nl/wp-content/uploads/2024/12/k-Seinsweisen_Ways-of-Being_Bischofliche-Akademie_Foto-Nils-Heck-e1733825034106.webp?resize=300%2C128&amp;ssl=1 300w, https://i0.wp.com/schrittmacherfestival.nl/wp-content/uploads/2024/12/k-Seinsweisen_Ways-of-Being_Bischofliche-Akademie_Foto-Nils-Heck-e1733825034106.webp?resize=31%2C13&amp;ssl=1 31w" sizes="(max-width: 640px) 100vw, 640px" /></figure>

<hr class="wp-block-separator has-css-opacity"/>

<p>Still-Sein, Miteinander-Sein, Wild-Sein, Verwandelt-Sein. Die eigenen Körper sind keine statischen Gebilde, sondern vielmehr offen, verbunden und mit einem Eigensinn ausgestattet: Prozesse der Veränderung werden erfahrbar, wenn ein Sein in ein anderes übergeht. Der Workshop kreiert einen Raum, in dem unterschiedliche Körperzustände und Bewegungsqualitäten erlebt und erforscht werden können. Das Miteinander-Tanzen als gemeinschaftliche Erfahrung und als Möglichkeit, die eigenen Bewegungsweisen zu erweitern, bildet ein zentrales Element. Die Performancekünstlerin, Bewegungsforscherin und Dozentin Dr. Mareike Buchmann lädt durch offene Fragestellungen und Aufgaben zu Entdeckungsreisen ein.<br/><br/>In Kooperation mit Bischöfliche Akademie des Bistums Aachen</p>

<hr class="wp-block-separator has-css-opacity"/>

<div class="wp-block-buttons is-horizontal is-content-justification-center is-layout-flex wp-container-core-buttons-is-layout-499968f5 wp-block-buttons-is-layout-flex">
<div class="wp-block-button"><a class="wp-block-button__link has-white-color has-black-background-color has-text-color has-background wp-element-button" href="https://bak-ac.de/start/" target="_blank" rel="noreferrer noopener"><strong>Weitere Infos &amp; Anmeldung: www.bak-ac.de</strong></a></div>
</div>

<hr class="wp-block-separator has-css-opacity"/>

<p>Tagung bijeenkomst (Zwei Tage) Bischöfliche Akademie des Bistums AachenSa 05.04.2025 &#8211; So 06.04.202514.30 UhrVon 57,30 € (Tagungsbeitrag inkl. Tagungsverpflegung ohne Übernachtung und Frühstück) Still-Sein, Miteinander-Sein, Wild-Sein, Verwandelt-Sein. Die eigenen Körper sind keine statischen Gebilde, sondern vielmehr offen, verbunden und mit einem Eigensinn ausgestattet: Prozesse der Veränderung werden erfahrbar, wenn ein Sein in ein anderes übergeht. Der Workshop kreiert einen Raum, [&hellip;]</p>
