{"id":1181,"date":"2021-06-03T15:04:55","date_gmt":"2021-06-03T15:04:55","guid":{"rendered":"https:\/\/schrittmacherfestival.nl\/kleur\/"},"modified":"2021-06-15T08:46:15","modified_gmt":"2021-06-15T08:46:15","slug":"kleur","status":"publish","type":"page","link":"https:\/\/schrittmacherfestival.nl\/de\/kleur\/","title":{"rendered":"KLeuR+"},"content":{"rendered":"\n<h2 class=\"wp-block-heading\"><span style=\"color:#000000\" class=\"tadv-color\">Dadodans | Gaia Gonnelli (ITA\/NED) \/ <\/span><strong><span style=\"color:#000000\" class=\"tadv-color\">2 Jahre +<\/span><\/strong><\/h2>\n\n\n\n<p><strong><span style=\"background-color:#f5ec5a\" class=\"tadv-background-color\"><strong>THEATER HEERLEN \u2013 VEBEGOfoyer<\/strong><\/span><\/strong><br><strong><span style=\"background-color:#f5ec5a\" class=\"tadv-background-color\">So 27 JUN 2021 <\/span><\/strong><br><strong><span style=\"background-color:#f5ec5a\" class=\"tadv-background-color\">10.00 Uhr <\/span><\/strong><br><strong><span style=\"background-color:#f5ec5a\" class=\"tadv-background-color\">\u20ac9,-<\/span><\/strong><\/p>\n\n\n\n<figure class=\"wp-block-image alignwide size-large\"><img data-recalc-dims=\"1\" fetchpriority=\"high\" decoding=\"async\" width=\"640\" height=\"260\" src=\"https:\/\/i0.wp.com\/schrittmacherfestival.nl\/wp-content\/uploads\/2021\/06\/KLeuR.jpeg?resize=640%2C260&#038;ssl=1\" alt=\"\" class=\"wp-image-219\" srcset=\"https:\/\/i0.wp.com\/schrittmacherfestival.nl\/wp-content\/uploads\/2021\/06\/KLeuR.jpeg?resize=1024%2C416&amp;ssl=1 1024w, https:\/\/i0.wp.com\/schrittmacherfestival.nl\/wp-content\/uploads\/2021\/06\/KLeuR.jpeg?resize=300%2C122&amp;ssl=1 300w, https:\/\/i0.wp.com\/schrittmacherfestival.nl\/wp-content\/uploads\/2021\/06\/KLeuR.jpeg?resize=768%2C312&amp;ssl=1 768w, https:\/\/i0.wp.com\/schrittmacherfestival.nl\/wp-content\/uploads\/2021\/06\/KLeuR.jpeg?w=1230&amp;ssl=1 1230w\" sizes=\"(max-width: 640px) 100vw, 640px\" \/><\/figure>\n\n\n\n<hr class=\"wp-block-separator\"\/>\n\n\n\n<h2 class=\"wp-block-heading\" id=\"tw-target-text\"><span style=\"color:#000000\" class=\"tadv-color\">Eine Vertiefung der zuvor geschaffenen Performance KLeuR<\/span><\/h2>\n\n\n\n<p>Ein Ton erklingt, er l\u00f6st etwas aus: eine Schwingung, klein und verspielt. Wohin reist der Klang und was m\u00f6chte er dir sagen? Diese \u00fcberraschende Tanzvorstellung f\u00fcr das allerj\u00fcngste Publikum folgt der Reise von der Schwingung zur Musik, vom Kauderwelsch zum Gesang. In einer stimmungsvollen und pers\u00f6nlichen Umgebung kommen eine T\u00e4nzerin und eine S\u00e4ngerin in Bewegung und entwickeln einen klangvollen Tanz, der auch das Publikum zum Schwingen bringt.<\/p>\n\n\n\n<p>Dauer: ~ 45 min. ohne Pause<\/p>\n\n\n\n<hr class=\"wp-block-separator\"\/>\n\n\n\n<div class=\"wp-block-buttons is-content-justification-center is-layout-flex wp-block-buttons-is-layout-flex\">\n<div class=\"wp-block-button\"><a class=\"wp-block-button__link has-black-color has-text-color has-background\" href=\"https:\/\/www.plt.nl\/bestel\/6486\" style=\"background-color:#f5ec5a\" target=\"_blank\" rel=\"noreferrer noopener\"><strong>Tickets bestellen<\/strong><\/a><\/div>\n<\/div>\n\n\n\n<hr class=\"wp-block-separator\"\/>\n\n\n\n<figure class=\"wp-block-embed aligncenter is-type-video is-provider-vimeo wp-block-embed-vimeo wp-embed-aspect-16-9 wp-has-aspect-ratio\"><div class=\"wp-block-embed__wrapper\">\n<div class=\"jetpack-video-wrapper\"><iframe title=\"KLeuR+ Trailer\" src=\"https:\/\/player.vimeo.com\/video\/466475629?dnt=1&amp;app_id=122963\" width=\"640\" height=\"360\" frameborder=\"0\" allow=\"autoplay; fullscreen; picture-in-picture; clipboard-write\"><\/iframe><\/div>\n<\/div><\/figure>\n\n\n\n<hr class=\"wp-block-separator\"\/>\n\n\n\n<figure class=\"wp-block-gallery columns-2 is-cropped wp-block-gallery-1 is-layout-flex wp-block-gallery-is-layout-flex\"><ul class=\"blocks-gallery-grid\"><li class=\"blocks-gallery-item\"><figure><img data-recalc-dims=\"1\" decoding=\"async\" width=\"640\" height=\"960\" src=\"https:\/\/i0.wp.com\/schrittmacherfestival.nl\/wp-content\/uploads\/2021\/06\/2021-06-27_foto_dadodans-kleur_tomek-dersu-aaron_001.1280x1280.jpg?resize=640%2C960&#038;ssl=1\" alt=\"\" data-id=\"228\" data-full-url=\"https:\/\/schrittmacherfestival.nl\/wp-content\/uploads\/2021\/06\/2021-06-27_foto_dadodans-kleur_tomek-dersu-aaron_001.1280x1280.jpg\" data-link=\"https:\/\/schrittmacherfestival.nl\/?attachment_id=228\" class=\"wp-image-228\" srcset=\"https:\/\/i0.wp.com\/schrittmacherfestival.nl\/wp-content\/uploads\/2021\/06\/2021-06-27_foto_dadodans-kleur_tomek-dersu-aaron_001.1280x1280.jpg?resize=683%2C1024&amp;ssl=1 683w, https:\/\/i0.wp.com\/schrittmacherfestival.nl\/wp-content\/uploads\/2021\/06\/2021-06-27_foto_dadodans-kleur_tomek-dersu-aaron_001.1280x1280.jpg?resize=200%2C300&amp;ssl=1 200w, https:\/\/i0.wp.com\/schrittmacherfestival.nl\/wp-content\/uploads\/2021\/06\/2021-06-27_foto_dadodans-kleur_tomek-dersu-aaron_001.1280x1280.jpg?resize=768%2C1151&amp;ssl=1 768w, https:\/\/i0.wp.com\/schrittmacherfestival.nl\/wp-content\/uploads\/2021\/06\/2021-06-27_foto_dadodans-kleur_tomek-dersu-aaron_001.1280x1280.jpg?w=854&amp;ssl=1 854w\" sizes=\"(max-width: 640px) 100vw, 640px\" \/><\/figure><\/li><li class=\"blocks-gallery-item\"><figure><img data-recalc-dims=\"1\" decoding=\"async\" width=\"640\" height=\"960\" src=\"https:\/\/i0.wp.com\/schrittmacherfestival.nl\/wp-content\/uploads\/2021\/06\/2021-06-27_foto_dadodans-kleur_tomek-dersu-aaron_008.1280x1280.jpg?resize=640%2C960&#038;ssl=1\" alt=\"\" data-id=\"229\" data-full-url=\"https:\/\/schrittmacherfestival.nl\/wp-content\/uploads\/2021\/06\/2021-06-27_foto_dadodans-kleur_tomek-dersu-aaron_008.1280x1280.jpg\" data-link=\"https:\/\/schrittmacherfestival.nl\/?attachment_id=229\" class=\"wp-image-229\" srcset=\"https:\/\/i0.wp.com\/schrittmacherfestival.nl\/wp-content\/uploads\/2021\/06\/2021-06-27_foto_dadodans-kleur_tomek-dersu-aaron_008.1280x1280.jpg?resize=683%2C1024&amp;ssl=1 683w, https:\/\/i0.wp.com\/schrittmacherfestival.nl\/wp-content\/uploads\/2021\/06\/2021-06-27_foto_dadodans-kleur_tomek-dersu-aaron_008.1280x1280.jpg?resize=200%2C300&amp;ssl=1 200w, https:\/\/i0.wp.com\/schrittmacherfestival.nl\/wp-content\/uploads\/2021\/06\/2021-06-27_foto_dadodans-kleur_tomek-dersu-aaron_008.1280x1280.jpg?resize=768%2C1151&amp;ssl=1 768w, https:\/\/i0.wp.com\/schrittmacherfestival.nl\/wp-content\/uploads\/2021\/06\/2021-06-27_foto_dadodans-kleur_tomek-dersu-aaron_008.1280x1280.jpg?w=854&amp;ssl=1 854w\" sizes=\"(max-width: 640px) 100vw, 640px\" \/><\/figure><\/li><\/ul><\/figure>\n\n\n\n<hr class=\"wp-block-separator\"\/>\n\n\n\n<p><\/p>\n","protected":false},"excerpt":{"rendered":"<p>Dadodans | Gaia Gonnelli (ITA\/NED) \/ 2 Jahre + THEATER HEERLEN \u2013 VEBEGOfoyerSo 27 JUN 2021 10.00 Uhr \u20ac9,- Eine Vertiefung der zuvor geschaffenen Performance KLeuR Ein Ton erklingt, er l\u00f6st etwas aus: eine Schwingung, klein und verspielt. Wohin reist der Klang und was m\u00f6chte er dir sagen? Diese \u00fcberraschende Tanzvorstellung f\u00fcr das allerj\u00fcngste Publikum folgt der Reise von der [&hellip;]<\/p>\n","protected":false},"author":1,"featured_media":0,"parent":0,"menu_order":0,"comment_status":"closed","ping_status":"closed","template":"","meta":{"_acf_changed":false,"footnotes":""},"class_list":["post-1181","page","type-page","status-publish","hentry"],"aioseo_notices":[],"acf":[],"jetpack_sharing_enabled":true,"_links":{"self":[{"href":"https:\/\/schrittmacherfestival.nl\/de\/wp-json\/wp\/v2\/pages\/1181","targetHints":{"allow":["GET"]}}],"collection":[{"href":"https:\/\/schrittmacherfestival.nl\/de\/wp-json\/wp\/v2\/pages"}],"about":[{"href":"https:\/\/schrittmacherfestival.nl\/de\/wp-json\/wp\/v2\/types\/page"}],"author":[{"embeddable":true,"href":"https:\/\/schrittmacherfestival.nl\/de\/wp-json\/wp\/v2\/users\/1"}],"replies":[{"embeddable":true,"href":"https:\/\/schrittmacherfestival.nl\/de\/wp-json\/wp\/v2\/comments?post=1181"}],"version-history":[{"count":2,"href":"https:\/\/schrittmacherfestival.nl\/de\/wp-json\/wp\/v2\/pages\/1181\/revisions"}],"predecessor-version":[{"id":1185,"href":"https:\/\/schrittmacherfestival.nl\/de\/wp-json\/wp\/v2\/pages\/1181\/revisions\/1185"}],"wp:attachment":[{"href":"https:\/\/schrittmacherfestival.nl\/de\/wp-json\/wp\/v2\/media?parent=1181"}],"curies":[{"name":"wp","href":"https:\/\/api.w.org\/{rel}","templated":true}]}}

<h2 class="wp-block-heading"><span style="color:#000000" class="tadv-color">Dadodans | Gaia Gonnelli (ITA/NED) / </span><strong><span style="color:#000000" class="tadv-color">2 Jahre +</span></strong></h2>



<p><strong><span style="background-color:#f5ec5a" class="tadv-background-color"><strong>THEATER HEERLEN – VEBEGOfoyer</strong></span></strong><br><strong><span style="background-color:#f5ec5a" class="tadv-background-color">So 27 JUN 2021 </span></strong><br><strong><span style="background-color:#f5ec5a" class="tadv-background-color">10.00 Uhr </span></strong><br><strong><span style="background-color:#f5ec5a" class="tadv-background-color">€9,-</span></strong></p>



<figure class="wp-block-image alignwide size-large"><img data-recalc-dims="1" fetchpriority="high" decoding="async" width="640" height="260" src="https://i0.wp.com/schrittmacherfestival.nl/wp-content/uploads/2021/06/KLeuR.jpeg?resize=640%2C260&#038;ssl=1" alt="" class="wp-image-219" srcset="https://i0.wp.com/schrittmacherfestival.nl/wp-content/uploads/2021/06/KLeuR.jpeg?resize=1024%2C416&amp;ssl=1 1024w, https://i0.wp.com/schrittmacherfestival.nl/wp-content/uploads/2021/06/KLeuR.jpeg?resize=300%2C122&amp;ssl=1 300w, https://i0.wp.com/schrittmacherfestival.nl/wp-content/uploads/2021/06/KLeuR.jpeg?resize=768%2C312&amp;ssl=1 768w, https://i0.wp.com/schrittmacherfestival.nl/wp-content/uploads/2021/06/KLeuR.jpeg?w=1230&amp;ssl=1 1230w" sizes="(max-width: 640px) 100vw, 640px" /></figure>



<hr class="wp-block-separator"/>



<h2 class="wp-block-heading" id="tw-target-text"><span style="color:#000000" class="tadv-color">Eine Vertiefung der zuvor geschaffenen Performance KLeuR</span></h2>



<p>Ein Ton erklingt, er löst etwas aus: eine Schwingung, klein und verspielt. Wohin reist der Klang und was möchte er dir sagen? Diese überraschende Tanzvorstellung für das allerjüngste Publikum folgt der Reise von der Schwingung zur Musik, vom Kauderwelsch zum Gesang. In einer stimmungsvollen und persönlichen Umgebung kommen eine Tänzerin und eine Sängerin in Bewegung und entwickeln einen klangvollen Tanz, der auch das Publikum zum Schwingen bringt.</p>



<p>Dauer: ~ 45 min. ohne Pause</p>



<hr class="wp-block-separator"/>



<div class="wp-block-buttons is-content-justification-center is-layout-flex wp-block-buttons-is-layout-flex">
<div class="wp-block-button"><a class="wp-block-button__link has-black-color has-text-color has-background" href="https://www.plt.nl/bestel/6486" style="background-color:#f5ec5a" target="_blank" rel="noreferrer noopener"><strong>Tickets bestellen</strong></a></div>
</div>



<hr class="wp-block-separator"/>



<figure class="wp-block-embed aligncenter is-type-video is-provider-vimeo wp-block-embed-vimeo wp-embed-aspect-16-9 wp-has-aspect-ratio"><div class="wp-block-embed__wrapper">
<div class="jetpack-video-wrapper"><iframe title="KLeuR+ Trailer" src="https://player.vimeo.com/video/466475629?dnt=1&amp;app_id=122963" width="640" height="360" frameborder="0" allow="autoplay; fullscreen; picture-in-picture; clipboard-write"></iframe></div>
</div></figure>



<hr class="wp-block-separator"/>



<figure class="wp-block-gallery columns-2 is-cropped wp-block-gallery-1 is-layout-flex wp-block-gallery-is-layout-flex"><ul class="blocks-gallery-grid"><li class="blocks-gallery-item"><figure><img data-recalc-dims="1" decoding="async" width="640" height="960" src="https://i0.wp.com/schrittmacherfestival.nl/wp-content/uploads/2021/06/2021-06-27_foto_dadodans-kleur_tomek-dersu-aaron_001.1280x1280.jpg?resize=640%2C960&#038;ssl=1" alt="" data-id="228" data-full-url="https://schrittmacherfestival.nl/wp-content/uploads/2021/06/2021-06-27_foto_dadodans-kleur_tomek-dersu-aaron_001.1280x1280.jpg" data-link="https://schrittmacherfestival.nl/?attachment_id=228" class="wp-image-228" srcset="https://i0.wp.com/schrittmacherfestival.nl/wp-content/uploads/2021/06/2021-06-27_foto_dadodans-kleur_tomek-dersu-aaron_001.1280x1280.jpg?resize=683%2C1024&amp;ssl=1 683w, https://i0.wp.com/schrittmacherfestival.nl/wp-content/uploads/2021/06/2021-06-27_foto_dadodans-kleur_tomek-dersu-aaron_001.1280x1280.jpg?resize=200%2C300&amp;ssl=1 200w, https://i0.wp.com/schrittmacherfestival.nl/wp-content/uploads/2021/06/2021-06-27_foto_dadodans-kleur_tomek-dersu-aaron_001.1280x1280.jpg?resize=768%2C1151&amp;ssl=1 768w, https://i0.wp.com/schrittmacherfestival.nl/wp-content/uploads/2021/06/2021-06-27_foto_dadodans-kleur_tomek-dersu-aaron_001.1280x1280.jpg?w=854&amp;ssl=1 854w" sizes="(max-width: 640px) 100vw, 640px" /></figure></li><li class="blocks-gallery-item"><figure><img data-recalc-dims="1" decoding="async" width="640" height="960" src="https://i0.wp.com/schrittmacherfestival.nl/wp-content/uploads/2021/06/2021-06-27_foto_dadodans-kleur_tomek-dersu-aaron_008.1280x1280.jpg?resize=640%2C960&#038;ssl=1" alt="" data-id="229" data-full-url="https://schrittmacherfestival.nl/wp-content/uploads/2021/06/2021-06-27_foto_dadodans-kleur_tomek-dersu-aaron_008.1280x1280.jpg" data-link="https://schrittmacherfestival.nl/?attachment_id=229" class="wp-image-229" srcset="https://i0.wp.com/schrittmacherfestival.nl/wp-content/uploads/2021/06/2021-06-27_foto_dadodans-kleur_tomek-dersu-aaron_008.1280x1280.jpg?resize=683%2C1024&amp;ssl=1 683w, https://i0.wp.com/schrittmacherfestival.nl/wp-content/uploads/2021/06/2021-06-27_foto_dadodans-kleur_tomek-dersu-aaron_008.1280x1280.jpg?resize=200%2C300&amp;ssl=1 200w, https://i0.wp.com/schrittmacherfestival.nl/wp-content/uploads/2021/06/2021-06-27_foto_dadodans-kleur_tomek-dersu-aaron_008.1280x1280.jpg?resize=768%2C1151&amp;ssl=1 768w, https://i0.wp.com/schrittmacherfestival.nl/wp-content/uploads/2021/06/2021-06-27_foto_dadodans-kleur_tomek-dersu-aaron_008.1280x1280.jpg?w=854&amp;ssl=1 854w" sizes="(max-width: 640px) 100vw, 640px" /></figure></li></ul></figure>



<hr class="wp-block-separator"/>



<p></p>

<p>Dadodans | Gaia Gonnelli (ITA/NED) / 2 Jahre + THEATER HEERLEN – VEBEGOfoyerSo 27 JUN 2021 10.00 Uhr €9,- Eine Vertiefung der zuvor geschaffenen Performance KLeuR Ein Ton erklingt, er löst etwas aus: eine Schwingung, klein und verspielt. Wohin reist der Klang und was möchte er dir sagen? Diese überraschende Tanzvorstellung für das allerjüngste Publikum folgt der Reise von der [&hellip;]</p>
