{"id":12000,"date":"2025-12-08T10:51:01","date_gmt":"2025-12-08T10:51:01","guid":{"rendered":"https:\/\/schrittmacherfestival.nl\/paintformance-back-to-zero\/"},"modified":"2025-12-18T11:17:02","modified_gmt":"2025-12-18T11:17:02","slug":"paintformance-back-to-zero","status":"publish","type":"page","link":"https:\/\/schrittmacherfestival.nl\/de\/paintformance-back-to-zero\/","title":{"rendered":"Paint\u00b4formance: BACK TO ZERO"},"content":{"rendered":"\n<h1 class=\"wp-block-heading has-black-color has-text-color\" id=\"hofesh-shechter-company-gbr\"><strong><strong>Kadir \u201cAmigo\u201d Memi\u015f <\/strong>(DE\/TR)<\/strong><\/h1>\n\n<p><strong>Atelierhaus Aachen<\/strong><br\/><strong><strong>Sa 07.03.2026<\/strong><\/strong><br\/><strong>16.00 Uhr<\/strong><br\/><strong>13,00 \u20ac &#8211; 17,00 \u20ac<\/strong><\/p>\n\n<figure class=\"wp-block-image alignwide size-full\"><img data-recalc-dims=\"1\" fetchpriority=\"high\" decoding=\"async\" width=\"640\" height=\"267\" src=\"https:\/\/i0.wp.com\/schrittmacherfestival.nl\/wp-content\/uploads\/2025\/12\/Kadir_Amigo_Memis_c_privat_01-scaled-e1765190601637.jpg?resize=640%2C267&#038;ssl=1\" alt=\"\" class=\"wp-image-11991\" srcset=\"https:\/\/i0.wp.com\/schrittmacherfestival.nl\/wp-content\/uploads\/2025\/12\/Kadir_Amigo_Memis_c_privat_01-scaled-e1765190601637.jpg?w=1200&amp;ssl=1 1200w, https:\/\/i0.wp.com\/schrittmacherfestival.nl\/wp-content\/uploads\/2025\/12\/Kadir_Amigo_Memis_c_privat_01-scaled-e1765190601637.jpg?resize=300%2C125&amp;ssl=1 300w, https:\/\/i0.wp.com\/schrittmacherfestival.nl\/wp-content\/uploads\/2025\/12\/Kadir_Amigo_Memis_c_privat_01-scaled-e1765190601637.jpg?resize=1024%2C427&amp;ssl=1 1024w, https:\/\/i0.wp.com\/schrittmacherfestival.nl\/wp-content\/uploads\/2025\/12\/Kadir_Amigo_Memis_c_privat_01-scaled-e1765190601637.jpg?resize=768%2C320&amp;ssl=1 768w, https:\/\/i0.wp.com\/schrittmacherfestival.nl\/wp-content\/uploads\/2025\/12\/Kadir_Amigo_Memis_c_privat_01-scaled-e1765190601637.jpg?resize=31%2C13&amp;ssl=1 31w\" sizes=\"(max-width: 640px) 100vw, 640px\" \/><\/figure>\n\n<hr class=\"wp-block-separator has-css-opacity\"\/>\n\n<p>Der renommierte T\u00e4nzer, Choreograf und Gr\u00fcnder der international erfolgreichen Hip Hop Gruppe \u201eFlying Steps\u201c Kadir \u201eAmigo\u201c Memi\u015f gilt als Pionier der deutschen Hip Hop Szene, die er nicht nur t\u00e4nzerisch gepr\u00e4gt hat. Er widmet sich seit \u00fcber 30 Jahren dem \u201estyle writing\u201c, das er aus Kalligrafie, (Post-Graffiti und biografischen Einfl\u00fcssen zu seiner eigenen Handschrift als bildender K\u00fcnstler entwickelt hat. In \u201eBACK TO ZERO\u201c \u00fcbersetzt er das Momentum seiner Bewegungen in Aerosol Art und erschafft so ein faszinierendes Gesamtkunstwerk aus Bewegung, anatolischen Kl\u00e4ngen, Jazz und Hip Hop Beats, Malerpinsel und Spraydosen.<\/p>\n\n<p>Duration: ~ 60 min. no interval<\/p>\n\n<p><strong>So 01.03. &#8211; Sa 07.03.2026<\/strong><br\/>Visual Arts Exhibition<br\/><a href=\"https:\/\/schrittmacherfestival.nl\/de\/exhibition-celestial-metamorphosis\/\" title=\"\">CELESTIAL METAMORPHOSIS<\/a><br\/>Free<\/p>\n\n<p><strong>So 01.03.2026<\/strong><br\/>Expo opening + Artist talk [DE\/TR]<\/p>\n\n<p><strong>So 01.03.2026<\/strong><br\/>17:15, Atelierhaus Aachen<br\/>Aftertalk [DE\/TR]<br\/>Free<\/p>\n\n<p><strong>Fr 06.03.2026<\/strong><br\/>Artist Talk\u00a0 [DE\/TR]<br\/>Free<\/p>\n\n<p><strong>So 08.03.2026<\/strong><br\/>Workshop <a href=\"https:\/\/schrittmacherfestival.nl\/de\/storytelling-cartoon-style-locking\/\" title=\"\">\u201cStorytelling \/ Cartoon Style Locking\u201d<\/a><\/p>\n\n<hr class=\"wp-block-separator has-css-opacity\"\/>\n\n<div class=\"wp-block-buttons is-horizontal is-content-justification-center is-layout-flex wp-container-core-buttons-is-layout-499968f5 wp-block-buttons-is-layout-flex\">\n<div class=\"wp-block-button\"><a class=\"wp-block-button__link has-white-color has-black-background-color has-text-color has-background wp-element-button\" href=\"https:\/\/bestellen.plt.nl\/bestel\/13797\" target=\"_blank\" rel=\"noreferrer noopener\"><strong>Tickets Sa 07.03 | 16.00 Uhr<\/strong><\/a><\/div>\n<\/div>\n\n<hr class=\"wp-block-separator has-css-opacity\"\/>\n\n<div class=\"wp-block-jetpack-tiled-gallery aligncenter is-style-rectangular\"><div class=\"\"><div class=\"tiled-gallery__gallery\"><div class=\"tiled-gallery__row\"><div class=\"tiled-gallery__col\" style=\"flex-basis:43.06889%\"><figure class=\"tiled-gallery__item\"><img decoding=\"async\" srcset=\"https:\/\/i0.wp.com\/schrittmacherfestival.nl\/wp-content\/uploads\/2025\/12\/Kadir_Amigo_Memis_c_privat_02-576x1024.jpeg?strip=info&#038;w=600&#038;ssl=1 600w,https:\/\/i0.wp.com\/schrittmacherfestival.nl\/wp-content\/uploads\/2025\/12\/Kadir_Amigo_Memis_c_privat_02-576x1024.jpeg?strip=info&#038;w=900&#038;ssl=1 900w\" alt=\"\" data-height=\"1600\" data-id=\"11994\" data-link=\"https:\/\/schrittmacherfestival.nl\/?attachment_id=11994\" data-url=\"https:\/\/schrittmacherfestival.nl\/wp-content\/uploads\/2025\/12\/Kadir_Amigo_Memis_c_privat_02-576x1024.jpeg\" data-width=\"900\" src=\"https:\/\/i0.wp.com\/schrittmacherfestival.nl\/wp-content\/uploads\/2025\/12\/Kadir_Amigo_Memis_c_privat_02-576x1024.jpeg?ssl=1\" data-amp-layout=\"responsive\"\/><\/figure><\/div><div class=\"tiled-gallery__col\" style=\"flex-basis:56.93111%\"><figure class=\"tiled-gallery__item\"><img decoding=\"async\" srcset=\"https:\/\/i0.wp.com\/schrittmacherfestival.nl\/wp-content\/uploads\/2025\/12\/Kadir_Amigo_Memis_c_Victoria_Tomaschko-1024x683.jpg?strip=info&#038;w=600&#038;ssl=1 600w,https:\/\/i0.wp.com\/schrittmacherfestival.nl\/wp-content\/uploads\/2025\/12\/Kadir_Amigo_Memis_c_Victoria_Tomaschko-1024x683.jpg?strip=info&#038;w=900&#038;ssl=1 900w,https:\/\/i0.wp.com\/schrittmacherfestival.nl\/wp-content\/uploads\/2025\/12\/Kadir_Amigo_Memis_c_Victoria_Tomaschko-1024x683.jpg?strip=info&#038;w=1200&#038;ssl=1 1200w,https:\/\/i0.wp.com\/schrittmacherfestival.nl\/wp-content\/uploads\/2025\/12\/Kadir_Amigo_Memis_c_Victoria_Tomaschko-1024x683.jpg?strip=info&#038;w=1500&#038;ssl=1 1500w,https:\/\/i0.wp.com\/schrittmacherfestival.nl\/wp-content\/uploads\/2025\/12\/Kadir_Amigo_Memis_c_Victoria_Tomaschko-1024x683.jpg?strip=info&#038;w=1800&#038;ssl=1 1800w,https:\/\/i0.wp.com\/schrittmacherfestival.nl\/wp-content\/uploads\/2025\/12\/Kadir_Amigo_Memis_c_Victoria_Tomaschko-1024x683.jpg?strip=info&#038;w=2000&#038;ssl=1 2000w\" alt=\"\" data-height=\"1708\" data-id=\"11996\" data-link=\"https:\/\/schrittmacherfestival.nl\/?attachment_id=11996\" data-url=\"https:\/\/schrittmacherfestival.nl\/wp-content\/uploads\/2025\/12\/Kadir_Amigo_Memis_c_Victoria_Tomaschko-1024x683.jpg\" data-width=\"2560\" src=\"https:\/\/i0.wp.com\/schrittmacherfestival.nl\/wp-content\/uploads\/2025\/12\/Kadir_Amigo_Memis_c_Victoria_Tomaschko-1024x683.jpg?ssl=1\" data-amp-layout=\"responsive\"\/><\/figure><figure class=\"tiled-gallery__item\"><img decoding=\"async\" srcset=\"https:\/\/i0.wp.com\/schrittmacherfestival.nl\/wp-content\/uploads\/2025\/12\/Kadir_Amigo_Memis_c_Yukihiro-Ikutani-1024x683.jpg?strip=info&#038;w=600&#038;ssl=1 600w,https:\/\/i0.wp.com\/schrittmacherfestival.nl\/wp-content\/uploads\/2025\/12\/Kadir_Amigo_Memis_c_Yukihiro-Ikutani-1024x683.jpg?strip=info&#038;w=900&#038;ssl=1 900w,https:\/\/i0.wp.com\/schrittmacherfestival.nl\/wp-content\/uploads\/2025\/12\/Kadir_Amigo_Memis_c_Yukihiro-Ikutani-1024x683.jpg?strip=info&#038;w=1200&#038;ssl=1 1200w,https:\/\/i0.wp.com\/schrittmacherfestival.nl\/wp-content\/uploads\/2025\/12\/Kadir_Amigo_Memis_c_Yukihiro-Ikutani-1024x683.jpg?strip=info&#038;w=1500&#038;ssl=1 1500w,https:\/\/i0.wp.com\/schrittmacherfestival.nl\/wp-content\/uploads\/2025\/12\/Kadir_Amigo_Memis_c_Yukihiro-Ikutani-1024x683.jpg?strip=info&#038;w=1800&#038;ssl=1 1800w,https:\/\/i0.wp.com\/schrittmacherfestival.nl\/wp-content\/uploads\/2025\/12\/Kadir_Amigo_Memis_c_Yukihiro-Ikutani-1024x683.jpg?strip=info&#038;w=2000&#038;ssl=1 2000w\" alt=\"\" data-height=\"1707\" data-id=\"11995\" data-link=\"https:\/\/schrittmacherfestival.nl\/?attachment_id=11995\" data-url=\"https:\/\/schrittmacherfestival.nl\/wp-content\/uploads\/2025\/12\/Kadir_Amigo_Memis_c_Yukihiro-Ikutani-1024x683.jpg\" data-width=\"2560\" src=\"https:\/\/i0.wp.com\/schrittmacherfestival.nl\/wp-content\/uploads\/2025\/12\/Kadir_Amigo_Memis_c_Yukihiro-Ikutani-1024x683.jpg?ssl=1\" data-amp-layout=\"responsive\"\/><\/figure><\/div><\/div><\/div><\/div><\/div><br>\n\n<hr class=\"wp-block-separator has-css-opacity\"\/>\n","protected":false},"excerpt":{"rendered":"<p>Kadir \u201cAmigo\u201d Memi\u015f (DE\/TR) Atelierhaus AachenSa 07.03.202616.00 Uhr13,00 \u20ac &#8211; 17,00 \u20ac Der renommierte T\u00e4nzer, Choreograf und Gr\u00fcnder der international erfolgreichen Hip Hop Gruppe \u201eFlying Steps\u201c Kadir \u201eAmigo\u201c Memi\u015f gilt als Pionier der deutschen Hip Hop Szene, die er nicht nur t\u00e4nzerisch gepr\u00e4gt hat. Er widmet sich seit \u00fcber 30 Jahren dem \u201estyle writing\u201c, das er aus Kalligrafie, (Post-Graffiti und [&hellip;]<\/p>\n","protected":false},"author":1,"featured_media":0,"parent":0,"menu_order":0,"comment_status":"closed","ping_status":"closed","template":"","meta":{"_acf_changed":false,"footnotes":""},"class_list":["post-12000","page","type-page","status-publish","hentry"],"aioseo_notices":[],"acf":[],"jetpack_sharing_enabled":true,"_links":{"self":[{"href":"https:\/\/schrittmacherfestival.nl\/de\/wp-json\/wp\/v2\/pages\/12000","targetHints":{"allow":["GET"]}}],"collection":[{"href":"https:\/\/schrittmacherfestival.nl\/de\/wp-json\/wp\/v2\/pages"}],"about":[{"href":"https:\/\/schrittmacherfestival.nl\/de\/wp-json\/wp\/v2\/types\/page"}],"author":[{"embeddable":true,"href":"https:\/\/schrittmacherfestival.nl\/de\/wp-json\/wp\/v2\/users\/1"}],"replies":[{"embeddable":true,"href":"https:\/\/schrittmacherfestival.nl\/de\/wp-json\/wp\/v2\/comments?post=12000"}],"version-history":[{"count":6,"href":"https:\/\/schrittmacherfestival.nl\/de\/wp-json\/wp\/v2\/pages\/12000\/revisions"}],"predecessor-version":[{"id":13331,"href":"https:\/\/schrittmacherfestival.nl\/de\/wp-json\/wp\/v2\/pages\/12000\/revisions\/13331"}],"wp:attachment":[{"href":"https:\/\/schrittmacherfestival.nl\/de\/wp-json\/wp\/v2\/media?parent=12000"}],"curies":[{"name":"wp","href":"https:\/\/api.w.org\/{rel}","templated":true}]}}

<h1 class="wp-block-heading has-black-color has-text-color" id="hofesh-shechter-company-gbr"><strong><strong>Kadir “Amigo” Memiş </strong>(DE/TR)</strong></h1>

<p><strong>Atelierhaus Aachen</strong><br/><strong><strong>Sa 07.03.2026</strong></strong><br/><strong>16.00 Uhr</strong><br/><strong>13,00 € &#8211; 17,00 €</strong></p>

<figure class="wp-block-image alignwide size-full"><img data-recalc-dims="1" fetchpriority="high" decoding="async" width="640" height="267" src="https://i0.wp.com/schrittmacherfestival.nl/wp-content/uploads/2025/12/Kadir_Amigo_Memis_c_privat_01-scaled-e1765190601637.jpg?resize=640%2C267&#038;ssl=1" alt="" class="wp-image-11991" srcset="https://i0.wp.com/schrittmacherfestival.nl/wp-content/uploads/2025/12/Kadir_Amigo_Memis_c_privat_01-scaled-e1765190601637.jpg?w=1200&amp;ssl=1 1200w, https://i0.wp.com/schrittmacherfestival.nl/wp-content/uploads/2025/12/Kadir_Amigo_Memis_c_privat_01-scaled-e1765190601637.jpg?resize=300%2C125&amp;ssl=1 300w, https://i0.wp.com/schrittmacherfestival.nl/wp-content/uploads/2025/12/Kadir_Amigo_Memis_c_privat_01-scaled-e1765190601637.jpg?resize=1024%2C427&amp;ssl=1 1024w, https://i0.wp.com/schrittmacherfestival.nl/wp-content/uploads/2025/12/Kadir_Amigo_Memis_c_privat_01-scaled-e1765190601637.jpg?resize=768%2C320&amp;ssl=1 768w, https://i0.wp.com/schrittmacherfestival.nl/wp-content/uploads/2025/12/Kadir_Amigo_Memis_c_privat_01-scaled-e1765190601637.jpg?resize=31%2C13&amp;ssl=1 31w" sizes="(max-width: 640px) 100vw, 640px" /></figure>

<hr class="wp-block-separator has-css-opacity"/>

<p>Der renommierte Tänzer, Choreograf und Gründer der international erfolgreichen Hip Hop Gruppe „Flying Steps“ Kadir „Amigo“ Memiş gilt als Pionier der deutschen Hip Hop Szene, die er nicht nur tänzerisch geprägt hat. Er widmet sich seit über 30 Jahren dem „style writing“, das er aus Kalligrafie, (Post-Graffiti und biografischen Einflüssen zu seiner eigenen Handschrift als bildender Künstler entwickelt hat. In „BACK TO ZERO“ übersetzt er das Momentum seiner Bewegungen in Aerosol Art und erschafft so ein faszinierendes Gesamtkunstwerk aus Bewegung, anatolischen Klängen, Jazz und Hip Hop Beats, Malerpinsel und Spraydosen.</p>

<p>Duration: ~ 60 min. no interval</p>

<p><strong>So 01.03. &#8211; Sa 07.03.2026</strong><br/>Visual Arts Exhibition<br/><a href="https://schrittmacherfestival.nl/de/exhibition-celestial-metamorphosis/" title="">CELESTIAL METAMORPHOSIS</a><br/>Free</p>

<p><strong>So 01.03.2026</strong><br/>Expo opening + Artist talk [DE/TR]</p>

<p><strong>So 01.03.2026</strong><br/>17:15, Atelierhaus Aachen<br/>Aftertalk [DE/TR]<br/>Free</p>

<p><strong>Fr 06.03.2026</strong><br/>Artist Talk  [DE/TR]<br/>Free</p>

<p><strong>So 08.03.2026</strong><br/>Workshop <a href="https://schrittmacherfestival.nl/de/storytelling-cartoon-style-locking/" title="">“Storytelling / Cartoon Style Locking”</a></p>

<hr class="wp-block-separator has-css-opacity"/>

<div class="wp-block-buttons is-horizontal is-content-justification-center is-layout-flex wp-container-core-buttons-is-layout-499968f5 wp-block-buttons-is-layout-flex">
<div class="wp-block-button"><a class="wp-block-button__link has-white-color has-black-background-color has-text-color has-background wp-element-button" href="https://bestellen.plt.nl/bestel/13797" target="_blank" rel="noreferrer noopener"><strong>Tickets Sa 07.03 | 16.00 Uhr</strong></a></div>
</div>

<hr class="wp-block-separator has-css-opacity"/>

<div class="wp-block-jetpack-tiled-gallery aligncenter is-style-rectangular"><div class=""><div class="tiled-gallery__gallery"><div class="tiled-gallery__row"><div class="tiled-gallery__col" style="flex-basis:43.06889%"><figure class="tiled-gallery__item"><img decoding="async" srcset="https://i0.wp.com/schrittmacherfestival.nl/wp-content/uploads/2025/12/Kadir_Amigo_Memis_c_privat_02-576x1024.jpeg?strip=info&#038;w=600&#038;ssl=1 600w,https://i0.wp.com/schrittmacherfestival.nl/wp-content/uploads/2025/12/Kadir_Amigo_Memis_c_privat_02-576x1024.jpeg?strip=info&#038;w=900&#038;ssl=1 900w" alt="" data-height="1600" data-id="11994" data-link="https://schrittmacherfestival.nl/?attachment_id=11994" data-url="https://schrittmacherfestival.nl/wp-content/uploads/2025/12/Kadir_Amigo_Memis_c_privat_02-576x1024.jpeg" data-width="900" src="https://i0.wp.com/schrittmacherfestival.nl/wp-content/uploads/2025/12/Kadir_Amigo_Memis_c_privat_02-576x1024.jpeg?ssl=1" data-amp-layout="responsive"/></figure></div><div class="tiled-gallery__col" style="flex-basis:56.93111%"><figure class="tiled-gallery__item"><img decoding="async" srcset="https://i0.wp.com/schrittmacherfestival.nl/wp-content/uploads/2025/12/Kadir_Amigo_Memis_c_Victoria_Tomaschko-1024x683.jpg?strip=info&#038;w=600&#038;ssl=1 600w,https://i0.wp.com/schrittmacherfestival.nl/wp-content/uploads/2025/12/Kadir_Amigo_Memis_c_Victoria_Tomaschko-1024x683.jpg?strip=info&#038;w=900&#038;ssl=1 900w,https://i0.wp.com/schrittmacherfestival.nl/wp-content/uploads/2025/12/Kadir_Amigo_Memis_c_Victoria_Tomaschko-1024x683.jpg?strip=info&#038;w=1200&#038;ssl=1 1200w,https://i0.wp.com/schrittmacherfestival.nl/wp-content/uploads/2025/12/Kadir_Amigo_Memis_c_Victoria_Tomaschko-1024x683.jpg?strip=info&#038;w=1500&#038;ssl=1 1500w,https://i0.wp.com/schrittmacherfestival.nl/wp-content/uploads/2025/12/Kadir_Amigo_Memis_c_Victoria_Tomaschko-1024x683.jpg?strip=info&#038;w=1800&#038;ssl=1 1800w,https://i0.wp.com/schrittmacherfestival.nl/wp-content/uploads/2025/12/Kadir_Amigo_Memis_c_Victoria_Tomaschko-1024x683.jpg?strip=info&#038;w=2000&#038;ssl=1 2000w" alt="" data-height="1708" data-id="11996" data-link="https://schrittmacherfestival.nl/?attachment_id=11996" data-url="https://schrittmacherfestival.nl/wp-content/uploads/2025/12/Kadir_Amigo_Memis_c_Victoria_Tomaschko-1024x683.jpg" data-width="2560" src="https://i0.wp.com/schrittmacherfestival.nl/wp-content/uploads/2025/12/Kadir_Amigo_Memis_c_Victoria_Tomaschko-1024x683.jpg?ssl=1" data-amp-layout="responsive"/></figure><figure class="tiled-gallery__item"><img decoding="async" srcset="https://i0.wp.com/schrittmacherfestival.nl/wp-content/uploads/2025/12/Kadir_Amigo_Memis_c_Yukihiro-Ikutani-1024x683.jpg?strip=info&#038;w=600&#038;ssl=1 600w,https://i0.wp.com/schrittmacherfestival.nl/wp-content/uploads/2025/12/Kadir_Amigo_Memis_c_Yukihiro-Ikutani-1024x683.jpg?strip=info&#038;w=900&#038;ssl=1 900w,https://i0.wp.com/schrittmacherfestival.nl/wp-content/uploads/2025/12/Kadir_Amigo_Memis_c_Yukihiro-Ikutani-1024x683.jpg?strip=info&#038;w=1200&#038;ssl=1 1200w,https://i0.wp.com/schrittmacherfestival.nl/wp-content/uploads/2025/12/Kadir_Amigo_Memis_c_Yukihiro-Ikutani-1024x683.jpg?strip=info&#038;w=1500&#038;ssl=1 1500w,https://i0.wp.com/schrittmacherfestival.nl/wp-content/uploads/2025/12/Kadir_Amigo_Memis_c_Yukihiro-Ikutani-1024x683.jpg?strip=info&#038;w=1800&#038;ssl=1 1800w,https://i0.wp.com/schrittmacherfestival.nl/wp-content/uploads/2025/12/Kadir_Amigo_Memis_c_Yukihiro-Ikutani-1024x683.jpg?strip=info&#038;w=2000&#038;ssl=1 2000w" alt="" data-height="1707" data-id="11995" data-link="https://schrittmacherfestival.nl/?attachment_id=11995" data-url="https://schrittmacherfestival.nl/wp-content/uploads/2025/12/Kadir_Amigo_Memis_c_Yukihiro-Ikutani-1024x683.jpg" data-width="2560" src="https://i0.wp.com/schrittmacherfestival.nl/wp-content/uploads/2025/12/Kadir_Amigo_Memis_c_Yukihiro-Ikutani-1024x683.jpg?ssl=1" data-amp-layout="responsive"/></figure></div></div></div></div></div><br>

<hr class="wp-block-separator has-css-opacity"/>

<p>Kadir “Amigo” Memiş (DE/TR) Atelierhaus AachenSa 07.03.202616.00 Uhr13,00 € &#8211; 17,00 € Der renommierte Tänzer, Choreograf und Gründer der international erfolgreichen Hip Hop Gruppe „Flying Steps“ Kadir „Amigo“ Memiş gilt als Pionier der deutschen Hip Hop Szene, die er nicht nur tänzerisch geprägt hat. Er widmet sich seit über 30 Jahren dem „style writing“, das er aus Kalligrafie, (Post-Graffiti und [&hellip;]</p>
