{"id":12074,"date":"2025-12-08T13:14:16","date_gmt":"2025-12-08T13:14:16","guid":{"rendered":"https:\/\/schrittmacherfestival.nl\/stabat-mater\/"},"modified":"2025-12-18T11:23:52","modified_gmt":"2025-12-18T11:23:52","slug":"stabat-mater","status":"publish","type":"page","link":"https:\/\/schrittmacherfestival.nl\/de\/stabat-mater\/","title":{"rendered":"Stabat Mater"},"content":{"rendered":"\n<h1 class=\"wp-block-heading has-black-color has-text-color\" id=\"hofesh-shechter-company-gbr\"><strong>Stephen Shropshire in collaboration with Ad Mosam <\/strong>(NL)<\/h1>\n\n<p><strong>Theater Heerlen \/ LIMBURGzaal<\/strong><br\/><strong>Sa 14.03.2026<\/strong><br\/><strong>19:00 + 21:00 Uhr<\/strong><br\/><strong>21,50 \u20ac<\/strong><\/p>\n\n<figure class=\"wp-block-image alignwide size-full\"><img data-recalc-dims=\"1\" fetchpriority=\"high\" decoding=\"async\" width=\"640\" height=\"267\" src=\"https:\/\/i0.wp.com\/schrittmacherfestival.nl\/wp-content\/uploads\/2025\/12\/Stabat-Mater-Image-HR_Shropshire-scaled-e1765196102454.jpg?resize=640%2C267&#038;ssl=1\" alt=\"\" class=\"wp-image-12031\" srcset=\"https:\/\/i0.wp.com\/schrittmacherfestival.nl\/wp-content\/uploads\/2025\/12\/Stabat-Mater-Image-HR_Shropshire-scaled-e1765196102454.jpg?w=1200&amp;ssl=1 1200w, https:\/\/i0.wp.com\/schrittmacherfestival.nl\/wp-content\/uploads\/2025\/12\/Stabat-Mater-Image-HR_Shropshire-scaled-e1765196102454.jpg?resize=300%2C125&amp;ssl=1 300w, https:\/\/i0.wp.com\/schrittmacherfestival.nl\/wp-content\/uploads\/2025\/12\/Stabat-Mater-Image-HR_Shropshire-scaled-e1765196102454.jpg?resize=1024%2C427&amp;ssl=1 1024w, https:\/\/i0.wp.com\/schrittmacherfestival.nl\/wp-content\/uploads\/2025\/12\/Stabat-Mater-Image-HR_Shropshire-scaled-e1765196102454.jpg?resize=768%2C320&amp;ssl=1 768w, https:\/\/i0.wp.com\/schrittmacherfestival.nl\/wp-content\/uploads\/2025\/12\/Stabat-Mater-Image-HR_Shropshire-scaled-e1765196102454.jpg?resize=31%2C13&amp;ssl=1 31w\" sizes=\"(max-width: 640px) 100vw, 640px\" \/><\/figure>\n\n<hr class=\"wp-block-separator has-css-opacity\"\/>\n\n<h2 class=\"wp-block-heading\"><strong>World Premiere <br\/>Coproduction with schrit_tmacher<\/strong><\/h2>\n\n<p>In \u201eStabat Mater\u201c tritt der Choreograf Stephen Shropshire in einen Dialog mit Pergolesis ber\u00fchmten gleichnamigen Vokalwerk. Inspiriert von dem Gedicht eines franziskanischen M\u00f6nchs aus dem 13. Jahrhundert \u00fcber den Schmerz der Jungfrau Maria bei der Kreuzigung ihres Sohnes Jesus Christus, ist Shropshires Choreografie f\u00fcr drei T\u00e4nzerinnen (36\u201346 Jahre) keine w\u00f6rtliche Darstellung, sondern eine verk\u00f6rperte \u00dcbersetzung. Die T\u00e4nzerinnen erwecken Emotion, Klang und Rhythmus zu einem feinen Zusammenspiel von Harmonie und Spannung. Live begleitet von Ad Mosam.<\/p>\n\n<p>Duration: ~ 55 min. incl. talk<\/p>\n\n<hr class=\"wp-block-separator has-css-opacity\"\/>\n\n<div class=\"wp-block-buttons is-horizontal is-content-justification-center is-layout-flex wp-container-core-buttons-is-layout-499968f5 wp-block-buttons-is-layout-flex\">\n<div class=\"wp-block-button\"><a class=\"wp-block-button__link has-white-color has-black-background-color has-text-color has-background wp-element-button\" href=\"https:\/\/bestellen.plt.nl\/bestel\/13803\" target=\"_blank\" rel=\"noreferrer noopener\"><strong>Tickets Sa 14.03 | 19.00 Uhr<\/strong><\/a><\/div>\n\n\n\n<div class=\"wp-block-button\"><a class=\"wp-block-button__link has-white-color has-black-background-color has-text-color has-background wp-element-button\" href=\"https:\/\/bestellen.plt.nl\/bestel\/13802\" target=\"_blank\" rel=\"noreferrer noopener\"><strong>Tickets Sa 14.03 | 21.00 Uhr<\/strong><\/a><\/div>\n<\/div>\n\n<hr class=\"wp-block-separator has-css-opacity\"\/>\n\n<div class=\"wp-block-jetpack-tiled-gallery aligncenter is-style-rectangular\"><div class=\"\"><div class=\"tiled-gallery__gallery\"><div class=\"tiled-gallery__row\"><div class=\"tiled-gallery__col\" style=\"flex-basis:100.00000%\"><figure class=\"tiled-gallery__item\"><img decoding=\"async\" srcset=\"https:\/\/i0.wp.com\/schrittmacherfestival.nl\/wp-content\/uploads\/2025\/12\/Stabat-Mater-Image-HR_Shropshire-1-1016x1024.jpg?strip=info&#038;w=600&#038;ssl=1 600w,https:\/\/i0.wp.com\/schrittmacherfestival.nl\/wp-content\/uploads\/2025\/12\/Stabat-Mater-Image-HR_Shropshire-1-1016x1024.jpg?strip=info&#038;w=900&#038;ssl=1 900w,https:\/\/i0.wp.com\/schrittmacherfestival.nl\/wp-content\/uploads\/2025\/12\/Stabat-Mater-Image-HR_Shropshire-1-1016x1024.jpg?strip=info&#038;w=1200&#038;ssl=1 1200w,https:\/\/i0.wp.com\/schrittmacherfestival.nl\/wp-content\/uploads\/2025\/12\/Stabat-Mater-Image-HR_Shropshire-1-1016x1024.jpg?strip=info&#038;w=1500&#038;ssl=1 1500w,https:\/\/i0.wp.com\/schrittmacherfestival.nl\/wp-content\/uploads\/2025\/12\/Stabat-Mater-Image-HR_Shropshire-1-1016x1024.jpg?strip=info&#038;w=1800&#038;ssl=1 1800w,https:\/\/i0.wp.com\/schrittmacherfestival.nl\/wp-content\/uploads\/2025\/12\/Stabat-Mater-Image-HR_Shropshire-1-1016x1024.jpg?strip=info&#038;w=2000&#038;ssl=1 2000w\" alt=\"\" data-height=\"2560\" data-id=\"12071\" data-link=\"https:\/\/schrittmacherfestival.nl\/?attachment_id=12071\" data-url=\"https:\/\/schrittmacherfestival.nl\/wp-content\/uploads\/2025\/12\/Stabat-Mater-Image-HR_Shropshire-1-1016x1024.jpg\" data-width=\"2539\" src=\"https:\/\/i0.wp.com\/schrittmacherfestival.nl\/wp-content\/uploads\/2025\/12\/Stabat-Mater-Image-HR_Shropshire-1-1016x1024.jpg?ssl=1\" data-amp-layout=\"responsive\"\/><\/figure><\/div><\/div><\/div><\/div><\/div><br>\n\n<hr class=\"wp-block-separator has-css-opacity\"\/>\n","protected":false},"excerpt":{"rendered":"<p>Stephen Shropshire in collaboration with Ad Mosam (NL) Theater Heerlen \/ LIMBURGzaalSa 14.03.202619:00 + 21:00 Uhr21,50 \u20ac World Premiere Coproduction with schrit_tmacher In \u201eStabat Mater\u201c tritt der Choreograf Stephen Shropshire in einen Dialog mit Pergolesis ber\u00fchmten gleichnamigen Vokalwerk. Inspiriert von dem Gedicht eines franziskanischen M\u00f6nchs aus dem 13. Jahrhundert \u00fcber den Schmerz der Jungfrau Maria bei der Kreuzigung ihres Sohnes [&hellip;]<\/p>\n","protected":false},"author":1,"featured_media":0,"parent":0,"menu_order":0,"comment_status":"closed","ping_status":"closed","template":"","meta":{"_acf_changed":false,"footnotes":""},"class_list":["post-12074","page","type-page","status-publish","hentry"],"aioseo_notices":[],"acf":[],"jetpack_sharing_enabled":true,"_links":{"self":[{"href":"https:\/\/schrittmacherfestival.nl\/de\/wp-json\/wp\/v2\/pages\/12074","targetHints":{"allow":["GET"]}}],"collection":[{"href":"https:\/\/schrittmacherfestival.nl\/de\/wp-json\/wp\/v2\/pages"}],"about":[{"href":"https:\/\/schrittmacherfestival.nl\/de\/wp-json\/wp\/v2\/types\/page"}],"author":[{"embeddable":true,"href":"https:\/\/schrittmacherfestival.nl\/de\/wp-json\/wp\/v2\/users\/1"}],"replies":[{"embeddable":true,"href":"https:\/\/schrittmacherfestival.nl\/de\/wp-json\/wp\/v2\/comments?post=12074"}],"version-history":[{"count":2,"href":"https:\/\/schrittmacherfestival.nl\/de\/wp-json\/wp\/v2\/pages\/12074\/revisions"}],"predecessor-version":[{"id":13336,"href":"https:\/\/schrittmacherfestival.nl\/de\/wp-json\/wp\/v2\/pages\/12074\/revisions\/13336"}],"wp:attachment":[{"href":"https:\/\/schrittmacherfestival.nl\/de\/wp-json\/wp\/v2\/media?parent=12074"}],"curies":[{"name":"wp","href":"https:\/\/api.w.org\/{rel}","templated":true}]}}

<h1 class="wp-block-heading has-black-color has-text-color" id="hofesh-shechter-company-gbr"><strong>Stephen Shropshire in collaboration with Ad Mosam </strong>(NL)</h1>

<p><strong>Theater Heerlen / LIMBURGzaal</strong><br/><strong>Sa 14.03.2026</strong><br/><strong>19:00 + 21:00 Uhr</strong><br/><strong>21,50 €</strong></p>

<figure class="wp-block-image alignwide size-full"><img data-recalc-dims="1" fetchpriority="high" decoding="async" width="640" height="267" src="https://i0.wp.com/schrittmacherfestival.nl/wp-content/uploads/2025/12/Stabat-Mater-Image-HR_Shropshire-scaled-e1765196102454.jpg?resize=640%2C267&#038;ssl=1" alt="" class="wp-image-12031" srcset="https://i0.wp.com/schrittmacherfestival.nl/wp-content/uploads/2025/12/Stabat-Mater-Image-HR_Shropshire-scaled-e1765196102454.jpg?w=1200&amp;ssl=1 1200w, https://i0.wp.com/schrittmacherfestival.nl/wp-content/uploads/2025/12/Stabat-Mater-Image-HR_Shropshire-scaled-e1765196102454.jpg?resize=300%2C125&amp;ssl=1 300w, https://i0.wp.com/schrittmacherfestival.nl/wp-content/uploads/2025/12/Stabat-Mater-Image-HR_Shropshire-scaled-e1765196102454.jpg?resize=1024%2C427&amp;ssl=1 1024w, https://i0.wp.com/schrittmacherfestival.nl/wp-content/uploads/2025/12/Stabat-Mater-Image-HR_Shropshire-scaled-e1765196102454.jpg?resize=768%2C320&amp;ssl=1 768w, https://i0.wp.com/schrittmacherfestival.nl/wp-content/uploads/2025/12/Stabat-Mater-Image-HR_Shropshire-scaled-e1765196102454.jpg?resize=31%2C13&amp;ssl=1 31w" sizes="(max-width: 640px) 100vw, 640px" /></figure>

<hr class="wp-block-separator has-css-opacity"/>

<h2 class="wp-block-heading"><strong>World Premiere <br/>Coproduction with schrit_tmacher</strong></h2>

<p>In „Stabat Mater“ tritt der Choreograf Stephen Shropshire in einen Dialog mit Pergolesis berühmten gleichnamigen Vokalwerk. Inspiriert von dem Gedicht eines franziskanischen Mönchs aus dem 13. Jahrhundert über den Schmerz der Jungfrau Maria bei der Kreuzigung ihres Sohnes Jesus Christus, ist Shropshires Choreografie für drei Tänzerinnen (36–46 Jahre) keine wörtliche Darstellung, sondern eine verkörperte Übersetzung. Die Tänzerinnen erwecken Emotion, Klang und Rhythmus zu einem feinen Zusammenspiel von Harmonie und Spannung. Live begleitet von Ad Mosam.</p>

<p>Duration: ~ 55 min. incl. talk</p>

<hr class="wp-block-separator has-css-opacity"/>

<div class="wp-block-buttons is-horizontal is-content-justification-center is-layout-flex wp-container-core-buttons-is-layout-499968f5 wp-block-buttons-is-layout-flex">
<div class="wp-block-button"><a class="wp-block-button__link has-white-color has-black-background-color has-text-color has-background wp-element-button" href="https://bestellen.plt.nl/bestel/13803" target="_blank" rel="noreferrer noopener"><strong>Tickets Sa 14.03 | 19.00 Uhr</strong></a></div>



<div class="wp-block-button"><a class="wp-block-button__link has-white-color has-black-background-color has-text-color has-background wp-element-button" href="https://bestellen.plt.nl/bestel/13802" target="_blank" rel="noreferrer noopener"><strong>Tickets Sa 14.03 | 21.00 Uhr</strong></a></div>
</div>

<hr class="wp-block-separator has-css-opacity"/>

<div class="wp-block-jetpack-tiled-gallery aligncenter is-style-rectangular"><div class=""><div class="tiled-gallery__gallery"><div class="tiled-gallery__row"><div class="tiled-gallery__col" style="flex-basis:100.00000%"><figure class="tiled-gallery__item"><img decoding="async" srcset="https://i0.wp.com/schrittmacherfestival.nl/wp-content/uploads/2025/12/Stabat-Mater-Image-HR_Shropshire-1-1016x1024.jpg?strip=info&#038;w=600&#038;ssl=1 600w,https://i0.wp.com/schrittmacherfestival.nl/wp-content/uploads/2025/12/Stabat-Mater-Image-HR_Shropshire-1-1016x1024.jpg?strip=info&#038;w=900&#038;ssl=1 900w,https://i0.wp.com/schrittmacherfestival.nl/wp-content/uploads/2025/12/Stabat-Mater-Image-HR_Shropshire-1-1016x1024.jpg?strip=info&#038;w=1200&#038;ssl=1 1200w,https://i0.wp.com/schrittmacherfestival.nl/wp-content/uploads/2025/12/Stabat-Mater-Image-HR_Shropshire-1-1016x1024.jpg?strip=info&#038;w=1500&#038;ssl=1 1500w,https://i0.wp.com/schrittmacherfestival.nl/wp-content/uploads/2025/12/Stabat-Mater-Image-HR_Shropshire-1-1016x1024.jpg?strip=info&#038;w=1800&#038;ssl=1 1800w,https://i0.wp.com/schrittmacherfestival.nl/wp-content/uploads/2025/12/Stabat-Mater-Image-HR_Shropshire-1-1016x1024.jpg?strip=info&#038;w=2000&#038;ssl=1 2000w" alt="" data-height="2560" data-id="12071" data-link="https://schrittmacherfestival.nl/?attachment_id=12071" data-url="https://schrittmacherfestival.nl/wp-content/uploads/2025/12/Stabat-Mater-Image-HR_Shropshire-1-1016x1024.jpg" data-width="2539" src="https://i0.wp.com/schrittmacherfestival.nl/wp-content/uploads/2025/12/Stabat-Mater-Image-HR_Shropshire-1-1016x1024.jpg?ssl=1" data-amp-layout="responsive"/></figure></div></div></div></div></div><br>

<hr class="wp-block-separator has-css-opacity"/>

<p>Stephen Shropshire in collaboration with Ad Mosam (NL) Theater Heerlen / LIMBURGzaalSa 14.03.202619:00 + 21:00 Uhr21,50 € World Premiere Coproduction with schrit_tmacher In „Stabat Mater“ tritt der Choreograf Stephen Shropshire in einen Dialog mit Pergolesis berühmten gleichnamigen Vokalwerk. Inspiriert von dem Gedicht eines franziskanischen Mönchs aus dem 13. Jahrhundert über den Schmerz der Jungfrau Maria bei der Kreuzigung ihres Sohnes [&hellip;]</p>
