{"id":12091,"date":"2025-12-08T13:29:48","date_gmt":"2025-12-08T13:29:48","guid":{"rendered":"https:\/\/schrittmacherfestival.nl\/johannes-passion\/"},"modified":"2025-12-18T11:26:27","modified_gmt":"2025-12-18T11:26:27","slug":"johannes-passion","status":"publish","type":"page","link":"https:\/\/schrittmacherfestival.nl\/de\/johannes-passion\/","title":{"rendered":"Johannes-Passion"},"content":{"rendered":"\n<h1 class=\"wp-block-heading has-black-color has-text-color\" id=\"hofesh-shechter-company-gbr\"><strong>Guillaume Hulot <\/strong>(FR\/HU)<strong> \/ Olivia Fuchs <\/strong>(D)<\/h1>\n\n<p><strong>Theater Aachen \/ Gro\u00dfes Haus<\/strong><br\/><strong><strong>S<strong>o 15.03.2026 + 29.03.2026<\/strong><\/strong><\/strong><br\/><strong>17.00 Uhr<\/strong><br\/><strong>32,00 \u20ac &#8211; 54,50 \u20ac<\/strong><\/p>\n\n<figure class=\"wp-block-image alignwide size-full\"><img data-recalc-dims=\"1\" fetchpriority=\"high\" decoding=\"async\" width=\"640\" height=\"267\" src=\"https:\/\/i0.wp.com\/schrittmacherfestival.nl\/wp-content\/uploads\/2025\/12\/Guillaume-Hulot_2_Foto_Matthias-Baus-e1765196770625.jpg?resize=640%2C267&#038;ssl=1\" alt=\"\" class=\"wp-image-12032\" srcset=\"https:\/\/i0.wp.com\/schrittmacherfestival.nl\/wp-content\/uploads\/2025\/12\/Guillaume-Hulot_2_Foto_Matthias-Baus-e1765196770625.jpg?w=1200&amp;ssl=1 1200w, https:\/\/i0.wp.com\/schrittmacherfestival.nl\/wp-content\/uploads\/2025\/12\/Guillaume-Hulot_2_Foto_Matthias-Baus-e1765196770625.jpg?resize=300%2C125&amp;ssl=1 300w, https:\/\/i0.wp.com\/schrittmacherfestival.nl\/wp-content\/uploads\/2025\/12\/Guillaume-Hulot_2_Foto_Matthias-Baus-e1765196770625.jpg?resize=1024%2C427&amp;ssl=1 1024w, https:\/\/i0.wp.com\/schrittmacherfestival.nl\/wp-content\/uploads\/2025\/12\/Guillaume-Hulot_2_Foto_Matthias-Baus-e1765196770625.jpg?resize=768%2C320&amp;ssl=1 768w, https:\/\/i0.wp.com\/schrittmacherfestival.nl\/wp-content\/uploads\/2025\/12\/Guillaume-Hulot_2_Foto_Matthias-Baus-e1765196770625.jpg?resize=31%2C13&amp;ssl=1 31w\" sizes=\"(max-width: 640px) 100vw, 640px\" \/><\/figure>\n\n<hr class=\"wp-block-separator has-css-opacity\"\/>\n\n<p>Gemeinsam mit dem Theater Aachen pr\u00e4sentiert das schrit_tmacher Festival eine au\u00dfergew\u00f6hnliche Koproduktion: die \u201eJohannes-Passion\u201c. Johann Sebastian Bach entfesselt hier die ganze emotionale Wucht des Johannesevangeliums \u2013 dramatisch, ber\u00fchrend, zeitlos. Es geht nicht nur um die biblische Geschichte, sondern um das Menschsein selbst. Choreograf Guillaume Hulot, ehemaliger Ballettmeister der Gauthier Dance Company am Theaterhaus Stuttgart, war wa\u0308hrend seiner professionellen Ta\u0308nzerkarriere in Choreografien von George Balanchine, William Forsythe und Ji\u0159\u00ed Kyli\u00e1n zu sehen. Unter der Regie von Olivia Fuchs fu\u0308gen Hulot und sein Ensemble der zeitlosen Musik Bachs eine eindrucksvolle zeitgeno\u0308ssische Bewegungsebene hinzu.<\/p>\n\n<p>Duration:<em> <\/em>~ 140 min. incl. interval<\/p>\n\n<p>16:00, Theater Aachen \/ Spiegelfoyer<br\/>Introduction [DE]<br\/>Free<\/p>\n\n<hr class=\"wp-block-separator has-css-opacity\"\/>\n\n<div class=\"wp-block-buttons is-horizontal is-content-justification-center is-layout-flex wp-container-core-buttons-is-layout-499968f5 wp-block-buttons-is-layout-flex\">\n<div class=\"wp-block-button\"><a class=\"wp-block-button__link has-white-color has-black-background-color has-text-color has-background wp-element-button\" href=\"https:\/\/bestellen.plt.nl\/bestel\/13824\" target=\"_blank\" rel=\"noreferrer noopener\"><strong>Tickets So 15.03 | 17.00 Uhr<\/strong><\/a><\/div>\n\n\n\n<div class=\"wp-block-button\"><a class=\"wp-block-button__link has-white-color has-black-background-color has-text-color has-background wp-element-button\" href=\"https:\/\/bestellen.plt.nl\/bestel\/13825\" target=\"_blank\" rel=\"noreferrer noopener\"><strong>Tickets So 29.03 | 17.00 Uhr<\/strong><\/a><\/div>\n<\/div>\n\n<hr class=\"wp-block-separator has-css-opacity\"\/>\n\n<div class=\"wp-block-jetpack-tiled-gallery aligncenter is-style-rectangular\"><div class=\"\"><div class=\"tiled-gallery__gallery\"><div class=\"tiled-gallery__row\"><div class=\"tiled-gallery__col\" style=\"flex-basis:100.00000%\"><figure class=\"tiled-gallery__item\"><img decoding=\"async\" srcset=\"https:\/\/i0.wp.com\/schrittmacherfestival.nl\/wp-content\/uploads\/2025\/12\/Guillaume-Hulot_1_Foto_Matthias-Baus-768x1024.jpg?strip=info&#038;w=600&#038;ssl=1 600w,https:\/\/i0.wp.com\/schrittmacherfestival.nl\/wp-content\/uploads\/2025\/12\/Guillaume-Hulot_1_Foto_Matthias-Baus-768x1024.jpg?strip=info&#038;w=900&#038;ssl=1 900w,https:\/\/i0.wp.com\/schrittmacherfestival.nl\/wp-content\/uploads\/2025\/12\/Guillaume-Hulot_1_Foto_Matthias-Baus-768x1024.jpg?strip=info&#038;w=1200&#038;ssl=1 1200w,https:\/\/i0.wp.com\/schrittmacherfestival.nl\/wp-content\/uploads\/2025\/12\/Guillaume-Hulot_1_Foto_Matthias-Baus-768x1024.jpg?strip=info&#038;w=1500&#038;ssl=1 1500w,https:\/\/i0.wp.com\/schrittmacherfestival.nl\/wp-content\/uploads\/2025\/12\/Guillaume-Hulot_1_Foto_Matthias-Baus-768x1024.jpg?strip=info&#038;w=1800&#038;ssl=1 1800w,https:\/\/i0.wp.com\/schrittmacherfestival.nl\/wp-content\/uploads\/2025\/12\/Guillaume-Hulot_1_Foto_Matthias-Baus-768x1024.jpg?strip=info&#038;w=1920&#038;ssl=1 1920w\" alt=\"\" data-height=\"2560\" data-id=\"12035\" data-link=\"https:\/\/schrittmacherfestival.nl\/tamyr-a-poetic-ritual-from-central-asia\/guillaume-hulot_1_foto_matthias-baus\/\" data-url=\"https:\/\/schrittmacherfestival.nl\/wp-content\/uploads\/2025\/12\/Guillaume-Hulot_1_Foto_Matthias-Baus-768x1024.jpg\" data-width=\"1920\" src=\"https:\/\/i0.wp.com\/schrittmacherfestival.nl\/wp-content\/uploads\/2025\/12\/Guillaume-Hulot_1_Foto_Matthias-Baus-768x1024.jpg?ssl=1\" data-amp-layout=\"responsive\"\/><\/figure><\/div><\/div><\/div><\/div><\/div><br>\n\n<hr class=\"wp-block-separator has-css-opacity\"\/>\n","protected":false},"excerpt":{"rendered":"<p>Guillaume Hulot (FR\/HU) \/ Olivia Fuchs (D) Theater Aachen \/ Gro\u00dfes HausSo 15.03.2026 + 29.03.202617.00 Uhr32,00 \u20ac &#8211; 54,50 \u20ac Gemeinsam mit dem Theater Aachen pr\u00e4sentiert das schrit_tmacher Festival eine au\u00dfergew\u00f6hnliche Koproduktion: die \u201eJohannes-Passion\u201c. Johann Sebastian Bach entfesselt hier die ganze emotionale Wucht des Johannesevangeliums \u2013 dramatisch, ber\u00fchrend, zeitlos. Es geht nicht nur um die biblische Geschichte, sondern um das [&hellip;]<\/p>\n","protected":false},"author":1,"featured_media":0,"parent":0,"menu_order":0,"comment_status":"closed","ping_status":"closed","template":"","meta":{"_acf_changed":false,"footnotes":""},"class_list":["post-12091","page","type-page","status-publish","hentry"],"aioseo_notices":[],"acf":[],"jetpack_sharing_enabled":true,"_links":{"self":[{"href":"https:\/\/schrittmacherfestival.nl\/de\/wp-json\/wp\/v2\/pages\/12091","targetHints":{"allow":["GET"]}}],"collection":[{"href":"https:\/\/schrittmacherfestival.nl\/de\/wp-json\/wp\/v2\/pages"}],"about":[{"href":"https:\/\/schrittmacherfestival.nl\/de\/wp-json\/wp\/v2\/types\/page"}],"author":[{"embeddable":true,"href":"https:\/\/schrittmacherfestival.nl\/de\/wp-json\/wp\/v2\/users\/1"}],"replies":[{"embeddable":true,"href":"https:\/\/schrittmacherfestival.nl\/de\/wp-json\/wp\/v2\/comments?post=12091"}],"version-history":[{"count":4,"href":"https:\/\/schrittmacherfestival.nl\/de\/wp-json\/wp\/v2\/pages\/12091\/revisions"}],"predecessor-version":[{"id":13338,"href":"https:\/\/schrittmacherfestival.nl\/de\/wp-json\/wp\/v2\/pages\/12091\/revisions\/13338"}],"wp:attachment":[{"href":"https:\/\/schrittmacherfestival.nl\/de\/wp-json\/wp\/v2\/media?parent=12091"}],"curies":[{"name":"wp","href":"https:\/\/api.w.org\/{rel}","templated":true}]}}

<h1 class="wp-block-heading has-black-color has-text-color" id="hofesh-shechter-company-gbr"><strong>Guillaume Hulot </strong>(FR/HU)<strong> / Olivia Fuchs </strong>(D)</h1>

<p><strong>Theater Aachen / Großes Haus</strong><br/><strong><strong>S<strong>o 15.03.2026 + 29.03.2026</strong></strong></strong><br/><strong>17.00 Uhr</strong><br/><strong>32,00 € &#8211; 54,50 €</strong></p>

<figure class="wp-block-image alignwide size-full"><img data-recalc-dims="1" fetchpriority="high" decoding="async" width="640" height="267" src="https://i0.wp.com/schrittmacherfestival.nl/wp-content/uploads/2025/12/Guillaume-Hulot_2_Foto_Matthias-Baus-e1765196770625.jpg?resize=640%2C267&#038;ssl=1" alt="" class="wp-image-12032" srcset="https://i0.wp.com/schrittmacherfestival.nl/wp-content/uploads/2025/12/Guillaume-Hulot_2_Foto_Matthias-Baus-e1765196770625.jpg?w=1200&amp;ssl=1 1200w, https://i0.wp.com/schrittmacherfestival.nl/wp-content/uploads/2025/12/Guillaume-Hulot_2_Foto_Matthias-Baus-e1765196770625.jpg?resize=300%2C125&amp;ssl=1 300w, https://i0.wp.com/schrittmacherfestival.nl/wp-content/uploads/2025/12/Guillaume-Hulot_2_Foto_Matthias-Baus-e1765196770625.jpg?resize=1024%2C427&amp;ssl=1 1024w, https://i0.wp.com/schrittmacherfestival.nl/wp-content/uploads/2025/12/Guillaume-Hulot_2_Foto_Matthias-Baus-e1765196770625.jpg?resize=768%2C320&amp;ssl=1 768w, https://i0.wp.com/schrittmacherfestival.nl/wp-content/uploads/2025/12/Guillaume-Hulot_2_Foto_Matthias-Baus-e1765196770625.jpg?resize=31%2C13&amp;ssl=1 31w" sizes="(max-width: 640px) 100vw, 640px" /></figure>

<hr class="wp-block-separator has-css-opacity"/>

<p>Gemeinsam mit dem Theater Aachen präsentiert das schrit_tmacher Festival eine außergewöhnliche Koproduktion: die „Johannes-Passion“. Johann Sebastian Bach entfesselt hier die ganze emotionale Wucht des Johannesevangeliums – dramatisch, berührend, zeitlos. Es geht nicht nur um die biblische Geschichte, sondern um das Menschsein selbst. Choreograf Guillaume Hulot, ehemaliger Ballettmeister der Gauthier Dance Company am Theaterhaus Stuttgart, war während seiner professionellen Tänzerkarriere in Choreografien von George Balanchine, William Forsythe und Jiří Kylián zu sehen. Unter der Regie von Olivia Fuchs fügen Hulot und sein Ensemble der zeitlosen Musik Bachs eine eindrucksvolle zeitgenössische Bewegungsebene hinzu.</p>

<p>Duration:<em> </em>~ 140 min. incl. interval</p>

<p>16:00, Theater Aachen / Spiegelfoyer<br/>Introduction [DE]<br/>Free</p>

<hr class="wp-block-separator has-css-opacity"/>

<div class="wp-block-buttons is-horizontal is-content-justification-center is-layout-flex wp-container-core-buttons-is-layout-499968f5 wp-block-buttons-is-layout-flex">
<div class="wp-block-button"><a class="wp-block-button__link has-white-color has-black-background-color has-text-color has-background wp-element-button" href="https://bestellen.plt.nl/bestel/13824" target="_blank" rel="noreferrer noopener"><strong>Tickets So 15.03 | 17.00 Uhr</strong></a></div>



<div class="wp-block-button"><a class="wp-block-button__link has-white-color has-black-background-color has-text-color has-background wp-element-button" href="https://bestellen.plt.nl/bestel/13825" target="_blank" rel="noreferrer noopener"><strong>Tickets So 29.03 | 17.00 Uhr</strong></a></div>
</div>

<hr class="wp-block-separator has-css-opacity"/>

<div class="wp-block-jetpack-tiled-gallery aligncenter is-style-rectangular"><div class=""><div class="tiled-gallery__gallery"><div class="tiled-gallery__row"><div class="tiled-gallery__col" style="flex-basis:100.00000%"><figure class="tiled-gallery__item"><img decoding="async" srcset="https://i0.wp.com/schrittmacherfestival.nl/wp-content/uploads/2025/12/Guillaume-Hulot_1_Foto_Matthias-Baus-768x1024.jpg?strip=info&#038;w=600&#038;ssl=1 600w,https://i0.wp.com/schrittmacherfestival.nl/wp-content/uploads/2025/12/Guillaume-Hulot_1_Foto_Matthias-Baus-768x1024.jpg?strip=info&#038;w=900&#038;ssl=1 900w,https://i0.wp.com/schrittmacherfestival.nl/wp-content/uploads/2025/12/Guillaume-Hulot_1_Foto_Matthias-Baus-768x1024.jpg?strip=info&#038;w=1200&#038;ssl=1 1200w,https://i0.wp.com/schrittmacherfestival.nl/wp-content/uploads/2025/12/Guillaume-Hulot_1_Foto_Matthias-Baus-768x1024.jpg?strip=info&#038;w=1500&#038;ssl=1 1500w,https://i0.wp.com/schrittmacherfestival.nl/wp-content/uploads/2025/12/Guillaume-Hulot_1_Foto_Matthias-Baus-768x1024.jpg?strip=info&#038;w=1800&#038;ssl=1 1800w,https://i0.wp.com/schrittmacherfestival.nl/wp-content/uploads/2025/12/Guillaume-Hulot_1_Foto_Matthias-Baus-768x1024.jpg?strip=info&#038;w=1920&#038;ssl=1 1920w" alt="" data-height="2560" data-id="12035" data-link="https://schrittmacherfestival.nl/tamyr-a-poetic-ritual-from-central-asia/guillaume-hulot_1_foto_matthias-baus/" data-url="https://schrittmacherfestival.nl/wp-content/uploads/2025/12/Guillaume-Hulot_1_Foto_Matthias-Baus-768x1024.jpg" data-width="1920" src="https://i0.wp.com/schrittmacherfestival.nl/wp-content/uploads/2025/12/Guillaume-Hulot_1_Foto_Matthias-Baus-768x1024.jpg?ssl=1" data-amp-layout="responsive"/></figure></div></div></div></div></div><br>

<hr class="wp-block-separator has-css-opacity"/>

<p>Guillaume Hulot (FR/HU) / Olivia Fuchs (D) Theater Aachen / Großes HausSo 15.03.2026 + 29.03.202617.00 Uhr32,00 € &#8211; 54,50 € Gemeinsam mit dem Theater Aachen präsentiert das schrit_tmacher Festival eine außergewöhnliche Koproduktion: die „Johannes-Passion“. Johann Sebastian Bach entfesselt hier die ganze emotionale Wucht des Johannesevangeliums – dramatisch, berührend, zeitlos. Es geht nicht nur um die biblische Geschichte, sondern um das [&hellip;]</p>
