{"id":1247,"date":"2021-06-04T04:51:24","date_gmt":"2021-06-04T04:51:24","guid":{"rendered":"https:\/\/schrittmacherfestival.nl\/les-enfants-disadora-2\/"},"modified":"2021-06-15T11:09:31","modified_gmt":"2021-06-15T11:09:31","slug":"les-enfants-disadora-2","status":"publish","type":"page","link":"https:\/\/schrittmacherfestival.nl\/de\/les-enfants-disadora-2\/","title":{"rendered":"Les Enfants d&#8217;Isadora"},"content":{"rendered":"\n<h2 class=\"wp-block-heading\"><span style=\"color:#000000\" class=\"tadv-color\">Regie Damien Manivel, mit englischen Untertiteln <\/span><\/h2>\n\n\n\n<p><strong><span style=\"background-color:#f5ec5a\" class=\"tadv-background-color\"><strong>Filmhuis De Spiegel<\/strong><\/span><\/strong><br><strong><span style=\"background-color:#f5ec5a\" class=\"tadv-background-color\">Mo 05 JUL 2021 <\/span><\/strong><br><strong><span style=\"background-color:#f5ec5a\" class=\"tadv-background-color\">20.00 Uhr <\/span><\/strong><br><strong><span style=\"background-color:#f5ec5a\" class=\"tadv-background-color\">\u20ac8,50<\/span><\/strong><\/p>\n\n\n\n<figure class=\"wp-block-image alignwide size-large\"><img data-recalc-dims=\"1\" fetchpriority=\"high\" decoding=\"async\" width=\"640\" height=\"272\" src=\"https:\/\/i0.wp.com\/schrittmacherfestival.nl\/wp-content\/uploads\/2021\/06\/LES-ENFANTS-DISADORA-e1622744553373.jpeg?resize=640%2C272&#038;ssl=1\" alt=\"\" class=\"wp-image-323\" srcset=\"https:\/\/i0.wp.com\/schrittmacherfestival.nl\/wp-content\/uploads\/2021\/06\/LES-ENFANTS-DISADORA-e1622744553373.jpeg?w=768&amp;ssl=1 768w, https:\/\/i0.wp.com\/schrittmacherfestival.nl\/wp-content\/uploads\/2021\/06\/LES-ENFANTS-DISADORA-e1622744553373.jpeg?resize=300%2C127&amp;ssl=1 300w\" sizes=\"(max-width: 640px) 100vw, 640px\" \/><\/figure>\n\n\n\n<hr class=\"wp-block-separator\"\/>\n\n\n\n<p>Die weltber\u00fchmte amerikanische T\u00e4nzerin und Choreografin Isadora Duncan war nicht nur wegen ihrer bahnbrechenden Werke bekannt, sondern auch wegen des tragischen Tods ihrer beiden Kinder 1913. Ihre Trauer verarbeitete sie in der Tanzauff\u00fchrung Mother, die von Verlust und Leere handelt.<\/p>\n\n\n\n<p>Der Regisseur und T\u00e4nzer Damien Manivel beobachtet vier Frauen bei ihren Versuchen, diese Choreografie jeweils auf eigene Weise umzusetzen und zu ergr\u00fcnden: die junge, bildh\u00fcbsche T\u00e4nzerin Agathe Bonitzer, die Choreografin Marika Rizzi und ihre Sch\u00fclerin Manon Carpentier, die am Down-Syndrom erkrankt ist, sowie die pensionierte Choreografin Elsa Wolliaston, die in Manivels Kurzfilm The Lady with the Dog die Hauptrolle spielte.<\/p>\n\n\n\n<p>Eine geduldige, liebevolle Kamera begleitet die Frauen bei der mitunter frustrierenden und bewegenden Suche nach der Essenz des Tanzes, bei der sie mit Verlust und Trauer in ihrem eigenen Leben konfrontiert werden. Manivel gewann beim Filmfestival in Locarno mit seinem Film den Preis f\u00fcr die beste Regie.<\/p>\n\n\n\n<hr class=\"wp-block-separator\"\/>\n\n\n\n<div class=\"wp-block-buttons is-content-justification-center is-layout-flex wp-block-buttons-is-layout-flex\">\n<div class=\"wp-block-button\"><a class=\"wp-block-button__link has-black-color has-text-color has-background\" href=\"https:\/\/tickets.filmhuisdespiegel.nl\/shop\/tickets.php?showid=3326\" style=\"background-color:#f5ec5a\" target=\"_blank\" rel=\"noreferrer noopener\"><strong>Tickets bestellen<\/strong><\/a><\/div>\n<\/div>\n\n\n\n<hr class=\"wp-block-separator\"\/>\n\n\n\n<figure class=\"wp-block-embed aligncenter is-type-video is-provider-youtube wp-block-embed-youtube wp-embed-aspect-16-9 wp-has-aspect-ratio\"><div class=\"wp-block-embed__wrapper\">\n<iframe  id=\"_ytid_82586\"  width=\"640\" height=\"360\"  data-origwidth=\"640\" data-origheight=\"360\" src=\"https:\/\/www.youtube.com\/embed\/wVOvU2aDyI8?enablejsapi=1&#038;autoplay=0&#038;cc_load_policy=0&#038;cc_lang_pref=&#038;iv_load_policy=1&#038;loop=0&#038;rel=1&#038;fs=1&#038;playsinline=0&#038;autohide=2&#038;theme=dark&#038;color=red&#038;controls=1&#038;disablekb=0&#038;\" class=\"__youtube_prefs__  epyt-is-override  no-lazyload\" title=\"YouTube player\"  allow=\"fullscreen; accelerometer; autoplay; clipboard-write; encrypted-media; gyroscope; picture-in-picture; web-share\" referrerpolicy=\"strict-origin-when-cross-origin\" allowfullscreen data-no-lazy=\"1\" data-skipgform_ajax_framebjll=\"\"><\/iframe>\n<\/div><\/figure>\n\n\n\n<hr class=\"wp-block-separator\"\/>\n","protected":false},"excerpt":{"rendered":"<p>Regie Damien Manivel, mit englischen Untertiteln Filmhuis De SpiegelMo 05 JUL 2021 20.00 Uhr \u20ac8,50 Die weltber\u00fchmte amerikanische T\u00e4nzerin und Choreografin Isadora Duncan war nicht nur wegen ihrer bahnbrechenden Werke bekannt, sondern auch wegen des tragischen Tods ihrer beiden Kinder 1913. Ihre Trauer verarbeitete sie in der Tanzauff\u00fchrung Mother, die von Verlust und Leere handelt. Der Regisseur und T\u00e4nzer Damien [&hellip;]<\/p>\n","protected":false},"author":1,"featured_media":0,"parent":0,"menu_order":0,"comment_status":"closed","ping_status":"closed","template":"","meta":{"_acf_changed":false,"footnotes":""},"class_list":["post-1247","page","type-page","status-publish","hentry"],"aioseo_notices":[],"acf":[],"jetpack_sharing_enabled":true,"_links":{"self":[{"href":"https:\/\/schrittmacherfestival.nl\/de\/wp-json\/wp\/v2\/pages\/1247","targetHints":{"allow":["GET"]}}],"collection":[{"href":"https:\/\/schrittmacherfestival.nl\/de\/wp-json\/wp\/v2\/pages"}],"about":[{"href":"https:\/\/schrittmacherfestival.nl\/de\/wp-json\/wp\/v2\/types\/page"}],"author":[{"embeddable":true,"href":"https:\/\/schrittmacherfestival.nl\/de\/wp-json\/wp\/v2\/users\/1"}],"replies":[{"embeddable":true,"href":"https:\/\/schrittmacherfestival.nl\/de\/wp-json\/wp\/v2\/comments?post=1247"}],"version-history":[{"count":2,"href":"https:\/\/schrittmacherfestival.nl\/de\/wp-json\/wp\/v2\/pages\/1247\/revisions"}],"predecessor-version":[{"id":1250,"href":"https:\/\/schrittmacherfestival.nl\/de\/wp-json\/wp\/v2\/pages\/1247\/revisions\/1250"}],"wp:attachment":[{"href":"https:\/\/schrittmacherfestival.nl\/de\/wp-json\/wp\/v2\/media?parent=1247"}],"curies":[{"name":"wp","href":"https:\/\/api.w.org\/{rel}","templated":true}]}}

<h2 class="wp-block-heading"><span style="color:#000000" class="tadv-color">Regie Damien Manivel, mit englischen Untertiteln </span></h2>



<p><strong><span style="background-color:#f5ec5a" class="tadv-background-color"><strong>Filmhuis De Spiegel</strong></span></strong><br><strong><span style="background-color:#f5ec5a" class="tadv-background-color">Mo 05 JUL 2021 </span></strong><br><strong><span style="background-color:#f5ec5a" class="tadv-background-color">20.00 Uhr </span></strong><br><strong><span style="background-color:#f5ec5a" class="tadv-background-color">€8,50</span></strong></p>



<figure class="wp-block-image alignwide size-large"><img data-recalc-dims="1" fetchpriority="high" decoding="async" width="640" height="272" src="https://i0.wp.com/schrittmacherfestival.nl/wp-content/uploads/2021/06/LES-ENFANTS-DISADORA-e1622744553373.jpeg?resize=640%2C272&#038;ssl=1" alt="" class="wp-image-323" srcset="https://i0.wp.com/schrittmacherfestival.nl/wp-content/uploads/2021/06/LES-ENFANTS-DISADORA-e1622744553373.jpeg?w=768&amp;ssl=1 768w, https://i0.wp.com/schrittmacherfestival.nl/wp-content/uploads/2021/06/LES-ENFANTS-DISADORA-e1622744553373.jpeg?resize=300%2C127&amp;ssl=1 300w" sizes="(max-width: 640px) 100vw, 640px" /></figure>



<hr class="wp-block-separator"/>



<p>Die weltberühmte amerikanische Tänzerin und Choreografin Isadora Duncan war nicht nur wegen ihrer bahnbrechenden Werke bekannt, sondern auch wegen des tragischen Tods ihrer beiden Kinder 1913. Ihre Trauer verarbeitete sie in der Tanzaufführung Mother, die von Verlust und Leere handelt.</p>



<p>Der Regisseur und Tänzer Damien Manivel beobachtet vier Frauen bei ihren Versuchen, diese Choreografie jeweils auf eigene Weise umzusetzen und zu ergründen: die junge, bildhübsche Tänzerin Agathe Bonitzer, die Choreografin Marika Rizzi und ihre Schülerin Manon Carpentier, die am Down-Syndrom erkrankt ist, sowie die pensionierte Choreografin Elsa Wolliaston, die in Manivels Kurzfilm The Lady with the Dog die Hauptrolle spielte.</p>



<p>Eine geduldige, liebevolle Kamera begleitet die Frauen bei der mitunter frustrierenden und bewegenden Suche nach der Essenz des Tanzes, bei der sie mit Verlust und Trauer in ihrem eigenen Leben konfrontiert werden. Manivel gewann beim Filmfestival in Locarno mit seinem Film den Preis für die beste Regie.</p>



<hr class="wp-block-separator"/>



<div class="wp-block-buttons is-content-justification-center is-layout-flex wp-block-buttons-is-layout-flex">
<div class="wp-block-button"><a class="wp-block-button__link has-black-color has-text-color has-background" href="https://tickets.filmhuisdespiegel.nl/shop/tickets.php?showid=3326" style="background-color:#f5ec5a" target="_blank" rel="noreferrer noopener"><strong>Tickets bestellen</strong></a></div>
</div>



<hr class="wp-block-separator"/>



<figure class="wp-block-embed aligncenter is-type-video is-provider-youtube wp-block-embed-youtube wp-embed-aspect-16-9 wp-has-aspect-ratio"><div class="wp-block-embed__wrapper">
<iframe  id="_ytid_82586"  width="640" height="360"  data-origwidth="640" data-origheight="360" src="https://www.youtube.com/embed/wVOvU2aDyI8?enablejsapi=1&#038;autoplay=0&#038;cc_load_policy=0&#038;cc_lang_pref=&#038;iv_load_policy=1&#038;loop=0&#038;rel=1&#038;fs=1&#038;playsinline=0&#038;autohide=2&#038;theme=dark&#038;color=red&#038;controls=1&#038;disablekb=0&#038;" class="__youtube_prefs__  epyt-is-override  no-lazyload" title="YouTube player"  allow="fullscreen; accelerometer; autoplay; clipboard-write; encrypted-media; gyroscope; picture-in-picture; web-share" referrerpolicy="strict-origin-when-cross-origin" allowfullscreen data-no-lazy="1" data-skipgform_ajax_framebjll=""></iframe>
</div></figure>



<hr class="wp-block-separator"/>

<p>Regie Damien Manivel, mit englischen Untertiteln Filmhuis De SpiegelMo 05 JUL 2021 20.00 Uhr €8,50 Die weltberühmte amerikanische Tänzerin und Choreografin Isadora Duncan war nicht nur wegen ihrer bahnbrechenden Werke bekannt, sondern auch wegen des tragischen Tods ihrer beiden Kinder 1913. Ihre Trauer verarbeitete sie in der Tanzaufführung Mother, die von Verlust und Leere handelt. Der Regisseur und Tänzer Damien [&hellip;]</p>
