{"id":1260,"date":"2021-06-03T18:00:50","date_gmt":"2021-06-03T18:00:50","guid":{"rendered":"https:\/\/schrittmacherfestival.nl\/salon-new-encounters\/"},"modified":"2021-06-29T09:44:55","modified_gmt":"2021-06-29T09:44:55","slug":"salon-new-encounters","status":"publish","type":"page","link":"https:\/\/schrittmacherfestival.nl\/de\/salon-new-encounters\/","title":{"rendered":"SIDETALK New Encounters"},"content":{"rendered":"\n<h2 class=\"wp-block-heading\"><span style=\"color:#000000\" class=\"tadv-color\">Pr\u00e4sentation Karin Post<\/span><\/h2>\n\n\n\n<p><strong><span style=\"background-color:#f2ea34\" class=\"tadv-background-color\"><strong>THEATER HEERLEN \u2013 RABOzaal<\/strong><\/span><\/strong><br><strong><span style=\"background-color:#f2ea34\" class=\"tadv-background-color\">Sa 03 JUL 2021 <\/span><\/strong><br><strong><span style=\"background-color:#f2ea34\" class=\"tadv-background-color\">18.30 Uhr <\/span><\/strong><br><strong><span style=\"background-color:#f2ea34\" class=\"tadv-background-color\">\u20ac15,-<\/span><\/strong><\/p>\n\n\n\n<figure class=\"wp-block-image alignwide size-large\"><img data-recalc-dims=\"1\" fetchpriority=\"high\" decoding=\"async\" width=\"640\" height=\"260\" src=\"https:\/\/i0.wp.com\/schrittmacherfestival.nl\/wp-content\/uploads\/2021\/06\/salon-new.jpeg?resize=640%2C260&#038;ssl=1\" alt=\"\" class=\"wp-image-312\" srcset=\"https:\/\/i0.wp.com\/schrittmacherfestival.nl\/wp-content\/uploads\/2021\/06\/salon-new.jpeg?resize=1024%2C416&amp;ssl=1 1024w, https:\/\/i0.wp.com\/schrittmacherfestival.nl\/wp-content\/uploads\/2021\/06\/salon-new.jpeg?resize=300%2C122&amp;ssl=1 300w, https:\/\/i0.wp.com\/schrittmacherfestival.nl\/wp-content\/uploads\/2021\/06\/salon-new.jpeg?resize=768%2C312&amp;ssl=1 768w, https:\/\/i0.wp.com\/schrittmacherfestival.nl\/wp-content\/uploads\/2021\/06\/salon-new.jpeg?w=1230&amp;ssl=1 1230w\" sizes=\"(max-width: 640px) 100vw, 640px\" \/><\/figure>\n\n\n\n<hr class=\"wp-block-separator\"\/>\n\n\n\n<h2 class=\"wp-block-heading\"><span style=\"color:#000000\" class=\"tadv-color\">In SIDETALK bringt die Choreografin und Kuratorin Karin Post Tanz mit anderen (Kunst-)Richtungen in Verbindung. <\/span><\/h2>\n\n\n\n<p>Choregraf:innen, T\u00e4nzer:innen, Musiker:innen, K\u00fcnstler:innen und Filmemacher:innen reagieren auf die kulturellen und gesellschaftlichen Entwicklungen in unserer sich wandelnden Stadt, die zugleich B\u00fchne und Gegenstand unterschiedlichster Narrative und Dialoge ist.<\/p>\n\n\n\n<p>Das multidisziplin\u00e4re Filmprogramm SIDEWALK Movies ist Teil von schrit_tmacher 2021 und bildet die Grundlage f\u00fcr diverse spontane Auftragsarbeiten und Auftritte, die aufgrund k\u00fcnstlerischer Dialoge zwischen diversen kreativen Stimmen entstanden sind.<\/p>\n\n\n\n<p>Gemeinsam mit diesen Theatermacher:innen, Kunstchoaches und Expert:innen f\u00fcr akademische Kunst und Urban Arts er\u00f6rtern wir in SIDETALK (live) in Heerlen, wie multidisziplin\u00e4re Perspektiven eine Energie- und Inspirationsquelle f\u00fcr die k\u00fcnstlerische Praxis mit Urban Arts bilden k\u00f6nnen.<\/p>\n\n\n\n<p>Mit G\u00e4sten wie Anne Nguyen, Rob Birza, Tanja Ritterbex, Andrea Buegger, Audrey Apers, Anthony van Gog, Maarten Heijnens, Mauri Loots, Hugo Morales en Martine Dekker\u00a0<br>Moderator: Karin Post<\/p>\n\n\n\n<p>Besonderer Dank an Mark Kremer (adviezen),\u00a0Jackie Smeets (VIA ZUID) und warenhuis Berden.<\/p>\n\n\n\n<p>Der Auftritt wird wahrscheinlich aufgezeichnet und mit deutschen Untertiteln versehen.<\/p>\n\n\n\n<p>Dauer: 90 Min. ohne Pause<\/p>\n\n\n\n<p>Die Auff\u00fchrung kann auch als&nbsp;Livestream&nbsp;angesehen werden, f\u00fcr weitere Informationen&nbsp;<a href=\"https:\/\/schrittmacherfestival.nl\/de\/sidetalk-new-encounters-live-stream\/\">klicken Sie hier<\/a>.<\/p>\n\n\n\n<hr class=\"wp-block-separator\"\/>\n\n\n\n<div class=\"wp-block-buttons is-content-justification-center is-layout-flex wp-block-buttons-is-layout-flex\">\n<div class=\"wp-block-button\"><a class=\"wp-block-button__link has-black-color has-text-color has-background\" href=\"https:\/\/www.plt.nl\/bestel\/8761\" style=\"background-color:#f2ea34\" target=\"_blank\" rel=\"noreferrer noopener\"><strong>Tickets bestellen<\/strong><\/a><\/div>\n<\/div>\n\n\n\n<hr class=\"wp-block-separator\"\/>\n\n\n\n<p><\/p>\n","protected":false},"excerpt":{"rendered":"<p>Pr\u00e4sentation Karin Post THEATER HEERLEN \u2013 RABOzaalSa 03 JUL 2021 18.30 Uhr \u20ac15,- In SIDETALK bringt die Choreografin und Kuratorin Karin Post Tanz mit anderen (Kunst-)Richtungen in Verbindung. Choregraf:innen, T\u00e4nzer:innen, Musiker:innen, K\u00fcnstler:innen und Filmemacher:innen reagieren auf die kulturellen und gesellschaftlichen Entwicklungen in unserer sich wandelnden Stadt, die zugleich B\u00fchne und Gegenstand unterschiedlichster Narrative und Dialoge ist. Das multidisziplin\u00e4re Filmprogramm SIDEWALK [&hellip;]<\/p>\n","protected":false},"author":1,"featured_media":0,"parent":0,"menu_order":0,"comment_status":"closed","ping_status":"closed","template":"","meta":{"_acf_changed":false,"footnotes":""},"class_list":["post-1260","page","type-page","status-publish","hentry"],"aioseo_notices":[],"acf":[],"jetpack_sharing_enabled":true,"_links":{"self":[{"href":"https:\/\/schrittmacherfestival.nl\/de\/wp-json\/wp\/v2\/pages\/1260","targetHints":{"allow":["GET"]}}],"collection":[{"href":"https:\/\/schrittmacherfestival.nl\/de\/wp-json\/wp\/v2\/pages"}],"about":[{"href":"https:\/\/schrittmacherfestival.nl\/de\/wp-json\/wp\/v2\/types\/page"}],"author":[{"embeddable":true,"href":"https:\/\/schrittmacherfestival.nl\/de\/wp-json\/wp\/v2\/users\/1"}],"replies":[{"embeddable":true,"href":"https:\/\/schrittmacherfestival.nl\/de\/wp-json\/wp\/v2\/comments?post=1260"}],"version-history":[{"count":8,"href":"https:\/\/schrittmacherfestival.nl\/de\/wp-json\/wp\/v2\/pages\/1260\/revisions"}],"predecessor-version":[{"id":1898,"href":"https:\/\/schrittmacherfestival.nl\/de\/wp-json\/wp\/v2\/pages\/1260\/revisions\/1898"}],"wp:attachment":[{"href":"https:\/\/schrittmacherfestival.nl\/de\/wp-json\/wp\/v2\/media?parent=1260"}],"curies":[{"name":"wp","href":"https:\/\/api.w.org\/{rel}","templated":true}]}}

<h2 class="wp-block-heading"><span style="color:#000000" class="tadv-color">Präsentation Karin Post</span></h2>



<p><strong><span style="background-color:#f2ea34" class="tadv-background-color"><strong>THEATER HEERLEN – RABOzaal</strong></span></strong><br><strong><span style="background-color:#f2ea34" class="tadv-background-color">Sa 03 JUL 2021 </span></strong><br><strong><span style="background-color:#f2ea34" class="tadv-background-color">18.30 Uhr </span></strong><br><strong><span style="background-color:#f2ea34" class="tadv-background-color">€15,-</span></strong></p>



<figure class="wp-block-image alignwide size-large"><img data-recalc-dims="1" fetchpriority="high" decoding="async" width="640" height="260" src="https://i0.wp.com/schrittmacherfestival.nl/wp-content/uploads/2021/06/salon-new.jpeg?resize=640%2C260&#038;ssl=1" alt="" class="wp-image-312" srcset="https://i0.wp.com/schrittmacherfestival.nl/wp-content/uploads/2021/06/salon-new.jpeg?resize=1024%2C416&amp;ssl=1 1024w, https://i0.wp.com/schrittmacherfestival.nl/wp-content/uploads/2021/06/salon-new.jpeg?resize=300%2C122&amp;ssl=1 300w, https://i0.wp.com/schrittmacherfestival.nl/wp-content/uploads/2021/06/salon-new.jpeg?resize=768%2C312&amp;ssl=1 768w, https://i0.wp.com/schrittmacherfestival.nl/wp-content/uploads/2021/06/salon-new.jpeg?w=1230&amp;ssl=1 1230w" sizes="(max-width: 640px) 100vw, 640px" /></figure>



<hr class="wp-block-separator"/>



<h2 class="wp-block-heading"><span style="color:#000000" class="tadv-color">In SIDETALK bringt die Choreografin und Kuratorin Karin Post Tanz mit anderen (Kunst-)Richtungen in Verbindung. </span></h2>



<p>Choregraf:innen, Tänzer:innen, Musiker:innen, Künstler:innen und Filmemacher:innen reagieren auf die kulturellen und gesellschaftlichen Entwicklungen in unserer sich wandelnden Stadt, die zugleich Bühne und Gegenstand unterschiedlichster Narrative und Dialoge ist.</p>



<p>Das multidisziplinäre Filmprogramm SIDEWALK Movies ist Teil von schrit_tmacher 2021 und bildet die Grundlage für diverse spontane Auftragsarbeiten und Auftritte, die aufgrund künstlerischer Dialoge zwischen diversen kreativen Stimmen entstanden sind.</p>



<p>Gemeinsam mit diesen Theatermacher:innen, Kunstchoaches und Expert:innen für akademische Kunst und Urban Arts erörtern wir in SIDETALK (live) in Heerlen, wie multidisziplinäre Perspektiven eine Energie- und Inspirationsquelle für die künstlerische Praxis mit Urban Arts bilden können.</p>



<p>Mit Gästen wie Anne Nguyen, Rob Birza, Tanja Ritterbex, Andrea Buegger, Audrey Apers, Anthony van Gog, Maarten Heijnens, Mauri Loots, Hugo Morales en Martine Dekker <br>Moderator: Karin Post</p>



<p>Besonderer Dank an Mark Kremer (adviezen), Jackie Smeets (VIA ZUID) und warenhuis Berden.</p>



<p>Der Auftritt wird wahrscheinlich aufgezeichnet und mit deutschen Untertiteln versehen.</p>



<p>Dauer: 90 Min. ohne Pause</p>



<p>Die Aufführung kann auch als&nbsp;Livestream&nbsp;angesehen werden, für weitere Informationen&nbsp;<a href="https://schrittmacherfestival.nl/de/sidetalk-new-encounters-live-stream/">klicken Sie hier</a>.</p>



<hr class="wp-block-separator"/>



<div class="wp-block-buttons is-content-justification-center is-layout-flex wp-block-buttons-is-layout-flex">
<div class="wp-block-button"><a class="wp-block-button__link has-black-color has-text-color has-background" href="https://www.plt.nl/bestel/8761" style="background-color:#f2ea34" target="_blank" rel="noreferrer noopener"><strong>Tickets bestellen</strong></a></div>
</div>



<hr class="wp-block-separator"/>



<p></p>

<p>Präsentation Karin Post THEATER HEERLEN – RABOzaalSa 03 JUL 2021 18.30 Uhr €15,- In SIDETALK bringt die Choreografin und Kuratorin Karin Post Tanz mit anderen (Kunst-)Richtungen in Verbindung. Choregraf:innen, Tänzer:innen, Musiker:innen, Künstler:innen und Filmemacher:innen reagieren auf die kulturellen und gesellschaftlichen Entwicklungen in unserer sich wandelnden Stadt, die zugleich Bühne und Gegenstand unterschiedlichster Narrative und Dialoge ist. Das multidisziplinäre Filmprogramm SIDEWALK [&hellip;]</p>
