{"id":1269,"date":"2021-06-04T15:15:19","date_gmt":"2021-06-04T15:15:19","guid":{"rendered":"https:\/\/schrittmacherfestival.nl\/exhibition\/"},"modified":"2021-10-27T10:27:13","modified_gmt":"2021-10-27T10:27:13","slug":"exhibition","status":"publish","type":"page","link":"https:\/\/schrittmacherfestival.nl\/de\/exhibition\/","title":{"rendered":"Exhibition"},"content":{"rendered":"\n<h2 class=\"has-black-color has-text-color wp-block-heading\"><strong><span style=\"background-color:#f5ec5a\" class=\"tadv-background-color\">Opening Space<\/span><\/strong><\/h2>\n\n\n\n<h2 class=\"has-black-color has-text-color wp-block-heading\"><strong><span style=\"background-color:#f5ec5a\" class=\"tadv-background-color\">Daan Brand x Stephen Shropshire<\/span><\/strong><\/h2>\n\n\n\n<p><strong><span style=\"color:#000000\" class=\"tadv-color\"><br>Im \u00f6ffentlichen Raum \u2013 einschlie\u00dflich Bushaltestellen \u2013 in S\u00fcd-Limburg, 24\/7<\/span><\/strong><\/p>\n\n\n\n<p><strong><span style=\"color:#000000\" class=\"tadv-color\">VEBEGOfoyer Theater Heerlen. An Leistungstagen<\/span><\/strong><\/p>\n\n\n\n<p><strong>22.06.2021 \u2013 06.07.2021<\/strong><\/p>\n\n\n\n<hr class=\"wp-block-separator\"\/>\n\n\n\n<p>Wenn wir an Raum und Bewegung denken, klingt Fotografie vielleicht wie ein Widerspruch, denn Bewegung macht R\u00e4ume frei, w\u00e4hrend Fotografie sie festhalten will. Aber Fotografie kann auch R\u00e4ume \u00f6ffnen und Bewegungen freilegen, die wir ansonsten nicht sehen w\u00fcrden. Die vierzehn Bilder dieser Ausstellung sollen daher keinen Raum darstellen, sondern Bewegung selbst erforschen.<\/p>\n\n\n\n<p id=\"tw-target-text\">Teilweise erm\u00f6glicht durch den Prinz Bernhard Kulturfonds Limburg.<\/p>\n\n\n\n<p><\/p>\n\n\n\n<div class=\"wp-block-image\"><figure class=\"aligncenter size-large\"><img data-recalc-dims=\"1\" fetchpriority=\"high\" decoding=\"async\" width=\"640\" height=\"900\" src=\"https:\/\/i0.wp.com\/schrittmacherfestival.nl\/wp-content\/uploads\/2021\/06\/daan.jpg?resize=640%2C900&#038;ssl=1\" alt=\"\" class=\"wp-image-1270\" srcset=\"https:\/\/i0.wp.com\/schrittmacherfestival.nl\/wp-content\/uploads\/2021\/06\/daan.jpg?resize=728%2C1024&amp;ssl=1 728w, https:\/\/i0.wp.com\/schrittmacherfestival.nl\/wp-content\/uploads\/2021\/06\/daan.jpg?resize=213%2C300&amp;ssl=1 213w, https:\/\/i0.wp.com\/schrittmacherfestival.nl\/wp-content\/uploads\/2021\/06\/daan.jpg?resize=768%2C1080&amp;ssl=1 768w, https:\/\/i0.wp.com\/schrittmacherfestival.nl\/wp-content\/uploads\/2021\/06\/daan.jpg?w=840&amp;ssl=1 840w\" sizes=\"(max-width: 640px) 100vw, 640px\" \/><\/figure><\/div>\n\n\n\n<p><\/p>\n\n\n\n<p>Daan Brand ist Fotograf, Illustrator und Regisseur. Die New York Times, The New Yorker, The Atlantic, Liberation, Volkskrant magazine, Elle und NRC haben seine Werke ver\u00f6ffentlicht.<\/p>\n\n\n\n<p>Stephen Shropshire ist Choreograf, Kurator, Tanzforscher und derzeit Doktorand an der PhDArts der Universit\u00e4t Leiden und der Koninklijke Academie van Beeldende Kunsten.<\/p>\n\n\n\n<p>Fotoausstellung im Auftrag von schrit_tmacher just dance!, The Notorious IBE und der Nederlandse Dansdagen im Rahmen von Proeftuin Dans: Right Now!<\/p>\n\n\n\n<p>Konzept: Daan Brand und Stephen Shropshire<br>Bilder: Daan Brand<br>Text: Stephen Shropshire<br>Gestaltung: Frans van Gastel<br>Model: Mami Izumi<\/p>\n\n\n\n<hr class=\"wp-block-separator\"\/>\n","protected":false},"excerpt":{"rendered":"<p>Opening Space Daan Brand x Stephen Shropshire Im \u00f6ffentlichen Raum \u2013 einschlie\u00dflich Bushaltestellen \u2013 in S\u00fcd-Limburg, 24\/7 VEBEGOfoyer Theater Heerlen. An Leistungstagen 22.06.2021 \u2013 06.07.2021 Wenn wir an Raum und Bewegung denken, klingt Fotografie vielleicht wie ein Widerspruch, denn Bewegung macht R\u00e4ume frei, w\u00e4hrend Fotografie sie festhalten will. Aber Fotografie kann auch R\u00e4ume \u00f6ffnen und Bewegungen freilegen, die wir ansonsten [&hellip;]<\/p>\n","protected":false},"author":1,"featured_media":0,"parent":0,"menu_order":0,"comment_status":"closed","ping_status":"closed","template":"","meta":{"_acf_changed":false,"footnotes":""},"class_list":["post-1269","page","type-page","status-publish","hentry"],"aioseo_notices":[],"acf":[],"jetpack_sharing_enabled":true,"_links":{"self":[{"href":"https:\/\/schrittmacherfestival.nl\/de\/wp-json\/wp\/v2\/pages\/1269","targetHints":{"allow":["GET"]}}],"collection":[{"href":"https:\/\/schrittmacherfestival.nl\/de\/wp-json\/wp\/v2\/pages"}],"about":[{"href":"https:\/\/schrittmacherfestival.nl\/de\/wp-json\/wp\/v2\/types\/page"}],"author":[{"embeddable":true,"href":"https:\/\/schrittmacherfestival.nl\/de\/wp-json\/wp\/v2\/users\/1"}],"replies":[{"embeddable":true,"href":"https:\/\/schrittmacherfestival.nl\/de\/wp-json\/wp\/v2\/comments?post=1269"}],"version-history":[{"count":2,"href":"https:\/\/schrittmacherfestival.nl\/de\/wp-json\/wp\/v2\/pages\/1269\/revisions"}],"predecessor-version":[{"id":2394,"href":"https:\/\/schrittmacherfestival.nl\/de\/wp-json\/wp\/v2\/pages\/1269\/revisions\/2394"}],"wp:attachment":[{"href":"https:\/\/schrittmacherfestival.nl\/de\/wp-json\/wp\/v2\/media?parent=1269"}],"curies":[{"name":"wp","href":"https:\/\/api.w.org\/{rel}","templated":true}]}}

<h2 class="has-black-color has-text-color wp-block-heading"><strong><span style="background-color:#f5ec5a" class="tadv-background-color">Opening Space</span></strong></h2>



<h2 class="has-black-color has-text-color wp-block-heading"><strong><span style="background-color:#f5ec5a" class="tadv-background-color">Daan Brand x Stephen Shropshire</span></strong></h2>



<p><strong><span style="color:#000000" class="tadv-color"><br>Im öffentlichen Raum – einschließlich Bushaltestellen – in Süd-Limburg, 24/7</span></strong></p>



<p><strong><span style="color:#000000" class="tadv-color">VEBEGOfoyer Theater Heerlen. An Leistungstagen</span></strong></p>



<p><strong>22.06.2021 – 06.07.2021</strong></p>



<hr class="wp-block-separator"/>



<p>Wenn wir an Raum und Bewegung denken, klingt Fotografie vielleicht wie ein Widerspruch, denn Bewegung macht Räume frei, während Fotografie sie festhalten will. Aber Fotografie kann auch Räume öffnen und Bewegungen freilegen, die wir ansonsten nicht sehen würden. Die vierzehn Bilder dieser Ausstellung sollen daher keinen Raum darstellen, sondern Bewegung selbst erforschen.</p>



<p id="tw-target-text">Teilweise ermöglicht durch den Prinz Bernhard Kulturfonds Limburg.</p>



<p></p>



<div class="wp-block-image"><figure class="aligncenter size-large"><img data-recalc-dims="1" fetchpriority="high" decoding="async" width="640" height="900" src="https://i0.wp.com/schrittmacherfestival.nl/wp-content/uploads/2021/06/daan.jpg?resize=640%2C900&#038;ssl=1" alt="" class="wp-image-1270" srcset="https://i0.wp.com/schrittmacherfestival.nl/wp-content/uploads/2021/06/daan.jpg?resize=728%2C1024&amp;ssl=1 728w, https://i0.wp.com/schrittmacherfestival.nl/wp-content/uploads/2021/06/daan.jpg?resize=213%2C300&amp;ssl=1 213w, https://i0.wp.com/schrittmacherfestival.nl/wp-content/uploads/2021/06/daan.jpg?resize=768%2C1080&amp;ssl=1 768w, https://i0.wp.com/schrittmacherfestival.nl/wp-content/uploads/2021/06/daan.jpg?w=840&amp;ssl=1 840w" sizes="(max-width: 640px) 100vw, 640px" /></figure></div>



<p></p>



<p>Daan Brand ist Fotograf, Illustrator und Regisseur. Die New York Times, The New Yorker, The Atlantic, Liberation, Volkskrant magazine, Elle und NRC haben seine Werke veröffentlicht.</p>



<p>Stephen Shropshire ist Choreograf, Kurator, Tanzforscher und derzeit Doktorand an der PhDArts der Universität Leiden und der Koninklijke Academie van Beeldende Kunsten.</p>



<p>Fotoausstellung im Auftrag von schrit_tmacher just dance!, The Notorious IBE und der Nederlandse Dansdagen im Rahmen von Proeftuin Dans: Right Now!</p>



<p>Konzept: Daan Brand und Stephen Shropshire<br>Bilder: Daan Brand<br>Text: Stephen Shropshire<br>Gestaltung: Frans van Gastel<br>Model: Mami Izumi</p>



<hr class="wp-block-separator"/>

<p>Opening Space Daan Brand x Stephen Shropshire Im öffentlichen Raum – einschließlich Bushaltestellen – in Süd-Limburg, 24/7 VEBEGOfoyer Theater Heerlen. An Leistungstagen 22.06.2021 – 06.07.2021 Wenn wir an Raum und Bewegung denken, klingt Fotografie vielleicht wie ein Widerspruch, denn Bewegung macht Räume frei, während Fotografie sie festhalten will. Aber Fotografie kann auch Räume öffnen und Bewegungen freilegen, die wir ansonsten [&hellip;]</p>
