{"id":2646,"date":"2021-12-11T10:36:30","date_gmt":"2021-12-11T10:36:30","guid":{"rendered":"https:\/\/schrittmacherfestival.nl\/wakatt\/"},"modified":"2022-03-11T13:44:01","modified_gmt":"2022-03-11T13:44:01","slug":"wakatt","status":"publish","type":"page","link":"https:\/\/schrittmacherfestival.nl\/de\/wakatt\/","title":{"rendered":"Wakatt"},"content":{"rendered":"\n<h1 class=\"has-black-color has-text-color wp-block-heading\" id=\"faso-danse-theatre-serge-aime-coulibaly-magic-malik-be-bdi\"><strong>Faso Danse Th\u00e9\u00e2tre | Serge Aim\u00e9 Coulibaly &amp; Magic Malik (BE\/BDI)<\/strong><\/h1>\n\n<p><strong>Theater Heerlen \/ RABOzaal<\/strong><br\/><strong><strong><strong><strong><strong>Di 15.03.2022<\/strong><\/strong><\/strong><\/strong><\/strong><br\/><strong>20.00 Uhr <\/strong><br\/><strong>Von 14,00 \u20ac<\/strong><\/p>\n\n<figure class=\"wp-block-image alignwide size-large\"><img data-recalc-dims=\"1\" height=\"268\" width=\"640\" decoding=\"async\" src=\"https:\/\/i0.wp.com\/schrittmacherfestival.nl\/wp-content\/uploads\/2021\/12\/smf_22_Wakatt-Faso-Danse-Theatre-10%C2%AESophie-Garcia-scaled-e1639218315331-1024x428.jpg?resize=640%2C268&#038;ssl=1\" alt=\"\" class=\"wp-image-2639\"\/><\/figure>\n<hr class=\"wp-block-separator\"\/>\n\n<p>F\u00fcr den belgisch-burkinischen Choreografen Serge Aim\u00e9 Coulibaly ist Tanz gleichbedeutend mit sozialem Engagement. Mit seiner ausdrucksstarken und universellen Tanzsprache schl\u00e4gt er k\u00fcnstlerische Br\u00fccken zwischen Afrika und dem Westen. \u201eWakatt\u201c bedeutet w\u00f6rtlich \u201eunsere Zeit\u201c in Dioula, Coulibalys Muttersprache. In dieser Produktion analysiert der Choreograf den aktuellen Zeitgeist, die Angst, die die Welt im Griff hat. Gleichzeitig begibt er sich mit seinen T\u00e4nzer*innen und Musiker*innen von Magic Malik auf die Suche nach Hoffnung und Sch\u00f6nheit.<\/p>\n\n<p><strong>\u201cA stunning spectacle\u201d \u2013 The New York Times<\/strong><\/p>\n\n<p><a href=\"https:\/\/schrittmacherfestival.nl\/de\/lectures-talks\/\" title=\"Mit anschlie&#xDF;ender Diskussion, Eintritt frei\">Mit anschlie\u00dfender Diskussion, Eintritt frei<\/a><\/p>\n\n<p>Einf\u00fchrung um 19.00 Uhr im T&amp;PLounge [nl] f\u00fcr 3,50 \u20ac.&#13;\n<br\/>F\u00fcr Freunde von Parkstad Limburg Theaters gratis.&#13;\n<br\/>Reservierung erforderlich: T.: +31(0)45-5716607 \/ <a href=\"http:\/\/www.plt.nl\" target=\"_blank\" rel=\"noreferrer noopener\">www.plt.nl<\/a><\/p>\n\n<p>Dauer: ~ 75 Min. ohne Pause<\/p>\n\n<hr class=\"wp-block-separator\"\/>\n\n<div class=\"wp-block-buttons is-horizontal is-content-justification-center is-layout-flex wp-container-core-buttons-is-layout-499968f5 wp-block-buttons-is-layout-flex\">\n<div class=\"wp-block-button\"><a class=\"wp-block-button__link has-white-color has-black-background-color has-text-color has-background\" href=\"https:\/\/www.plt.nl\/bestel\/8996\" target=\"_blank\" rel=\"noreferrer noopener\"><strong>Tickets bestellen<\/strong><\/a><\/div>\n<\/div>\n\n<hr class=\"wp-block-separator\"\/>\n\n<figure class=\"wp-block-embed is-type-video is-provider-vimeo wp-block-embed-vimeo wp-embed-aspect-16-9 wp-has-aspect-ratio\"><div class=\"wp-block-embed__wrapper\">\r\n<div class=\"jetpack-video-wrapper\"><iframe src=\"https:\/\/player.vimeo.com\/video\/534608645?dnt=1&amp;app_id=122963\" width=\"640\" height=\"360\" frameborder=\"0\" allow=\"autoplay; fullscreen; picture-in-picture; clipboard-write\"><\/iframe><\/div>\r\n<\/div><\/figure>\r\n\n<hr class=\"wp-block-separator\"\/>\n\n<figure class=\"wp-block-gallery aligncenter has-nested-images columns-default is-cropped wp-block-gallery-1 is-layout-flex wp-block-gallery-is-layout-flex\">\n<figure class=\"wp-block-image size-large\"><img data-recalc-dims=\"1\" height=\"427\" width=\"640\" decoding=\"async\" data-id=\"2641\" src=\"https:\/\/i0.wp.com\/schrittmacherfestival.nl\/wp-content\/uploads\/2021\/12\/smf_22_Wakatt-Faso-Danse-Theatre-4%C2%AESophie-Garcia.jpg?resize=640%2C427&#038;ssl=1\" alt=\"\" class=\"wp-image-2641\"\/><\/figure>\n\n\n<figure class=\"wp-block-image size-large\"><img data-recalc-dims=\"1\" height=\"427\" width=\"640\" decoding=\"async\" data-id=\"2643\" src=\"https:\/\/i0.wp.com\/schrittmacherfestival.nl\/wp-content\/uploads\/2021\/12\/smf_22_Wakatt-Faso-Danse-Theatre-6%C2%AESophie-Garcia.jpg?resize=640%2C427&#038;ssl=1\" alt=\"\" class=\"wp-image-2643\"\/><\/figure><\/figure>\n\n<hr class=\"wp-block-separator\"\/>\n\n<p><\/p>\n","protected":false},"excerpt":{"rendered":"<p>Faso Danse Th\u00e9\u00e2tre | Serge Aim\u00e9 Coulibaly &amp; Magic Malik (BE\/BDI) Theater Heerlen \/ RABOzaalDi 15.03.202220.00 Uhr Von 14,00 \u20ac F\u00fcr den belgisch-burkinischen Choreografen Serge Aim\u00e9 Coulibaly ist Tanz gleichbedeutend mit sozialem Engagement. Mit seiner ausdrucksstarken und universellen Tanzsprache schl\u00e4gt er k\u00fcnstlerische Br\u00fccken zwischen Afrika und dem Westen. \u201eWakatt\u201c bedeutet w\u00f6rtlich \u201eunsere Zeit\u201c in Dioula, Coulibalys Muttersprache. In dieser Produktion [&hellip;]<\/p>\n","protected":false},"author":1,"featured_media":0,"parent":0,"menu_order":0,"comment_status":"closed","ping_status":"closed","template":"","meta":{"_acf_changed":false,"footnotes":""},"class_list":["post-2646","page","type-page","status-publish","hentry"],"aioseo_notices":[],"acf":[],"jetpack_sharing_enabled":true,"_links":{"self":[{"href":"https:\/\/schrittmacherfestival.nl\/de\/wp-json\/wp\/v2\/pages\/2646","targetHints":{"allow":["GET"]}}],"collection":[{"href":"https:\/\/schrittmacherfestival.nl\/de\/wp-json\/wp\/v2\/pages"}],"about":[{"href":"https:\/\/schrittmacherfestival.nl\/de\/wp-json\/wp\/v2\/types\/page"}],"author":[{"embeddable":true,"href":"https:\/\/schrittmacherfestival.nl\/de\/wp-json\/wp\/v2\/users\/1"}],"replies":[{"embeddable":true,"href":"https:\/\/schrittmacherfestival.nl\/de\/wp-json\/wp\/v2\/comments?post=2646"}],"version-history":[{"count":17,"href":"https:\/\/schrittmacherfestival.nl\/de\/wp-json\/wp\/v2\/pages\/2646\/revisions"}],"predecessor-version":[{"id":3978,"href":"https:\/\/schrittmacherfestival.nl\/de\/wp-json\/wp\/v2\/pages\/2646\/revisions\/3978"}],"wp:attachment":[{"href":"https:\/\/schrittmacherfestival.nl\/de\/wp-json\/wp\/v2\/media?parent=2646"}],"curies":[{"name":"wp","href":"https:\/\/api.w.org\/{rel}","templated":true}]}}

<h1 class="has-black-color has-text-color wp-block-heading" id="faso-danse-theatre-serge-aime-coulibaly-magic-malik-be-bdi"><strong>Faso Danse Théâtre | Serge Aimé Coulibaly &amp; Magic Malik (BE/BDI)</strong></h1>

<p><strong>Theater Heerlen / RABOzaal</strong><br/><strong><strong><strong><strong><strong>Di 15.03.2022</strong></strong></strong></strong></strong><br/><strong>20.00 Uhr </strong><br/><strong>Von 14,00 €</strong></p>

<figure class="wp-block-image alignwide size-large"><img data-recalc-dims="1" height="268" width="640" decoding="async" src="https://i0.wp.com/schrittmacherfestival.nl/wp-content/uploads/2021/12/smf_22_Wakatt-Faso-Danse-Theatre-10%C2%AESophie-Garcia-scaled-e1639218315331-1024x428.jpg?resize=640%2C268&#038;ssl=1" alt="" class="wp-image-2639"/></figure>
<hr class="wp-block-separator"/>

<p>Für den belgisch-burkinischen Choreografen Serge Aimé Coulibaly ist Tanz gleichbedeutend mit sozialem Engagement. Mit seiner ausdrucksstarken und universellen Tanzsprache schlägt er künstlerische Brücken zwischen Afrika und dem Westen. „Wakatt“ bedeutet wörtlich „unsere Zeit“ in Dioula, Coulibalys Muttersprache. In dieser Produktion analysiert der Choreograf den aktuellen Zeitgeist, die Angst, die die Welt im Griff hat. Gleichzeitig begibt er sich mit seinen Tänzer*innen und Musiker*innen von Magic Malik auf die Suche nach Hoffnung und Schönheit.</p>

<p><strong>“A stunning spectacle” – The New York Times</strong></p>

<p><a href="https://schrittmacherfestival.nl/de/lectures-talks/" title="Mit anschlie&#xDF;ender Diskussion, Eintritt frei">Mit anschließender Diskussion, Eintritt frei</a></p>

<p>Einführung um 19.00 Uhr im T&amp;PLounge [nl] für 3,50 €.&#13;
<br/>Für Freunde von Parkstad Limburg Theaters gratis.&#13;
<br/>Reservierung erforderlich: T.: +31(0)45-5716607 / <a href="http://www.plt.nl" target="_blank" rel="noreferrer noopener">www.plt.nl</a></p>

<p>Dauer: ~ 75 Min. ohne Pause</p>

<hr class="wp-block-separator"/>

<div class="wp-block-buttons is-horizontal is-content-justification-center is-layout-flex wp-container-core-buttons-is-layout-499968f5 wp-block-buttons-is-layout-flex">
<div class="wp-block-button"><a class="wp-block-button__link has-white-color has-black-background-color has-text-color has-background" href="https://www.plt.nl/bestel/8996" target="_blank" rel="noreferrer noopener"><strong>Tickets bestellen</strong></a></div>
</div>

<hr class="wp-block-separator"/>

<figure class="wp-block-embed is-type-video is-provider-vimeo wp-block-embed-vimeo wp-embed-aspect-16-9 wp-has-aspect-ratio"><div class="wp-block-embed__wrapper">
<div class="jetpack-video-wrapper"><iframe src="https://player.vimeo.com/video/534608645?dnt=1&amp;app_id=122963" width="640" height="360" frameborder="0" allow="autoplay; fullscreen; picture-in-picture; clipboard-write"></iframe></div>
</div></figure>

<hr class="wp-block-separator"/>

<figure class="wp-block-gallery aligncenter has-nested-images columns-default is-cropped wp-block-gallery-1 is-layout-flex wp-block-gallery-is-layout-flex">
<figure class="wp-block-image size-large"><img data-recalc-dims="1" height="427" width="640" decoding="async" data-id="2641" src="https://i0.wp.com/schrittmacherfestival.nl/wp-content/uploads/2021/12/smf_22_Wakatt-Faso-Danse-Theatre-4%C2%AESophie-Garcia.jpg?resize=640%2C427&#038;ssl=1" alt="" class="wp-image-2641"/></figure>


<figure class="wp-block-image size-large"><img data-recalc-dims="1" height="427" width="640" decoding="async" data-id="2643" src="https://i0.wp.com/schrittmacherfestival.nl/wp-content/uploads/2021/12/smf_22_Wakatt-Faso-Danse-Theatre-6%C2%AESophie-Garcia.jpg?resize=640%2C427&#038;ssl=1" alt="" class="wp-image-2643"/></figure></figure>

<hr class="wp-block-separator"/>

<p></p>

<p>Faso Danse Théâtre | Serge Aimé Coulibaly &amp; Magic Malik (BE/BDI) Theater Heerlen / RABOzaalDi 15.03.202220.00 Uhr Von 14,00 € Für den belgisch-burkinischen Choreografen Serge Aimé Coulibaly ist Tanz gleichbedeutend mit sozialem Engagement. Mit seiner ausdrucksstarken und universellen Tanzsprache schlägt er künstlerische Brücken zwischen Afrika und dem Westen. „Wakatt“ bedeutet wörtlich „unsere Zeit“ in Dioula, Coulibalys Muttersprache. In dieser Produktion [&hellip;]</p>
