{"id":2717,"date":"2021-12-11T12:52:39","date_gmt":"2021-12-11T12:52:39","guid":{"rendered":"https:\/\/schrittmacherfestival.nl\/di-lassos-tranen-van-petrus\/"},"modified":"2022-02-09T09:42:00","modified_gmt":"2022-02-09T09:42:00","slug":"di-lassos-tranen-van-petrus","status":"publish","type":"page","link":"https:\/\/schrittmacherfestival.nl\/de\/di-lassos-tranen-van-petrus\/","title":{"rendered":"Di Lasso&#8217;s Tranen van Petrus"},"content":{"rendered":"\n<h1 class=\"has-black-color has-text-color wp-block-heading\" id=\"dance-company-nanine-linning-nederlands-kamerkoor-d-nl\"><strong><strong>Dance Company Nanine Linning &amp; Nederlands Kamerkoor <\/strong>(D\/NL)<\/strong><\/h1>\n\n<p><strong>Theater Kerkrade<\/strong><br\/><strong><strong><strong><strong><strong><strong><strong><strong><strong>So 27.03.2022<\/strong><\/strong><\/strong><\/strong><\/strong><\/strong><\/strong><\/strong><\/strong><br\/><strong>16.00 Uhr <\/strong><br\/><strong>Von 29,90 \u20ac<\/strong><\/p>\n\n<figure class=\"wp-block-image alignwide size-large\"><img data-recalc-dims=\"1\" fetchpriority=\"high\" decoding=\"async\" width=\"640\" height=\"261\" src=\"https:\/\/i0.wp.com\/schrittmacherfestival.nl\/wp-content\/uploads\/2022\/02\/smf_22_Campagnebeeld-breedbeeld-HR-beeld-Onno-van-Ameijde-scaled-e1639226793207X-1024x417.jpeg?resize=640%2C261&#038;ssl=1\" alt=\"\" class=\"wp-image-3036\" srcset=\"https:\/\/i0.wp.com\/schrittmacherfestival.nl\/wp-content\/uploads\/2022\/02\/smf_22_Campagnebeeld-breedbeeld-HR-beeld-Onno-van-Ameijde-scaled-e1639226793207X.jpeg?resize=1024%2C417&amp;ssl=1 1024w, https:\/\/i0.wp.com\/schrittmacherfestival.nl\/wp-content\/uploads\/2022\/02\/smf_22_Campagnebeeld-breedbeeld-HR-beeld-Onno-van-Ameijde-scaled-e1639226793207X.jpeg?resize=300%2C122&amp;ssl=1 300w, https:\/\/i0.wp.com\/schrittmacherfestival.nl\/wp-content\/uploads\/2022\/02\/smf_22_Campagnebeeld-breedbeeld-HR-beeld-Onno-van-Ameijde-scaled-e1639226793207X.jpeg?resize=768%2C313&amp;ssl=1 768w, https:\/\/i0.wp.com\/schrittmacherfestival.nl\/wp-content\/uploads\/2022\/02\/smf_22_Campagnebeeld-breedbeeld-HR-beeld-Onno-van-Ameijde-scaled-e1639226793207X.jpeg?w=1230&amp;ssl=1 1230w\" sizes=\"(max-width: 640px) 100vw, 640px\" \/><\/figure>\n<hr class=\"wp-block-separator\"\/>\n\n<h2 class=\"wp-block-heading\" id=\"extatische-dans-in-religieuze-koorzang-over-schuld-theaterkrant\">\u201eEkstatischer Tanz in religi\u00f6sem Chorgesang \u00fcber Schuld.\u201c &#8211; Theaterkrant<\/h2>\n\n<p>Die Dance Company Nanine Linning ist ein gern gesehener Gast in den H\u00e4usern der Parkstad-Limburg-Theater. Auf dem schrit_tmacher Festival pr\u00e4sentiert die Choreografin ein beeindruckendes Crossover mit einem der renommiertesten Ch\u00f6re der Niederlande, dem Nederlands Kamerkoor. Gemeinsam setzen sie Orlando di Lassos Meisterwerk \u201eLagrime di San Pietro\u201c in einen aktuellen Kontext: Was geschieht mit dem Menschen in Zeiten der Isolation, Einsamkeit und Verzweiflung? Der Apostel Petrus war der wohl treueste J\u00fcnger Jesu, und doch verleugnete gerade er ihn. Die darauf folgende Ern\u00fcchterung und tiefe Einsamkeit werden lebendig verk\u00f6rpert in einem geradezu \u00fcberirdischen Wechselspiel zwischen reiner Stimme, ausdrucksvollem Tanz und intensiv sch\u00f6nem Licht. Poetisch, konfrontierend und aktuell \u2013 mit sieben S\u00e4ngern in gl\u00e4sernen S\u00e4ulen und einem T\u00e4nzer in der Hauptrolle. \u201ePure Bildpoesie\u201c, schreibt die Tageszeitung Trouw.<\/p>\n\n<p>Dauer: ~ 60 Min. ohne Pause<\/p>\n\n<p>15.00 Uhr Einf\u00fchrung, MFzaal [nl], 3,50 \u20ac.<br\/>F\u00fcr Freunde von Parkstad Limburg Theaters Eintritt frei,<br\/>Reservierung erforderlich: T.: +31(0)45-5716607 \/ <a href=\"https:\/\/www.plt.nl\/\" target=\"_blank\" rel=\"noreferrer noopener\" title=\"www.plt.nl\">www.plt.nl<\/a><\/p>\n\n<hr class=\"wp-block-separator\"\/>\n\n<div class=\"wp-block-buttons is-horizontal is-content-justification-center is-layout-flex wp-container-core-buttons-is-layout-499968f5 wp-block-buttons-is-layout-flex\">\n<div class=\"wp-block-button\"><a class=\"wp-block-button__link has-white-color has-black-background-color has-text-color has-background\" href=\"https:\/\/www.plt.nl\/bestel\/8650\" target=\"_blank\" rel=\"noreferrer noopener\"><strong>Tickets bestellen<\/strong><\/a><\/div>\n<\/div>\n\n<hr class=\"wp-block-separator\"\/>\n\n<figure class=\"wp-block-embed is-type-video is-provider-youtube wp-block-embed-youtube wp-embed-aspect-16-9 wp-has-aspect-ratio\"><div class=\"wp-block-embed__wrapper\">\r\n<iframe  id=\"_ytid_47969\"  width=\"640\" height=\"360\"  data-origwidth=\"640\" data-origheight=\"360\" src=\"https:\/\/www.youtube.com\/embed\/tk4dwL_bySw?enablejsapi=1&#038;autoplay=0&#038;cc_load_policy=0&#038;cc_lang_pref=&#038;iv_load_policy=1&#038;loop=0&#038;rel=1&#038;fs=1&#038;playsinline=0&#038;autohide=2&#038;theme=dark&#038;color=red&#038;controls=1&#038;disablekb=0&#038;\" class=\"__youtube_prefs__  epyt-is-override  no-lazyload\" title=\"YouTube player\"  allow=\"fullscreen; accelerometer; autoplay; clipboard-write; encrypted-media; gyroscope; picture-in-picture; web-share\" referrerpolicy=\"strict-origin-when-cross-origin\" allowfullscreen data-no-lazy=\"1\" data-skipgform_ajax_framebjll=\"\"><\/iframe>\n<\/div><\/figure>\r\n\n<hr class=\"wp-block-separator\"\/>\n\n<figure class=\"wp-block-gallery aligncenter has-nested-images columns-default is-cropped wp-block-gallery-1 is-layout-flex wp-block-gallery-is-layout-flex\">\n<figure class=\"wp-block-image size-large\"><img data-recalc-dims=\"1\" decoding=\"async\" width=\"640\" height=\"640\" data-id=\"2715\" src=\"https:\/\/i0.wp.com\/schrittmacherfestival.nl\/wp-content\/uploads\/2021\/12\/smf_22_Campagnebeeld-square-beeld-Onno-van-Ameijde.jpg?resize=640%2C640&#038;ssl=1\" alt=\"\" class=\"wp-image-2715\" srcset=\"https:\/\/i0.wp.com\/schrittmacherfestival.nl\/wp-content\/uploads\/2021\/12\/smf_22_Campagnebeeld-square-beeld-Onno-van-Ameijde.jpg?resize=1024%2C1024&amp;ssl=1 1024w, https:\/\/i0.wp.com\/schrittmacherfestival.nl\/wp-content\/uploads\/2021\/12\/smf_22_Campagnebeeld-square-beeld-Onno-van-Ameijde.jpg?resize=300%2C300&amp;ssl=1 300w, https:\/\/i0.wp.com\/schrittmacherfestival.nl\/wp-content\/uploads\/2021\/12\/smf_22_Campagnebeeld-square-beeld-Onno-van-Ameijde.jpg?resize=150%2C150&amp;ssl=1 150w, https:\/\/i0.wp.com\/schrittmacherfestival.nl\/wp-content\/uploads\/2021\/12\/smf_22_Campagnebeeld-square-beeld-Onno-van-Ameijde.jpg?resize=768%2C768&amp;ssl=1 768w, https:\/\/i0.wp.com\/schrittmacherfestival.nl\/wp-content\/uploads\/2021\/12\/smf_22_Campagnebeeld-square-beeld-Onno-van-Ameijde.jpg?resize=1536%2C1536&amp;ssl=1 1536w, https:\/\/i0.wp.com\/schrittmacherfestival.nl\/wp-content\/uploads\/2021\/12\/smf_22_Campagnebeeld-square-beeld-Onno-van-Ameijde.jpg?w=1610&amp;ssl=1 1610w, https:\/\/i0.wp.com\/schrittmacherfestival.nl\/wp-content\/uploads\/2021\/12\/smf_22_Campagnebeeld-square-beeld-Onno-van-Ameijde.jpg?w=1280&amp;ssl=1 1280w\" sizes=\"(max-width: 640px) 100vw, 640px\" \/><\/figure><\/figure>\n\n<hr class=\"wp-block-separator\"\/>\n\n<p><\/p>\n","protected":false},"excerpt":{"rendered":"<p>Dance Company Nanine Linning &amp; Nederlands Kamerkoor (D\/NL) Theater KerkradeSo 27.03.202216.00 Uhr Von 29,90 \u20ac \u201eEkstatischer Tanz in religi\u00f6sem Chorgesang \u00fcber Schuld.\u201c &#8211; Theaterkrant Die Dance Company Nanine Linning ist ein gern gesehener Gast in den H\u00e4usern der Parkstad-Limburg-Theater. Auf dem schrit_tmacher Festival pr\u00e4sentiert die Choreografin ein beeindruckendes Crossover mit einem der renommiertesten Ch\u00f6re der Niederlande, dem Nederlands Kamerkoor. Gemeinsam [&hellip;]<\/p>\n","protected":false},"author":1,"featured_media":0,"parent":0,"menu_order":0,"comment_status":"closed","ping_status":"closed","template":"","meta":{"_acf_changed":false,"footnotes":""},"class_list":["post-2717","page","type-page","status-publish","hentry"],"aioseo_notices":[],"acf":[],"jetpack_sharing_enabled":true,"_links":{"self":[{"href":"https:\/\/schrittmacherfestival.nl\/de\/wp-json\/wp\/v2\/pages\/2717","targetHints":{"allow":["GET"]}}],"collection":[{"href":"https:\/\/schrittmacherfestival.nl\/de\/wp-json\/wp\/v2\/pages"}],"about":[{"href":"https:\/\/schrittmacherfestival.nl\/de\/wp-json\/wp\/v2\/types\/page"}],"author":[{"embeddable":true,"href":"https:\/\/schrittmacherfestival.nl\/de\/wp-json\/wp\/v2\/users\/1"}],"replies":[{"embeddable":true,"href":"https:\/\/schrittmacherfestival.nl\/de\/wp-json\/wp\/v2\/comments?post=2717"}],"version-history":[{"count":16,"href":"https:\/\/schrittmacherfestival.nl\/de\/wp-json\/wp\/v2\/pages\/2717\/revisions"}],"predecessor-version":[{"id":3040,"href":"https:\/\/schrittmacherfestival.nl\/de\/wp-json\/wp\/v2\/pages\/2717\/revisions\/3040"}],"wp:attachment":[{"href":"https:\/\/schrittmacherfestival.nl\/de\/wp-json\/wp\/v2\/media?parent=2717"}],"curies":[{"name":"wp","href":"https:\/\/api.w.org\/{rel}","templated":true}]}}

<h1 class="has-black-color has-text-color wp-block-heading" id="dance-company-nanine-linning-nederlands-kamerkoor-d-nl"><strong><strong>Dance Company Nanine Linning &amp; Nederlands Kamerkoor </strong>(D/NL)</strong></h1>

<p><strong>Theater Kerkrade</strong><br/><strong><strong><strong><strong><strong><strong><strong><strong><strong>So 27.03.2022</strong></strong></strong></strong></strong></strong></strong></strong></strong><br/><strong>16.00 Uhr </strong><br/><strong>Von 29,90 €</strong></p>

<figure class="wp-block-image alignwide size-large"><img data-recalc-dims="1" fetchpriority="high" decoding="async" width="640" height="261" src="https://i0.wp.com/schrittmacherfestival.nl/wp-content/uploads/2022/02/smf_22_Campagnebeeld-breedbeeld-HR-beeld-Onno-van-Ameijde-scaled-e1639226793207X-1024x417.jpeg?resize=640%2C261&#038;ssl=1" alt="" class="wp-image-3036" srcset="https://i0.wp.com/schrittmacherfestival.nl/wp-content/uploads/2022/02/smf_22_Campagnebeeld-breedbeeld-HR-beeld-Onno-van-Ameijde-scaled-e1639226793207X.jpeg?resize=1024%2C417&amp;ssl=1 1024w, https://i0.wp.com/schrittmacherfestival.nl/wp-content/uploads/2022/02/smf_22_Campagnebeeld-breedbeeld-HR-beeld-Onno-van-Ameijde-scaled-e1639226793207X.jpeg?resize=300%2C122&amp;ssl=1 300w, https://i0.wp.com/schrittmacherfestival.nl/wp-content/uploads/2022/02/smf_22_Campagnebeeld-breedbeeld-HR-beeld-Onno-van-Ameijde-scaled-e1639226793207X.jpeg?resize=768%2C313&amp;ssl=1 768w, https://i0.wp.com/schrittmacherfestival.nl/wp-content/uploads/2022/02/smf_22_Campagnebeeld-breedbeeld-HR-beeld-Onno-van-Ameijde-scaled-e1639226793207X.jpeg?w=1230&amp;ssl=1 1230w" sizes="(max-width: 640px) 100vw, 640px" /></figure>
<hr class="wp-block-separator"/>

<h2 class="wp-block-heading" id="extatische-dans-in-religieuze-koorzang-over-schuld-theaterkrant">„Ekstatischer Tanz in religiösem Chorgesang über Schuld.“ &#8211; Theaterkrant</h2>

<p>Die Dance Company Nanine Linning ist ein gern gesehener Gast in den Häusern der Parkstad-Limburg-Theater. Auf dem schrit_tmacher Festival präsentiert die Choreografin ein beeindruckendes Crossover mit einem der renommiertesten Chöre der Niederlande, dem Nederlands Kamerkoor. Gemeinsam setzen sie Orlando di Lassos Meisterwerk „Lagrime di San Pietro“ in einen aktuellen Kontext: Was geschieht mit dem Menschen in Zeiten der Isolation, Einsamkeit und Verzweiflung? Der Apostel Petrus war der wohl treueste Jünger Jesu, und doch verleugnete gerade er ihn. Die darauf folgende Ernüchterung und tiefe Einsamkeit werden lebendig verkörpert in einem geradezu überirdischen Wechselspiel zwischen reiner Stimme, ausdrucksvollem Tanz und intensiv schönem Licht. Poetisch, konfrontierend und aktuell – mit sieben Sängern in gläsernen Säulen und einem Tänzer in der Hauptrolle. „Pure Bildpoesie“, schreibt die Tageszeitung Trouw.</p>

<p>Dauer: ~ 60 Min. ohne Pause</p>

<p>15.00 Uhr Einführung, MFzaal [nl], 3,50 €.<br/>Für Freunde von Parkstad Limburg Theaters Eintritt frei,<br/>Reservierung erforderlich: T.: +31(0)45-5716607 / <a href="https://www.plt.nl/" target="_blank" rel="noreferrer noopener" title="www.plt.nl">www.plt.nl</a></p>

<hr class="wp-block-separator"/>

<div class="wp-block-buttons is-horizontal is-content-justification-center is-layout-flex wp-container-core-buttons-is-layout-499968f5 wp-block-buttons-is-layout-flex">
<div class="wp-block-button"><a class="wp-block-button__link has-white-color has-black-background-color has-text-color has-background" href="https://www.plt.nl/bestel/8650" target="_blank" rel="noreferrer noopener"><strong>Tickets bestellen</strong></a></div>
</div>

<hr class="wp-block-separator"/>

<figure class="wp-block-embed is-type-video is-provider-youtube wp-block-embed-youtube wp-embed-aspect-16-9 wp-has-aspect-ratio"><div class="wp-block-embed__wrapper">
<iframe  id="_ytid_47969"  width="640" height="360"  data-origwidth="640" data-origheight="360" src="https://www.youtube.com/embed/tk4dwL_bySw?enablejsapi=1&#038;autoplay=0&#038;cc_load_policy=0&#038;cc_lang_pref=&#038;iv_load_policy=1&#038;loop=0&#038;rel=1&#038;fs=1&#038;playsinline=0&#038;autohide=2&#038;theme=dark&#038;color=red&#038;controls=1&#038;disablekb=0&#038;" class="__youtube_prefs__  epyt-is-override  no-lazyload" title="YouTube player"  allow="fullscreen; accelerometer; autoplay; clipboard-write; encrypted-media; gyroscope; picture-in-picture; web-share" referrerpolicy="strict-origin-when-cross-origin" allowfullscreen data-no-lazy="1" data-skipgform_ajax_framebjll=""></iframe>
</div></figure>

<hr class="wp-block-separator"/>

<figure class="wp-block-gallery aligncenter has-nested-images columns-default is-cropped wp-block-gallery-1 is-layout-flex wp-block-gallery-is-layout-flex">
<figure class="wp-block-image size-large"><img data-recalc-dims="1" decoding="async" width="640" height="640" data-id="2715" src="https://i0.wp.com/schrittmacherfestival.nl/wp-content/uploads/2021/12/smf_22_Campagnebeeld-square-beeld-Onno-van-Ameijde.jpg?resize=640%2C640&#038;ssl=1" alt="" class="wp-image-2715" srcset="https://i0.wp.com/schrittmacherfestival.nl/wp-content/uploads/2021/12/smf_22_Campagnebeeld-square-beeld-Onno-van-Ameijde.jpg?resize=1024%2C1024&amp;ssl=1 1024w, https://i0.wp.com/schrittmacherfestival.nl/wp-content/uploads/2021/12/smf_22_Campagnebeeld-square-beeld-Onno-van-Ameijde.jpg?resize=300%2C300&amp;ssl=1 300w, https://i0.wp.com/schrittmacherfestival.nl/wp-content/uploads/2021/12/smf_22_Campagnebeeld-square-beeld-Onno-van-Ameijde.jpg?resize=150%2C150&amp;ssl=1 150w, https://i0.wp.com/schrittmacherfestival.nl/wp-content/uploads/2021/12/smf_22_Campagnebeeld-square-beeld-Onno-van-Ameijde.jpg?resize=768%2C768&amp;ssl=1 768w, https://i0.wp.com/schrittmacherfestival.nl/wp-content/uploads/2021/12/smf_22_Campagnebeeld-square-beeld-Onno-van-Ameijde.jpg?resize=1536%2C1536&amp;ssl=1 1536w, https://i0.wp.com/schrittmacherfestival.nl/wp-content/uploads/2021/12/smf_22_Campagnebeeld-square-beeld-Onno-van-Ameijde.jpg?w=1610&amp;ssl=1 1610w, https://i0.wp.com/schrittmacherfestival.nl/wp-content/uploads/2021/12/smf_22_Campagnebeeld-square-beeld-Onno-van-Ameijde.jpg?w=1280&amp;ssl=1 1280w" sizes="(max-width: 640px) 100vw, 640px" /></figure></figure>

<hr class="wp-block-separator"/>

<p></p>

<p>Dance Company Nanine Linning &amp; Nederlands Kamerkoor (D/NL) Theater KerkradeSo 27.03.202216.00 Uhr Von 29,90 € „Ekstatischer Tanz in religiösem Chorgesang über Schuld.“ &#8211; Theaterkrant Die Dance Company Nanine Linning ist ein gern gesehener Gast in den Häusern der Parkstad-Limburg-Theater. Auf dem schrit_tmacher Festival präsentiert die Choreografin ein beeindruckendes Crossover mit einem der renommiertesten Chöre der Niederlande, dem Nederlands Kamerkoor. Gemeinsam [&hellip;]</p>
