{"id":3208,"date":"2022-02-10T10:44:38","date_gmt":"2022-02-10T10:44:38","guid":{"rendered":"https:\/\/schrittmacherfestival.nl\/dit-dat-dans-4-8-jaar%ef%bf%bc\/"},"modified":"2022-03-18T13:16:40","modified_gmt":"2022-03-18T13:16:40","slug":"dit-dat-dans-4-8-jaar","status":"publish","type":"page","link":"https:\/\/schrittmacherfestival.nl\/de\/dit-dat-dans-4-8-jaar\/","title":{"rendered":"Dit Dat Dans (4-8 Jahr)"},"content":{"rendered":"\n<h1 class=\"has-black-color has-text-color wp-block-heading\" id=\"sally-dansgezelschap-maastricht-nl\"><strong>SALLY Dansgezelschap Maastricht <\/strong>(NL)<\/h1>\n\n<p><strong>Theater Heerlen \/ VEBEGOfoyer<br\/>So 27.03.2022<br\/>11.00 Uhr + 13.30 Uhr <br\/>Von 9,- \u20ac<\/strong><\/p>\n\n<figure class=\"wp-block-image alignwide size-large\"><img data-recalc-dims=\"1\" fetchpriority=\"high\" decoding=\"async\" width=\"640\" height=\"261\" src=\"https:\/\/i0.wp.com\/schrittmacherfestival.nl\/wp-content\/uploads\/2022\/02\/smf_22_Dit-Dat-Dans_SALLY-Dansgezelschap-Maastricht-foto-Tycho-Merijn-scaled-e1644489409151-1024x417.jpeg?resize=640%2C261&#038;ssl=1\" alt=\"\" class=\"wp-image-3213\" srcset=\"https:\/\/i0.wp.com\/schrittmacherfestival.nl\/wp-content\/uploads\/2022\/02\/smf_22_Dit-Dat-Dans_SALLY-Dansgezelschap-Maastricht-foto-Tycho-Merijn-scaled-e1644489409151.jpeg?resize=1024%2C417&amp;ssl=1 1024w, https:\/\/i0.wp.com\/schrittmacherfestival.nl\/wp-content\/uploads\/2022\/02\/smf_22_Dit-Dat-Dans_SALLY-Dansgezelschap-Maastricht-foto-Tycho-Merijn-scaled-e1644489409151.jpeg?resize=300%2C122&amp;ssl=1 300w, https:\/\/i0.wp.com\/schrittmacherfestival.nl\/wp-content\/uploads\/2022\/02\/smf_22_Dit-Dat-Dans_SALLY-Dansgezelschap-Maastricht-foto-Tycho-Merijn-scaled-e1644489409151.jpeg?resize=768%2C313&amp;ssl=1 768w, https:\/\/i0.wp.com\/schrittmacherfestival.nl\/wp-content\/uploads\/2022\/02\/smf_22_Dit-Dat-Dans_SALLY-Dansgezelschap-Maastricht-foto-Tycho-Merijn-scaled-e1644489409151.jpeg?w=1230&amp;ssl=1 1230w\" sizes=\"(max-width: 640px) 100vw, 640px\" \/><\/figure>\n<hr class=\"wp-block-separator\"\/>\n\n<p>\u201eDit Dat Dans\u201c vereint Vorstellung mit Workshop und wendet sich speziell an ein junges Publikum sowie Verwandte. Diese Vorstellung pr\u00e4sentiert eine einzigartige M\u00f6glichkeit, Tanz gemeinsam und mit allen Fasern des K\u00f6rpers zu erleben. Mit der Nase auf der Tanzfl\u00e4che werden junge Menschen aufgefordert, ein Duett, das um sie herumgetanzt wird, mit Bedeutung aufzuladen. Daran schlie\u00dft sich ein Austausch mit den T\u00e4nzer*innen an, und das junge Publikum setzt sich in Bewegung. \u201eDit Dat Dans\u201c ist spannend, \u00fcberraschend und ein einzigartiges Erlebnis.<\/p>\n\n<p>Dauer: ~ 60 Min. ohne Pause<\/p>\n\n<hr class=\"wp-block-separator\"\/>\n\n<div class=\"wp-block-buttons is-horizontal is-content-justification-center is-layout-flex wp-container-core-buttons-is-layout-499968f5 wp-block-buttons-is-layout-flex\">\n<div class=\"wp-block-button\"><a class=\"wp-block-button__link has-black-background-color has-background\" href=\"https:\/\/www.plt.nl\/bestel\/9257\" target=\"_blank\" rel=\"noreferrer noopener\"><strong>Tickets 11.00 Uhr<\/strong><\/a><\/div>\n\n\n\n<div class=\"wp-block-button\"><a class=\"wp-block-button__link has-black-background-color has-background\" href=\"https:\/\/www.plt.nl\/bestel\/9258\" target=\"_blank\" rel=\"noreferrer noopener\"><strong>Tickets 13.30 Uhr<\/strong><\/a><\/div>\n<\/div>\n\n<hr class=\"wp-block-separator\"\/>\n\n<figure class=\"wp-block-embed is-type-video is-provider-vimeo wp-block-embed-vimeo wp-embed-aspect-16-9 wp-has-aspect-ratio\"><div class=\"wp-block-embed__wrapper\">\r\n<div class=\"jetpack-video-wrapper\"><iframe title=\"Teaser Dit Dat Dans | SALLY\" src=\"https:\/\/player.vimeo.com\/video\/649028796?dnt=1&amp;app_id=122963\" width=\"640\" height=\"360\" frameborder=\"0\" allow=\"autoplay; fullscreen; picture-in-picture; clipboard-write\"><\/iframe><\/div>\r\n<\/div><\/figure>\r\n\n<hr class=\"wp-block-separator\"\/>\n\n<figure class=\"wp-block-gallery aligncenter has-nested-images columns-default is-cropped wp-block-gallery-1 is-layout-flex wp-block-gallery-is-layout-flex\">\n<figure class=\"wp-block-image size-large\"><img data-recalc-dims=\"1\" decoding=\"async\" width=\"640\" height=\"427\" data-id=\"3198\" src=\"https:\/\/i0.wp.com\/schrittmacherfestival.nl\/wp-content\/uploads\/2022\/02\/smf_22_Dit-Dat-Dans_SALLY-Dansgezelschap-Maastricht-foto-Tycho-Merijn-1-1.jpg?resize=640%2C427&#038;ssl=1\" alt=\"\" class=\"wp-image-3198\" srcset=\"https:\/\/i0.wp.com\/schrittmacherfestival.nl\/wp-content\/uploads\/2022\/02\/smf_22_Dit-Dat-Dans_SALLY-Dansgezelschap-Maastricht-foto-Tycho-Merijn-1-1-scaled.jpg?resize=1024%2C683&amp;ssl=1 1024w, https:\/\/i0.wp.com\/schrittmacherfestival.nl\/wp-content\/uploads\/2022\/02\/smf_22_Dit-Dat-Dans_SALLY-Dansgezelschap-Maastricht-foto-Tycho-Merijn-1-1-scaled.jpg?resize=300%2C200&amp;ssl=1 300w, https:\/\/i0.wp.com\/schrittmacherfestival.nl\/wp-content\/uploads\/2022\/02\/smf_22_Dit-Dat-Dans_SALLY-Dansgezelschap-Maastricht-foto-Tycho-Merijn-1-1-scaled.jpg?resize=768%2C512&amp;ssl=1 768w, https:\/\/i0.wp.com\/schrittmacherfestival.nl\/wp-content\/uploads\/2022\/02\/smf_22_Dit-Dat-Dans_SALLY-Dansgezelschap-Maastricht-foto-Tycho-Merijn-1-1-scaled.jpg?resize=1536%2C1024&amp;ssl=1 1536w, https:\/\/i0.wp.com\/schrittmacherfestival.nl\/wp-content\/uploads\/2022\/02\/smf_22_Dit-Dat-Dans_SALLY-Dansgezelschap-Maastricht-foto-Tycho-Merijn-1-1-scaled.jpg?resize=2048%2C1365&amp;ssl=1 2048w, https:\/\/i0.wp.com\/schrittmacherfestival.nl\/wp-content\/uploads\/2022\/02\/smf_22_Dit-Dat-Dans_SALLY-Dansgezelschap-Maastricht-foto-Tycho-Merijn-1-1-scaled.jpg?resize=600%2C400&amp;ssl=1 600w, https:\/\/i0.wp.com\/schrittmacherfestival.nl\/wp-content\/uploads\/2022\/02\/smf_22_Dit-Dat-Dans_SALLY-Dansgezelschap-Maastricht-foto-Tycho-Merijn-1-1-scaled.jpg?w=1280&amp;ssl=1 1280w, https:\/\/i0.wp.com\/schrittmacherfestival.nl\/wp-content\/uploads\/2022\/02\/smf_22_Dit-Dat-Dans_SALLY-Dansgezelschap-Maastricht-foto-Tycho-Merijn-1-1-scaled.jpg?w=1920&amp;ssl=1 1920w\" sizes=\"(max-width: 640px) 100vw, 640px\" \/><\/figure>\n\n\n<figure class=\"wp-block-image size-large\"><img data-recalc-dims=\"1\" decoding=\"async\" width=\"640\" height=\"853\" data-id=\"3204\" src=\"https:\/\/i0.wp.com\/schrittmacherfestival.nl\/wp-content\/uploads\/2022\/02\/smf_22_Dit-Dat-Dans_SALLY-Dansgezelschap-Maastricht.jpg?resize=640%2C853&#038;ssl=1\" alt=\"\" class=\"wp-image-3204\" srcset=\"https:\/\/i0.wp.com\/schrittmacherfestival.nl\/wp-content\/uploads\/2022\/02\/smf_22_Dit-Dat-Dans_SALLY-Dansgezelschap-Maastricht.jpg?w=768&amp;ssl=1 768w, https:\/\/i0.wp.com\/schrittmacherfestival.nl\/wp-content\/uploads\/2022\/02\/smf_22_Dit-Dat-Dans_SALLY-Dansgezelschap-Maastricht.jpg?resize=225%2C300&amp;ssl=1 225w\" sizes=\"(max-width: 640px) 100vw, 640px\" \/><\/figure><\/figure>\n\n<hr class=\"wp-block-separator\"\/>\n\n<p><\/p>\n","protected":false},"excerpt":{"rendered":"<p>SALLY Dansgezelschap Maastricht (NL) Theater Heerlen \/ VEBEGOfoyerSo 27.03.202211.00 Uhr + 13.30 Uhr Von 9,- \u20ac \u201eDit Dat Dans\u201c vereint Vorstellung mit Workshop und wendet sich speziell an ein junges Publikum sowie Verwandte. Diese Vorstellung pr\u00e4sentiert eine einzigartige M\u00f6glichkeit, Tanz gemeinsam und mit allen Fasern des K\u00f6rpers zu erleben. Mit der Nase auf der Tanzfl\u00e4che werden junge Menschen aufgefordert, ein [&hellip;]<\/p>\n","protected":false},"author":1,"featured_media":0,"parent":0,"menu_order":0,"comment_status":"closed","ping_status":"closed","template":"","meta":{"_acf_changed":false,"footnotes":""},"class_list":["post-3208","page","type-page","status-publish","hentry"],"aioseo_notices":[],"acf":[],"jetpack_sharing_enabled":true,"_links":{"self":[{"href":"https:\/\/schrittmacherfestival.nl\/de\/wp-json\/wp\/v2\/pages\/3208","targetHints":{"allow":["GET"]}}],"collection":[{"href":"https:\/\/schrittmacherfestival.nl\/de\/wp-json\/wp\/v2\/pages"}],"about":[{"href":"https:\/\/schrittmacherfestival.nl\/de\/wp-json\/wp\/v2\/types\/page"}],"author":[{"embeddable":true,"href":"https:\/\/schrittmacherfestival.nl\/de\/wp-json\/wp\/v2\/users\/1"}],"replies":[{"embeddable":true,"href":"https:\/\/schrittmacherfestival.nl\/de\/wp-json\/wp\/v2\/comments?post=3208"}],"version-history":[{"count":13,"href":"https:\/\/schrittmacherfestival.nl\/de\/wp-json\/wp\/v2\/pages\/3208\/revisions"}],"predecessor-version":[{"id":4052,"href":"https:\/\/schrittmacherfestival.nl\/de\/wp-json\/wp\/v2\/pages\/3208\/revisions\/4052"}],"wp:attachment":[{"href":"https:\/\/schrittmacherfestival.nl\/de\/wp-json\/wp\/v2\/media?parent=3208"}],"curies":[{"name":"wp","href":"https:\/\/api.w.org\/{rel}","templated":true}]}}

<h1 class="has-black-color has-text-color wp-block-heading" id="sally-dansgezelschap-maastricht-nl"><strong>SALLY Dansgezelschap Maastricht </strong>(NL)</h1>

<p><strong>Theater Heerlen / VEBEGOfoyer<br/>So 27.03.2022<br/>11.00 Uhr + 13.30 Uhr <br/>Von 9,- €</strong></p>

<figure class="wp-block-image alignwide size-large"><img data-recalc-dims="1" fetchpriority="high" decoding="async" width="640" height="261" src="https://i0.wp.com/schrittmacherfestival.nl/wp-content/uploads/2022/02/smf_22_Dit-Dat-Dans_SALLY-Dansgezelschap-Maastricht-foto-Tycho-Merijn-scaled-e1644489409151-1024x417.jpeg?resize=640%2C261&#038;ssl=1" alt="" class="wp-image-3213" srcset="https://i0.wp.com/schrittmacherfestival.nl/wp-content/uploads/2022/02/smf_22_Dit-Dat-Dans_SALLY-Dansgezelschap-Maastricht-foto-Tycho-Merijn-scaled-e1644489409151.jpeg?resize=1024%2C417&amp;ssl=1 1024w, https://i0.wp.com/schrittmacherfestival.nl/wp-content/uploads/2022/02/smf_22_Dit-Dat-Dans_SALLY-Dansgezelschap-Maastricht-foto-Tycho-Merijn-scaled-e1644489409151.jpeg?resize=300%2C122&amp;ssl=1 300w, https://i0.wp.com/schrittmacherfestival.nl/wp-content/uploads/2022/02/smf_22_Dit-Dat-Dans_SALLY-Dansgezelschap-Maastricht-foto-Tycho-Merijn-scaled-e1644489409151.jpeg?resize=768%2C313&amp;ssl=1 768w, https://i0.wp.com/schrittmacherfestival.nl/wp-content/uploads/2022/02/smf_22_Dit-Dat-Dans_SALLY-Dansgezelschap-Maastricht-foto-Tycho-Merijn-scaled-e1644489409151.jpeg?w=1230&amp;ssl=1 1230w" sizes="(max-width: 640px) 100vw, 640px" /></figure>
<hr class="wp-block-separator"/>

<p>„Dit Dat Dans“ vereint Vorstellung mit Workshop und wendet sich speziell an ein junges Publikum sowie Verwandte. Diese Vorstellung präsentiert eine einzigartige Möglichkeit, Tanz gemeinsam und mit allen Fasern des Körpers zu erleben. Mit der Nase auf der Tanzfläche werden junge Menschen aufgefordert, ein Duett, das um sie herumgetanzt wird, mit Bedeutung aufzuladen. Daran schließt sich ein Austausch mit den Tänzer*innen an, und das junge Publikum setzt sich in Bewegung. „Dit Dat Dans“ ist spannend, überraschend und ein einzigartiges Erlebnis.</p>

<p>Dauer: ~ 60 Min. ohne Pause</p>

<hr class="wp-block-separator"/>

<div class="wp-block-buttons is-horizontal is-content-justification-center is-layout-flex wp-container-core-buttons-is-layout-499968f5 wp-block-buttons-is-layout-flex">
<div class="wp-block-button"><a class="wp-block-button__link has-black-background-color has-background" href="https://www.plt.nl/bestel/9257" target="_blank" rel="noreferrer noopener"><strong>Tickets 11.00 Uhr</strong></a></div>



<div class="wp-block-button"><a class="wp-block-button__link has-black-background-color has-background" href="https://www.plt.nl/bestel/9258" target="_blank" rel="noreferrer noopener"><strong>Tickets 13.30 Uhr</strong></a></div>
</div>

<hr class="wp-block-separator"/>

<figure class="wp-block-embed is-type-video is-provider-vimeo wp-block-embed-vimeo wp-embed-aspect-16-9 wp-has-aspect-ratio"><div class="wp-block-embed__wrapper">
<div class="jetpack-video-wrapper"><iframe title="Teaser Dit Dat Dans | SALLY" src="https://player.vimeo.com/video/649028796?dnt=1&amp;app_id=122963" width="640" height="360" frameborder="0" allow="autoplay; fullscreen; picture-in-picture; clipboard-write"></iframe></div>
</div></figure>

<hr class="wp-block-separator"/>

<figure class="wp-block-gallery aligncenter has-nested-images columns-default is-cropped wp-block-gallery-1 is-layout-flex wp-block-gallery-is-layout-flex">
<figure class="wp-block-image size-large"><img data-recalc-dims="1" decoding="async" width="640" height="427" data-id="3198" src="https://i0.wp.com/schrittmacherfestival.nl/wp-content/uploads/2022/02/smf_22_Dit-Dat-Dans_SALLY-Dansgezelschap-Maastricht-foto-Tycho-Merijn-1-1.jpg?resize=640%2C427&#038;ssl=1" alt="" class="wp-image-3198" srcset="https://i0.wp.com/schrittmacherfestival.nl/wp-content/uploads/2022/02/smf_22_Dit-Dat-Dans_SALLY-Dansgezelschap-Maastricht-foto-Tycho-Merijn-1-1-scaled.jpg?resize=1024%2C683&amp;ssl=1 1024w, https://i0.wp.com/schrittmacherfestival.nl/wp-content/uploads/2022/02/smf_22_Dit-Dat-Dans_SALLY-Dansgezelschap-Maastricht-foto-Tycho-Merijn-1-1-scaled.jpg?resize=300%2C200&amp;ssl=1 300w, https://i0.wp.com/schrittmacherfestival.nl/wp-content/uploads/2022/02/smf_22_Dit-Dat-Dans_SALLY-Dansgezelschap-Maastricht-foto-Tycho-Merijn-1-1-scaled.jpg?resize=768%2C512&amp;ssl=1 768w, https://i0.wp.com/schrittmacherfestival.nl/wp-content/uploads/2022/02/smf_22_Dit-Dat-Dans_SALLY-Dansgezelschap-Maastricht-foto-Tycho-Merijn-1-1-scaled.jpg?resize=1536%2C1024&amp;ssl=1 1536w, https://i0.wp.com/schrittmacherfestival.nl/wp-content/uploads/2022/02/smf_22_Dit-Dat-Dans_SALLY-Dansgezelschap-Maastricht-foto-Tycho-Merijn-1-1-scaled.jpg?resize=2048%2C1365&amp;ssl=1 2048w, https://i0.wp.com/schrittmacherfestival.nl/wp-content/uploads/2022/02/smf_22_Dit-Dat-Dans_SALLY-Dansgezelschap-Maastricht-foto-Tycho-Merijn-1-1-scaled.jpg?resize=600%2C400&amp;ssl=1 600w, https://i0.wp.com/schrittmacherfestival.nl/wp-content/uploads/2022/02/smf_22_Dit-Dat-Dans_SALLY-Dansgezelschap-Maastricht-foto-Tycho-Merijn-1-1-scaled.jpg?w=1280&amp;ssl=1 1280w, https://i0.wp.com/schrittmacherfestival.nl/wp-content/uploads/2022/02/smf_22_Dit-Dat-Dans_SALLY-Dansgezelschap-Maastricht-foto-Tycho-Merijn-1-1-scaled.jpg?w=1920&amp;ssl=1 1920w" sizes="(max-width: 640px) 100vw, 640px" /></figure>


<figure class="wp-block-image size-large"><img data-recalc-dims="1" decoding="async" width="640" height="853" data-id="3204" src="https://i0.wp.com/schrittmacherfestival.nl/wp-content/uploads/2022/02/smf_22_Dit-Dat-Dans_SALLY-Dansgezelschap-Maastricht.jpg?resize=640%2C853&#038;ssl=1" alt="" class="wp-image-3204" srcset="https://i0.wp.com/schrittmacherfestival.nl/wp-content/uploads/2022/02/smf_22_Dit-Dat-Dans_SALLY-Dansgezelschap-Maastricht.jpg?w=768&amp;ssl=1 768w, https://i0.wp.com/schrittmacherfestival.nl/wp-content/uploads/2022/02/smf_22_Dit-Dat-Dans_SALLY-Dansgezelschap-Maastricht.jpg?resize=225%2C300&amp;ssl=1 225w" sizes="(max-width: 640px) 100vw, 640px" /></figure></figure>

<hr class="wp-block-separator"/>

<p></p>

<p>SALLY Dansgezelschap Maastricht (NL) Theater Heerlen / VEBEGOfoyerSo 27.03.202211.00 Uhr + 13.30 Uhr Von 9,- € „Dit Dat Dans“ vereint Vorstellung mit Workshop und wendet sich speziell an ein junges Publikum sowie Verwandte. Diese Vorstellung präsentiert eine einzigartige Möglichkeit, Tanz gemeinsam und mit allen Fasern des Körpers zu erleben. Mit der Nase auf der Tanzfläche werden junge Menschen aufgefordert, ein [&hellip;]</p>
