{"id":3480,"date":"2022-02-15T12:27:12","date_gmt":"2022-02-15T12:27:12","guid":{"rendered":"https:\/\/schrittmacherfestival.nl\/the-sound-of-masks%ef%bf%bc\/"},"modified":"2022-06-13T07:36:58","modified_gmt":"2022-06-13T07:36:58","slug":"the-sound-of-masks","status":"publish","type":"page","link":"https:\/\/schrittmacherfestival.nl\/de\/the-sound-of-masks\/","title":{"rendered":"The Sound of Masks\ufffc"},"content":{"rendered":"\n<h1 class=\"has-black-color has-text-color wp-block-heading\" id=\"regie-sara-de-gouveia-zuid-afrika-portugal-2018\"><strong>regie: Sara de Gouveia (Zuid-Afrika\/Portugal, 2018)<\/strong><\/h1>\n\n\n\n<p><strong>Filmhuis De Spiegel<\/strong><br><strong><strong><strong><strong><strong><strong><strong><strong><strong><strong><strong><strong><strong><strong>Do 17.03.2022<\/strong><\/strong><\/strong><\/strong><\/strong><\/strong><\/strong><\/strong><\/strong><\/strong><\/strong><\/strong><\/strong> | 20.00 Uhr + Mi 30.03.2022 | 14.00 Uhr<\/strong><br><strong>Film<\/strong><br><strong>Von 8,50 \u20ac<\/strong><\/p>\n\n\n\n<figure class=\"wp-block-image alignwide size-large\"><img data-recalc-dims=\"1\" fetchpriority=\"high\" decoding=\"async\" width=\"640\" height=\"261\" src=\"https:\/\/i0.wp.com\/schrittmacherfestival.nl\/wp-content\/uploads\/2022\/02\/The-Sound-of-Masks-filmstill-Bruno-Mano-TSOM__1.423.1-e1644927506990-1.jpg?resize=640%2C261&#038;ssl=1\" alt=\"\" class=\"wp-image-3478\" srcset=\"https:\/\/i0.wp.com\/schrittmacherfestival.nl\/wp-content\/uploads\/2022\/02\/The-Sound-of-Masks-filmstill-Bruno-Mano-TSOM__1.423.1-e1644927506990-1.jpg?resize=1024%2C417&amp;ssl=1 1024w, https:\/\/i0.wp.com\/schrittmacherfestival.nl\/wp-content\/uploads\/2022\/02\/The-Sound-of-Masks-filmstill-Bruno-Mano-TSOM__1.423.1-e1644927506990-1.jpg?resize=300%2C122&amp;ssl=1 300w, https:\/\/i0.wp.com\/schrittmacherfestival.nl\/wp-content\/uploads\/2022\/02\/The-Sound-of-Masks-filmstill-Bruno-Mano-TSOM__1.423.1-e1644927506990-1.jpg?resize=768%2C313&amp;ssl=1 768w, https:\/\/i0.wp.com\/schrittmacherfestival.nl\/wp-content\/uploads\/2022\/02\/The-Sound-of-Masks-filmstill-Bruno-Mano-TSOM__1.423.1-e1644927506990-1.jpg?w=1230&amp;ssl=1 1230w\" sizes=\"(max-width: 640px) 100vw, 640px\" \/><\/figure>\n\n\n\n<hr class=\"wp-block-separator has-css-opacity\"\/>\n\n\n\n<h3 class=\"wp-block-heading\" id=\"met-engelse-ondertiteling\">Mit englischen Untertiteln<\/h3>\n\n\n\n<p>W\u00e4hrend des Unabh\u00e4ngigkeitskrieges in den 1960er Jahren nutzte der Makonde-Stamm in Mosambik den Mapiko, um \u00fcber die Kolonialherrschaft zu sp\u00f6tteln. Sein Talent f\u00fcr diesen traditionellen Maskentanz gab Atan\u00e1sio Nyusi die M\u00f6glichkeit, professioneller T\u00e4nzer zu werden. W\u00e4hrend er seine Lebensgeschichte erz\u00e4hlt, f\u00fchrt uns der legend\u00e4re T\u00e4nzer durch die gro\u00dfe Geschichte seines Volkes und seines Landes. In sp\u00e4rlichem, effizient eingesetztem Archivmaterial sehen wir Einblicke in die koloniale Vergangenheit Mosambiks, den Kampf um die Unabh\u00e4ngigkeit und den B\u00fcrgerkrieg, dynamisch geschnitten mit Bildern des Mapiko. Die Interaktion mit seinem Sohn zeigt, wie Nyusi versucht, nicht nur diese kollektiven Erinnerungen, sondern auch sein eigenes Verm\u00e4chtnis als K\u00fcnstler weiterzugeben.<\/p>\n\n\n\n<p>Deze film maakt deel uit van het themaprogramma Dans, actualiteit &amp; de beweeglijke brug tussen polariserende perspectieven.<\/p>\n\n\n\n<p>Dauer: ~ 70 Min.<\/p>\n\n\n\n<hr class=\"wp-block-separator has-css-opacity\"\/>\n\n\n\n<div class=\"wp-block-buttons is-horizontal is-content-justification-center is-layout-flex wp-container-core-buttons-is-layout-499968f5 wp-block-buttons-is-layout-flex\">\n<div class=\"wp-block-button\"><a class=\"wp-block-button__link has-white-color has-black-background-color has-text-color has-background\" href=\"https:\/\/tickets.filmhuisdespiegel.nl\/shop\/tickets-new.php?showid=3717\" target=\"_blank\" rel=\"noreferrer noopener\"><strong>Tickets Do 17.03<\/strong><\/a><\/div>\n\n\n\n<div class=\"wp-block-button\"><a class=\"wp-block-button__link has-white-color has-black-background-color has-text-color has-background\" href=\"https:\/\/tickets.filmhuisdespiegel.nl\/shop\/tickets-new.php?showid=3718\" target=\"_blank\" rel=\"noreferrer noopener\"><strong>Tickets Mi 30.03<\/strong><\/a><\/div>\n<\/div>\n\n\n\n<hr class=\"wp-block-separator has-css-opacity\"\/>\n\n\n\n<figure class=\"wp-block-embed is-type-video is-provider-youtube wp-block-embed-youtube wp-embed-aspect-16-9 wp-has-aspect-ratio\"><div class=\"wp-block-embed__wrapper\">\n<iframe  id=\"_ytid_12782\"  width=\"640\" height=\"360\"  data-origwidth=\"640\" data-origheight=\"360\" src=\"https:\/\/www.youtube.com\/embed\/HRoheAB_LIQ?enablejsapi=1&#038;autoplay=0&#038;cc_load_policy=0&#038;cc_lang_pref=&#038;iv_load_policy=1&#038;loop=0&#038;rel=1&#038;fs=1&#038;playsinline=0&#038;autohide=2&#038;theme=dark&#038;color=red&#038;controls=1&#038;disablekb=0&#038;\" class=\"__youtube_prefs__  epyt-is-override  no-lazyload\" title=\"YouTube player\"  allow=\"fullscreen; accelerometer; autoplay; clipboard-write; encrypted-media; gyroscope; picture-in-picture; web-share\" referrerpolicy=\"strict-origin-when-cross-origin\" allowfullscreen data-no-lazy=\"1\" data-skipgform_ajax_framebjll=\"\"><\/iframe>\n<\/div><\/figure>\n\n\n\n<hr class=\"wp-block-separator has-css-opacity\"\/>\n\n\n\n<figure class=\"wp-block-gallery aligncenter has-nested-images columns-default is-cropped wp-block-gallery-1 is-layout-flex wp-block-gallery-is-layout-flex\">\n<figure class=\"wp-block-image size-large\"><img data-recalc-dims=\"1\" decoding=\"async\" width=\"640\" height=\"360\" data-id=\"3475\" src=\"https:\/\/i0.wp.com\/schrittmacherfestival.nl\/wp-content\/uploads\/2022\/02\/The-Sound-of-Masks-filmstill-Bruno-Mano-TSOM__1.423.1-1.jpg?resize=640%2C360&#038;ssl=1\" alt=\"\" class=\"wp-image-3475\" srcset=\"https:\/\/i0.wp.com\/schrittmacherfestival.nl\/wp-content\/uploads\/2022\/02\/The-Sound-of-Masks-filmstill-Bruno-Mano-TSOM__1.423.1-1.jpg?resize=1024%2C576&amp;ssl=1 1024w, https:\/\/i0.wp.com\/schrittmacherfestival.nl\/wp-content\/uploads\/2022\/02\/The-Sound-of-Masks-filmstill-Bruno-Mano-TSOM__1.423.1-1.jpg?resize=300%2C169&amp;ssl=1 300w, https:\/\/i0.wp.com\/schrittmacherfestival.nl\/wp-content\/uploads\/2022\/02\/The-Sound-of-Masks-filmstill-Bruno-Mano-TSOM__1.423.1-1.jpg?resize=768%2C432&amp;ssl=1 768w, https:\/\/i0.wp.com\/schrittmacherfestival.nl\/wp-content\/uploads\/2022\/02\/The-Sound-of-Masks-filmstill-Bruno-Mano-TSOM__1.423.1-1.jpg?resize=1536%2C864&amp;ssl=1 1536w, https:\/\/i0.wp.com\/schrittmacherfestival.nl\/wp-content\/uploads\/2022\/02\/The-Sound-of-Masks-filmstill-Bruno-Mano-TSOM__1.423.1-1.jpg?w=1920&amp;ssl=1 1920w, https:\/\/i0.wp.com\/schrittmacherfestival.nl\/wp-content\/uploads\/2022\/02\/The-Sound-of-Masks-filmstill-Bruno-Mano-TSOM__1.423.1-1.jpg?w=1280&amp;ssl=1 1280w\" sizes=\"(max-width: 640px) 100vw, 640px\" \/><\/figure>\n\n\n\n<figure class=\"wp-block-image size-large\"><img data-recalc-dims=\"1\" decoding=\"async\" width=\"640\" height=\"360\" data-id=\"3471\" src=\"https:\/\/i0.wp.com\/schrittmacherfestival.nl\/wp-content\/uploads\/2022\/02\/The-Sound-of-Masks3.jpg?resize=640%2C360&#038;ssl=1\" alt=\"\" class=\"wp-image-3471\" srcset=\"https:\/\/i0.wp.com\/schrittmacherfestival.nl\/wp-content\/uploads\/2022\/02\/The-Sound-of-Masks3.jpg?resize=1024%2C576&amp;ssl=1 1024w, https:\/\/i0.wp.com\/schrittmacherfestival.nl\/wp-content\/uploads\/2022\/02\/The-Sound-of-Masks3.jpg?resize=300%2C169&amp;ssl=1 300w, https:\/\/i0.wp.com\/schrittmacherfestival.nl\/wp-content\/uploads\/2022\/02\/The-Sound-of-Masks3.jpg?resize=768%2C432&amp;ssl=1 768w, https:\/\/i0.wp.com\/schrittmacherfestival.nl\/wp-content\/uploads\/2022\/02\/The-Sound-of-Masks3.jpg?resize=1536%2C864&amp;ssl=1 1536w, https:\/\/i0.wp.com\/schrittmacherfestival.nl\/wp-content\/uploads\/2022\/02\/The-Sound-of-Masks3.jpg?w=1920&amp;ssl=1 1920w, https:\/\/i0.wp.com\/schrittmacherfestival.nl\/wp-content\/uploads\/2022\/02\/The-Sound-of-Masks3.jpg?w=1280&amp;ssl=1 1280w\" sizes=\"(max-width: 640px) 100vw, 640px\" \/><\/figure>\n\n\n\n<figure class=\"wp-block-image size-large\"><img data-recalc-dims=\"1\" loading=\"lazy\" decoding=\"async\" width=\"640\" height=\"360\" data-id=\"3470\" src=\"https:\/\/i0.wp.com\/schrittmacherfestival.nl\/wp-content\/uploads\/2022\/02\/The-Sound-of-Masks-1.jpg?resize=640%2C360&#038;ssl=1\" alt=\"\" class=\"wp-image-3470\" srcset=\"https:\/\/i0.wp.com\/schrittmacherfestival.nl\/wp-content\/uploads\/2022\/02\/The-Sound-of-Masks-1.jpg?resize=1024%2C576&amp;ssl=1 1024w, https:\/\/i0.wp.com\/schrittmacherfestival.nl\/wp-content\/uploads\/2022\/02\/The-Sound-of-Masks-1.jpg?resize=300%2C169&amp;ssl=1 300w, https:\/\/i0.wp.com\/schrittmacherfestival.nl\/wp-content\/uploads\/2022\/02\/The-Sound-of-Masks-1.jpg?resize=768%2C432&amp;ssl=1 768w, https:\/\/i0.wp.com\/schrittmacherfestival.nl\/wp-content\/uploads\/2022\/02\/The-Sound-of-Masks-1.jpg?resize=1536%2C864&amp;ssl=1 1536w, https:\/\/i0.wp.com\/schrittmacherfestival.nl\/wp-content\/uploads\/2022\/02\/The-Sound-of-Masks-1.jpg?w=1920&amp;ssl=1 1920w, https:\/\/i0.wp.com\/schrittmacherfestival.nl\/wp-content\/uploads\/2022\/02\/The-Sound-of-Masks-1.jpg?w=1280&amp;ssl=1 1280w\" sizes=\"(max-width: 640px) 100vw, 640px\" \/><\/figure>\n<\/figure>\n\n\n\n<hr class=\"wp-block-separator has-css-opacity\"\/>\n\n\n\n<p><\/p>\n","protected":false},"excerpt":{"rendered":"<p>regie: Sara de Gouveia (Zuid-Afrika\/Portugal, 2018) Filmhuis De SpiegelDo 17.03.2022 | 20.00 Uhr + Mi 30.03.2022 | 14.00 UhrFilmVon 8,50 \u20ac Mit englischen Untertiteln W\u00e4hrend des Unabh\u00e4ngigkeitskrieges in den 1960er Jahren nutzte der Makonde-Stamm in Mosambik den Mapiko, um \u00fcber die Kolonialherrschaft zu sp\u00f6tteln. Sein Talent f\u00fcr diesen traditionellen Maskentanz gab Atan\u00e1sio Nyusi die M\u00f6glichkeit, professioneller T\u00e4nzer zu werden. W\u00e4hrend [&hellip;]<\/p>\n","protected":false},"author":1,"featured_media":0,"parent":0,"menu_order":0,"comment_status":"closed","ping_status":"closed","template":"","meta":{"_acf_changed":false,"footnotes":""},"class_list":["post-3480","page","type-page","status-publish","hentry"],"aioseo_notices":[],"acf":[],"jetpack_sharing_enabled":true,"_links":{"self":[{"href":"https:\/\/schrittmacherfestival.nl\/de\/wp-json\/wp\/v2\/pages\/3480","targetHints":{"allow":["GET"]}}],"collection":[{"href":"https:\/\/schrittmacherfestival.nl\/de\/wp-json\/wp\/v2\/pages"}],"about":[{"href":"https:\/\/schrittmacherfestival.nl\/de\/wp-json\/wp\/v2\/types\/page"}],"author":[{"embeddable":true,"href":"https:\/\/schrittmacherfestival.nl\/de\/wp-json\/wp\/v2\/users\/1"}],"replies":[{"embeddable":true,"href":"https:\/\/schrittmacherfestival.nl\/de\/wp-json\/wp\/v2\/comments?post=3480"}],"version-history":[{"count":4,"href":"https:\/\/schrittmacherfestival.nl\/de\/wp-json\/wp\/v2\/pages\/3480\/revisions"}],"predecessor-version":[{"id":4244,"href":"https:\/\/schrittmacherfestival.nl\/de\/wp-json\/wp\/v2\/pages\/3480\/revisions\/4244"}],"wp:attachment":[{"href":"https:\/\/schrittmacherfestival.nl\/de\/wp-json\/wp\/v2\/media?parent=3480"}],"curies":[{"name":"wp","href":"https:\/\/api.w.org\/{rel}","templated":true}]}}

<h1 class="has-black-color has-text-color wp-block-heading" id="regie-sara-de-gouveia-zuid-afrika-portugal-2018"><strong>regie: Sara de Gouveia (Zuid-Afrika/Portugal, 2018)</strong></h1>



<p><strong>Filmhuis De Spiegel</strong><br><strong><strong><strong><strong><strong><strong><strong><strong><strong><strong><strong><strong><strong><strong>Do 17.03.2022</strong></strong></strong></strong></strong></strong></strong></strong></strong></strong></strong></strong></strong> | 20.00 Uhr + Mi 30.03.2022 | 14.00 Uhr</strong><br><strong>Film</strong><br><strong>Von 8,50 €</strong></p>



<figure class="wp-block-image alignwide size-large"><img data-recalc-dims="1" fetchpriority="high" decoding="async" width="640" height="261" src="https://i0.wp.com/schrittmacherfestival.nl/wp-content/uploads/2022/02/The-Sound-of-Masks-filmstill-Bruno-Mano-TSOM__1.423.1-e1644927506990-1.jpg?resize=640%2C261&#038;ssl=1" alt="" class="wp-image-3478" srcset="https://i0.wp.com/schrittmacherfestival.nl/wp-content/uploads/2022/02/The-Sound-of-Masks-filmstill-Bruno-Mano-TSOM__1.423.1-e1644927506990-1.jpg?resize=1024%2C417&amp;ssl=1 1024w, https://i0.wp.com/schrittmacherfestival.nl/wp-content/uploads/2022/02/The-Sound-of-Masks-filmstill-Bruno-Mano-TSOM__1.423.1-e1644927506990-1.jpg?resize=300%2C122&amp;ssl=1 300w, https://i0.wp.com/schrittmacherfestival.nl/wp-content/uploads/2022/02/The-Sound-of-Masks-filmstill-Bruno-Mano-TSOM__1.423.1-e1644927506990-1.jpg?resize=768%2C313&amp;ssl=1 768w, https://i0.wp.com/schrittmacherfestival.nl/wp-content/uploads/2022/02/The-Sound-of-Masks-filmstill-Bruno-Mano-TSOM__1.423.1-e1644927506990-1.jpg?w=1230&amp;ssl=1 1230w" sizes="(max-width: 640px) 100vw, 640px" /></figure>



<hr class="wp-block-separator has-css-opacity"/>



<h3 class="wp-block-heading" id="met-engelse-ondertiteling">Mit englischen Untertiteln</h3>



<p>Während des Unabhängigkeitskrieges in den 1960er Jahren nutzte der Makonde-Stamm in Mosambik den Mapiko, um über die Kolonialherrschaft zu spötteln. Sein Talent für diesen traditionellen Maskentanz gab Atanásio Nyusi die Möglichkeit, professioneller Tänzer zu werden. Während er seine Lebensgeschichte erzählt, führt uns der legendäre Tänzer durch die große Geschichte seines Volkes und seines Landes. In spärlichem, effizient eingesetztem Archivmaterial sehen wir Einblicke in die koloniale Vergangenheit Mosambiks, den Kampf um die Unabhängigkeit und den Bürgerkrieg, dynamisch geschnitten mit Bildern des Mapiko. Die Interaktion mit seinem Sohn zeigt, wie Nyusi versucht, nicht nur diese kollektiven Erinnerungen, sondern auch sein eigenes Vermächtnis als Künstler weiterzugeben.</p>



<p>Deze film maakt deel uit van het themaprogramma Dans, actualiteit &amp; de beweeglijke brug tussen polariserende perspectieven.</p>



<p>Dauer: ~ 70 Min.</p>



<hr class="wp-block-separator has-css-opacity"/>



<div class="wp-block-buttons is-horizontal is-content-justification-center is-layout-flex wp-container-core-buttons-is-layout-499968f5 wp-block-buttons-is-layout-flex">
<div class="wp-block-button"><a class="wp-block-button__link has-white-color has-black-background-color has-text-color has-background" href="https://tickets.filmhuisdespiegel.nl/shop/tickets-new.php?showid=3717" target="_blank" rel="noreferrer noopener"><strong>Tickets Do 17.03</strong></a></div>



<div class="wp-block-button"><a class="wp-block-button__link has-white-color has-black-background-color has-text-color has-background" href="https://tickets.filmhuisdespiegel.nl/shop/tickets-new.php?showid=3718" target="_blank" rel="noreferrer noopener"><strong>Tickets Mi 30.03</strong></a></div>
</div>



<hr class="wp-block-separator has-css-opacity"/>



<figure class="wp-block-embed is-type-video is-provider-youtube wp-block-embed-youtube wp-embed-aspect-16-9 wp-has-aspect-ratio"><div class="wp-block-embed__wrapper">
<iframe  id="_ytid_12782"  width="640" height="360"  data-origwidth="640" data-origheight="360" src="https://www.youtube.com/embed/HRoheAB_LIQ?enablejsapi=1&#038;autoplay=0&#038;cc_load_policy=0&#038;cc_lang_pref=&#038;iv_load_policy=1&#038;loop=0&#038;rel=1&#038;fs=1&#038;playsinline=0&#038;autohide=2&#038;theme=dark&#038;color=red&#038;controls=1&#038;disablekb=0&#038;" class="__youtube_prefs__  epyt-is-override  no-lazyload" title="YouTube player"  allow="fullscreen; accelerometer; autoplay; clipboard-write; encrypted-media; gyroscope; picture-in-picture; web-share" referrerpolicy="strict-origin-when-cross-origin" allowfullscreen data-no-lazy="1" data-skipgform_ajax_framebjll=""></iframe>
</div></figure>



<hr class="wp-block-separator has-css-opacity"/>



<figure class="wp-block-gallery aligncenter has-nested-images columns-default is-cropped wp-block-gallery-1 is-layout-flex wp-block-gallery-is-layout-flex">
<figure class="wp-block-image size-large"><img data-recalc-dims="1" decoding="async" width="640" height="360" data-id="3475" src="https://i0.wp.com/schrittmacherfestival.nl/wp-content/uploads/2022/02/The-Sound-of-Masks-filmstill-Bruno-Mano-TSOM__1.423.1-1.jpg?resize=640%2C360&#038;ssl=1" alt="" class="wp-image-3475" srcset="https://i0.wp.com/schrittmacherfestival.nl/wp-content/uploads/2022/02/The-Sound-of-Masks-filmstill-Bruno-Mano-TSOM__1.423.1-1.jpg?resize=1024%2C576&amp;ssl=1 1024w, https://i0.wp.com/schrittmacherfestival.nl/wp-content/uploads/2022/02/The-Sound-of-Masks-filmstill-Bruno-Mano-TSOM__1.423.1-1.jpg?resize=300%2C169&amp;ssl=1 300w, https://i0.wp.com/schrittmacherfestival.nl/wp-content/uploads/2022/02/The-Sound-of-Masks-filmstill-Bruno-Mano-TSOM__1.423.1-1.jpg?resize=768%2C432&amp;ssl=1 768w, https://i0.wp.com/schrittmacherfestival.nl/wp-content/uploads/2022/02/The-Sound-of-Masks-filmstill-Bruno-Mano-TSOM__1.423.1-1.jpg?resize=1536%2C864&amp;ssl=1 1536w, https://i0.wp.com/schrittmacherfestival.nl/wp-content/uploads/2022/02/The-Sound-of-Masks-filmstill-Bruno-Mano-TSOM__1.423.1-1.jpg?w=1920&amp;ssl=1 1920w, https://i0.wp.com/schrittmacherfestival.nl/wp-content/uploads/2022/02/The-Sound-of-Masks-filmstill-Bruno-Mano-TSOM__1.423.1-1.jpg?w=1280&amp;ssl=1 1280w" sizes="(max-width: 640px) 100vw, 640px" /></figure>



<figure class="wp-block-image size-large"><img data-recalc-dims="1" decoding="async" width="640" height="360" data-id="3471" src="https://i0.wp.com/schrittmacherfestival.nl/wp-content/uploads/2022/02/The-Sound-of-Masks3.jpg?resize=640%2C360&#038;ssl=1" alt="" class="wp-image-3471" srcset="https://i0.wp.com/schrittmacherfestival.nl/wp-content/uploads/2022/02/The-Sound-of-Masks3.jpg?resize=1024%2C576&amp;ssl=1 1024w, https://i0.wp.com/schrittmacherfestival.nl/wp-content/uploads/2022/02/The-Sound-of-Masks3.jpg?resize=300%2C169&amp;ssl=1 300w, https://i0.wp.com/schrittmacherfestival.nl/wp-content/uploads/2022/02/The-Sound-of-Masks3.jpg?resize=768%2C432&amp;ssl=1 768w, https://i0.wp.com/schrittmacherfestival.nl/wp-content/uploads/2022/02/The-Sound-of-Masks3.jpg?resize=1536%2C864&amp;ssl=1 1536w, https://i0.wp.com/schrittmacherfestival.nl/wp-content/uploads/2022/02/The-Sound-of-Masks3.jpg?w=1920&amp;ssl=1 1920w, https://i0.wp.com/schrittmacherfestival.nl/wp-content/uploads/2022/02/The-Sound-of-Masks3.jpg?w=1280&amp;ssl=1 1280w" sizes="(max-width: 640px) 100vw, 640px" /></figure>



<figure class="wp-block-image size-large"><img data-recalc-dims="1" loading="lazy" decoding="async" width="640" height="360" data-id="3470" src="https://i0.wp.com/schrittmacherfestival.nl/wp-content/uploads/2022/02/The-Sound-of-Masks-1.jpg?resize=640%2C360&#038;ssl=1" alt="" class="wp-image-3470" srcset="https://i0.wp.com/schrittmacherfestival.nl/wp-content/uploads/2022/02/The-Sound-of-Masks-1.jpg?resize=1024%2C576&amp;ssl=1 1024w, https://i0.wp.com/schrittmacherfestival.nl/wp-content/uploads/2022/02/The-Sound-of-Masks-1.jpg?resize=300%2C169&amp;ssl=1 300w, https://i0.wp.com/schrittmacherfestival.nl/wp-content/uploads/2022/02/The-Sound-of-Masks-1.jpg?resize=768%2C432&amp;ssl=1 768w, https://i0.wp.com/schrittmacherfestival.nl/wp-content/uploads/2022/02/The-Sound-of-Masks-1.jpg?resize=1536%2C864&amp;ssl=1 1536w, https://i0.wp.com/schrittmacherfestival.nl/wp-content/uploads/2022/02/The-Sound-of-Masks-1.jpg?w=1920&amp;ssl=1 1920w, https://i0.wp.com/schrittmacherfestival.nl/wp-content/uploads/2022/02/The-Sound-of-Masks-1.jpg?w=1280&amp;ssl=1 1280w" sizes="(max-width: 640px) 100vw, 640px" /></figure>
</figure>



<hr class="wp-block-separator has-css-opacity"/>



<p></p>

<p>regie: Sara de Gouveia (Zuid-Afrika/Portugal, 2018) Filmhuis De SpiegelDo 17.03.2022 | 20.00 Uhr + Mi 30.03.2022 | 14.00 UhrFilmVon 8,50 € Mit englischen Untertiteln Während des Unabhängigkeitskrieges in den 1960er Jahren nutzte der Makonde-Stamm in Mosambik den Mapiko, um über die Kolonialherrschaft zu spötteln. Sein Talent für diesen traditionellen Maskentanz gab Atanásio Nyusi die Möglichkeit, professioneller Tänzer zu werden. Während [&hellip;]</p>
