{"id":4099,"date":"2022-03-29T17:18:42","date_gmt":"2022-03-29T17:18:42","guid":{"rendered":"https:\/\/schrittmacherfestival.nl\/hans-van-manen\/"},"modified":"2024-03-05T13:44:59","modified_gmt":"2024-03-05T13:44:59","slug":"hans-van-manen","status":"publish","type":"page","link":"https:\/\/schrittmacherfestival.nl\/de\/hans-van-manen\/","title":{"rendered":"Hans van Manen"},"content":{"rendered":"\n<h1 class=\"wp-block-heading has-black-color has-text-color\" id=\"daan-brand-stephen-shropshire\"><strong><strong><strong><strong><strong>\u201ewenn ich ein Ballett am Tag machen k\u00f6nnte \u2026\u201c<\/strong><\/strong><\/strong><\/strong><\/strong><\/h1>\n\n<p><strong>Ein Film von Ulla C. Grohs <strong>| <strong>Livestream<strong><br\/><strong><strong><strong><strong><strong><strong><strong><strong><strong><strong><strong><strong>So 10.04.2022<\/strong><\/strong><\/strong><\/strong><\/strong><\/strong><\/strong><\/strong><\/strong><\/strong><\/strong><\/strong><\/strong><\/strong><br\/><strong><strong>14.00 Uhr<\/strong><\/strong><br\/><strong>kostenlos<\/strong><\/strong><\/strong><\/p>\n\n<figure class=\"wp-block-image alignwide size-large\"><img data-recalc-dims=\"1\" fetchpriority=\"high\" decoding=\"async\" width=\"640\" height=\"451\" src=\"https:\/\/i0.wp.com\/schrittmacherfestival.nl\/wp-content\/uploads\/2022\/03\/HvM-DVD-Cover-Bild-1-scaled-e1648573643214-1024x722.webp?resize=640%2C451&#038;ssl=1\" alt=\"\" class=\"wp-image-4092\" srcset=\"https:\/\/i0.wp.com\/schrittmacherfestival.nl\/wp-content\/uploads\/2022\/03\/HvM-DVD-Cover-Bild-1-scaled-e1648573643214.webp?resize=1024%2C722&amp;ssl=1 1024w, https:\/\/i0.wp.com\/schrittmacherfestival.nl\/wp-content\/uploads\/2022\/03\/HvM-DVD-Cover-Bild-1-scaled-e1648573643214.webp?resize=300%2C211&amp;ssl=1 300w, https:\/\/i0.wp.com\/schrittmacherfestival.nl\/wp-content\/uploads\/2022\/03\/HvM-DVD-Cover-Bild-1-scaled-e1648573643214.webp?resize=768%2C541&amp;ssl=1 768w, https:\/\/i0.wp.com\/schrittmacherfestival.nl\/wp-content\/uploads\/2022\/03\/HvM-DVD-Cover-Bild-1-scaled-e1648573643214.webp?resize=31%2C22&amp;ssl=1 31w, https:\/\/i0.wp.com\/schrittmacherfestival.nl\/wp-content\/uploads\/2022\/03\/HvM-DVD-Cover-Bild-1-scaled-e1648573643214.webp?w=1280&amp;ssl=1 1280w\" sizes=\"(max-width: 640px) 100vw, 640px\" \/><\/figure>\n\n<hr class=\"wp-block-separator has-css-opacity\"\/>\n\n<p>Anhand von ausgew\u00e4hlten Tanzst\u00fccken aus verschiedenen Schaffensperioden zeigt der Film (1999) eine fragmentarische Retrospektive zum Werk des K\u00fcnstlers. In der Internationalen Kritik gilt van Manen als der \u201erevolution\u00e4re Klassiker\u201c. Das Werk von Van Manen mit \u00fcber 100 Tanzst\u00fccken wird auf den B\u00fchnen der Welt des klassischen und zeitgen\u00f6ssischen Tanzes getanzt. Mittelpunkt des Films sind Episoden aus dem Entstehungsprozess der St\u00fccke COUPLE und ZERO HOUR am Nederlands Dans Theater 1998.<br\/><br\/>Weitere Tanzsequenzen aus: <br\/>Sarcasmen (1981), Trois Gnossiennes (1982) und Twilight (1972) = Benefietgala Dansersfonds 1995 Amsterdam<br\/>Kleines Requiem (1996) und Solo (1997) = Stuttgarter Ballett 1997<br\/>Metaforen (1965), Three Pieces For Het (1997), Vijf Tango&#8217;s (1977) = Het Nationale Ballet 1998<\/p>\n\n<p><br\/>Diese Ann\u00e4hrung an einen herausragenden K\u00fcnstler, sein Werk und sein menschliches Profil soll den Zugang zum Tanz als Kunstform f\u00fcr ein breites Publikum unterst\u00fctzen. Mit seinem klassisch dokumentarischen Ansatz erkl\u00e4rt sich der Film \/ der Protagonist nicht aus dem wissenden Kommentar-Text, sondern aus Van Manens sichtbarem k\u00fcnstlerischen Schaffen, aus seinen Aussagen und Handlungen sowie aus seinem Umfeld (T\u00e4nzer, Mitarbeiter, Freunde). Ein Netz sehr pers\u00f6nlicher \u00c4u\u00dferungen seitens van Manen verkn\u00fcpft die Filmsequenzen zu einem eindringlichen Portrait eines eindrucksvollen K\u00fcnstlers.<\/p>\n\n<p>Die Vielzahl der dargestellten Ballette wurde durch einen deutlich verk\u00fcrzenden, dabei jedoch wichtige Elemente der St\u00fccke aufgreifenden, kreativen Filmschnitt erm\u00f6glicht. So entstand jeweils eine kurze neue Musik- und Tanz-Kreation. Dabei wurde jedoch bewusst die urspr\u00fcngliche van Manensche Komposition zwischen Musik und Bewegung erhalten, so dass die Tanz-Sequenzen in ihrer filmischen Montage authentischen \u201evan Manen-Tanz\u201c zeigen. Eine dramaturgische Ausnahme hierzu bildet der Vorspann, den die Leitmusik vorantreibt, die auch den Nachspann untermalt. Das musikalische Leitmotiv w\u00e4hlte die Autorin aus dem Kino-Film TANGO-LESSON von Sally Potter, der Hans van Manen besonders begeisterte.<\/p>\n\n<p>Dauer: ~ 60 min.<\/p>\n\n<hr class=\"wp-block-separator has-css-opacity\"\/>\n\n<figure class=\"wp-block-embed is-type-video is-provider-youtube wp-block-embed-youtube wp-embed-aspect-4-3 wp-has-aspect-ratio\"><div class=\"wp-block-embed__wrapper\">\r\n<iframe  id=\"_ytid_26078\"  width=\"640\" height=\"480\"  data-origwidth=\"640\" data-origheight=\"480\" src=\"https:\/\/www.youtube.com\/embed\/AmW_xOuZb0w?enablejsapi=1&#038;autoplay=0&#038;cc_load_policy=0&#038;cc_lang_pref=&#038;iv_load_policy=1&#038;loop=0&#038;rel=1&#038;fs=1&#038;playsinline=0&#038;autohide=2&#038;theme=dark&#038;color=red&#038;controls=1&#038;disablekb=0&#038;\" class=\"__youtube_prefs__  epyt-is-override  no-lazyload\" title=\"YouTube player\"  allow=\"fullscreen; accelerometer; autoplay; clipboard-write; encrypted-media; gyroscope; picture-in-picture; web-share\" referrerpolicy=\"strict-origin-when-cross-origin\" allowfullscreen data-no-lazy=\"1\" data-skipgform_ajax_framebjll=\"\"><\/iframe>\n<\/div><\/figure>\r\n\n<hr class=\"wp-block-separator has-css-opacity\"\/>\n","protected":false},"excerpt":{"rendered":"<p>\u201ewenn ich ein Ballett am Tag machen k\u00f6nnte \u2026\u201c Ein Film von Ulla C. Grohs | LivestreamSo 10.04.202214.00 Uhrkostenlos Anhand von ausgew\u00e4hlten Tanzst\u00fccken aus verschiedenen Schaffensperioden zeigt der Film (1999) eine fragmentarische Retrospektive zum Werk des K\u00fcnstlers. In der Internationalen Kritik gilt van Manen als der \u201erevolution\u00e4re Klassiker\u201c. Das Werk von Van Manen mit \u00fcber 100 Tanzst\u00fccken wird auf den [&hellip;]<\/p>\n","protected":false},"author":1,"featured_media":0,"parent":0,"menu_order":0,"comment_status":"closed","ping_status":"closed","template":"","meta":{"_acf_changed":false,"footnotes":""},"class_list":["post-4099","page","type-page","status-publish","hentry"],"aioseo_notices":[],"acf":[],"jetpack_sharing_enabled":true,"_links":{"self":[{"href":"https:\/\/schrittmacherfestival.nl\/de\/wp-json\/wp\/v2\/pages\/4099","targetHints":{"allow":["GET"]}}],"collection":[{"href":"https:\/\/schrittmacherfestival.nl\/de\/wp-json\/wp\/v2\/pages"}],"about":[{"href":"https:\/\/schrittmacherfestival.nl\/de\/wp-json\/wp\/v2\/types\/page"}],"author":[{"embeddable":true,"href":"https:\/\/schrittmacherfestival.nl\/de\/wp-json\/wp\/v2\/users\/1"}],"replies":[{"embeddable":true,"href":"https:\/\/schrittmacherfestival.nl\/de\/wp-json\/wp\/v2\/comments?post=4099"}],"version-history":[{"count":21,"href":"https:\/\/schrittmacherfestival.nl\/de\/wp-json\/wp\/v2\/pages\/4099\/revisions"}],"predecessor-version":[{"id":8912,"href":"https:\/\/schrittmacherfestival.nl\/de\/wp-json\/wp\/v2\/pages\/4099\/revisions\/8912"}],"wp:attachment":[{"href":"https:\/\/schrittmacherfestival.nl\/de\/wp-json\/wp\/v2\/media?parent=4099"}],"curies":[{"name":"wp","href":"https:\/\/api.w.org\/{rel}","templated":true}]}}

<h1 class="wp-block-heading has-black-color has-text-color" id="daan-brand-stephen-shropshire"><strong><strong><strong><strong><strong>„wenn ich ein Ballett am Tag machen könnte …“</strong></strong></strong></strong></strong></h1>

<p><strong>Ein Film von Ulla C. Grohs <strong>| <strong>Livestream<strong><br/><strong><strong><strong><strong><strong><strong><strong><strong><strong><strong><strong><strong>So 10.04.2022</strong></strong></strong></strong></strong></strong></strong></strong></strong></strong></strong></strong></strong></strong><br/><strong><strong>14.00 Uhr</strong></strong><br/><strong>kostenlos</strong></strong></strong></p>

<figure class="wp-block-image alignwide size-large"><img data-recalc-dims="1" fetchpriority="high" decoding="async" width="640" height="451" src="https://i0.wp.com/schrittmacherfestival.nl/wp-content/uploads/2022/03/HvM-DVD-Cover-Bild-1-scaled-e1648573643214-1024x722.webp?resize=640%2C451&#038;ssl=1" alt="" class="wp-image-4092" srcset="https://i0.wp.com/schrittmacherfestival.nl/wp-content/uploads/2022/03/HvM-DVD-Cover-Bild-1-scaled-e1648573643214.webp?resize=1024%2C722&amp;ssl=1 1024w, https://i0.wp.com/schrittmacherfestival.nl/wp-content/uploads/2022/03/HvM-DVD-Cover-Bild-1-scaled-e1648573643214.webp?resize=300%2C211&amp;ssl=1 300w, https://i0.wp.com/schrittmacherfestival.nl/wp-content/uploads/2022/03/HvM-DVD-Cover-Bild-1-scaled-e1648573643214.webp?resize=768%2C541&amp;ssl=1 768w, https://i0.wp.com/schrittmacherfestival.nl/wp-content/uploads/2022/03/HvM-DVD-Cover-Bild-1-scaled-e1648573643214.webp?resize=31%2C22&amp;ssl=1 31w, https://i0.wp.com/schrittmacherfestival.nl/wp-content/uploads/2022/03/HvM-DVD-Cover-Bild-1-scaled-e1648573643214.webp?w=1280&amp;ssl=1 1280w" sizes="(max-width: 640px) 100vw, 640px" /></figure>

<hr class="wp-block-separator has-css-opacity"/>

<p>Anhand von ausgewählten Tanzstücken aus verschiedenen Schaffensperioden zeigt der Film (1999) eine fragmentarische Retrospektive zum Werk des Künstlers. In der Internationalen Kritik gilt van Manen als der „revolutionäre Klassiker“. Das Werk von Van Manen mit über 100 Tanzstücken wird auf den Bühnen der Welt des klassischen und zeitgenössischen Tanzes getanzt. Mittelpunkt des Films sind Episoden aus dem Entstehungsprozess der Stücke COUPLE und ZERO HOUR am Nederlands Dans Theater 1998.<br/><br/>Weitere Tanzsequenzen aus: <br/>Sarcasmen (1981), Trois Gnossiennes (1982) und Twilight (1972) = Benefietgala Dansersfonds 1995 Amsterdam<br/>Kleines Requiem (1996) und Solo (1997) = Stuttgarter Ballett 1997<br/>Metaforen (1965), Three Pieces For Het (1997), Vijf Tango&#8217;s (1977) = Het Nationale Ballet 1998</p>

<p><br/>Diese Annährung an einen herausragenden Künstler, sein Werk und sein menschliches Profil soll den Zugang zum Tanz als Kunstform für ein breites Publikum unterstützen. Mit seinem klassisch dokumentarischen Ansatz erklärt sich der Film / der Protagonist nicht aus dem wissenden Kommentar-Text, sondern aus Van Manens sichtbarem künstlerischen Schaffen, aus seinen Aussagen und Handlungen sowie aus seinem Umfeld (Tänzer, Mitarbeiter, Freunde). Ein Netz sehr persönlicher Äußerungen seitens van Manen verknüpft die Filmsequenzen zu einem eindringlichen Portrait eines eindrucksvollen Künstlers.</p>

<p>Die Vielzahl der dargestellten Ballette wurde durch einen deutlich verkürzenden, dabei jedoch wichtige Elemente der Stücke aufgreifenden, kreativen Filmschnitt ermöglicht. So entstand jeweils eine kurze neue Musik- und Tanz-Kreation. Dabei wurde jedoch bewusst die ursprüngliche van Manensche Komposition zwischen Musik und Bewegung erhalten, so dass die Tanz-Sequenzen in ihrer filmischen Montage authentischen „van Manen-Tanz“ zeigen. Eine dramaturgische Ausnahme hierzu bildet der Vorspann, den die Leitmusik vorantreibt, die auch den Nachspann untermalt. Das musikalische Leitmotiv wählte die Autorin aus dem Kino-Film TANGO-LESSON von Sally Potter, der Hans van Manen besonders begeisterte.</p>

<p>Dauer: ~ 60 min.</p>

<hr class="wp-block-separator has-css-opacity"/>

<figure class="wp-block-embed is-type-video is-provider-youtube wp-block-embed-youtube wp-embed-aspect-4-3 wp-has-aspect-ratio"><div class="wp-block-embed__wrapper">
<iframe  id="_ytid_26078"  width="640" height="480"  data-origwidth="640" data-origheight="480" src="https://www.youtube.com/embed/AmW_xOuZb0w?enablejsapi=1&#038;autoplay=0&#038;cc_load_policy=0&#038;cc_lang_pref=&#038;iv_load_policy=1&#038;loop=0&#038;rel=1&#038;fs=1&#038;playsinline=0&#038;autohide=2&#038;theme=dark&#038;color=red&#038;controls=1&#038;disablekb=0&#038;" class="__youtube_prefs__  epyt-is-override  no-lazyload" title="YouTube player"  allow="fullscreen; accelerometer; autoplay; clipboard-write; encrypted-media; gyroscope; picture-in-picture; web-share" referrerpolicy="strict-origin-when-cross-origin" allowfullscreen data-no-lazy="1" data-skipgform_ajax_framebjll=""></iframe>
</div></figure>

<hr class="wp-block-separator has-css-opacity"/>

<p>„wenn ich ein Ballett am Tag machen könnte …“ Ein Film von Ulla C. Grohs | LivestreamSo 10.04.202214.00 Uhrkostenlos Anhand von ausgewählten Tanzstücken aus verschiedenen Schaffensperioden zeigt der Film (1999) eine fragmentarische Retrospektive zum Werk des Künstlers. In der Internationalen Kritik gilt van Manen als der „revolutionäre Klassiker“. Das Werk von Van Manen mit über 100 Tanzstücken wird auf den [&hellip;]</p>
