{"id":4662,"date":"2022-06-13T10:51:02","date_gmt":"2022-06-13T10:51:02","guid":{"rendered":"https:\/\/schrittmacherfestival.nl\/we-wear-our-wheels-with-pride-and-slap-your-streets-with-color\/"},"modified":"2024-12-09T11:23:26","modified_gmt":"2024-12-09T11:23:26","slug":"we-wear-our-wheels-with-pride-and-slap-your-streets-with-color","status":"publish","type":"page","link":"https:\/\/schrittmacherfestival.nl\/de\/we-wear-our-wheels-with-pride-and-slap-your-streets-with-color\/","title":{"rendered":"&#8222;We wear our wheels with pride and slap your streets with color\u2026 we said \u2018bonjour\u2019 to satan in 1820\u201d"},"content":{"rendered":"\n<h1 class=\"wp-block-heading has-black-color has-text-color\" id=\"hofesh-shechter-company-gbr\"><strong>Robyn Orlin &#8211; With Moving Into Dance Mophatong (ZA)<\/strong><\/h1>\n\n<p><strong>Theater Kerkrade<\/strong><br\/><strong><strong><strong>Mi 22.03.2023<\/strong><\/strong><\/strong><br\/><strong>20.00 Uhr <\/strong><br\/><strong>von 21,00 \u20ac<\/strong><\/p>\n\n<figure class=\"wp-block-image alignwide size-large\"><img data-recalc-dims=\"1\" height=\"267\" width=\"640\" decoding=\"async\" src=\"https:\/\/i0.wp.com\/schrittmacherfestival.nl\/wp-content\/uploads\/2022\/06\/WWOW-3-%C2%A9-Je%CC%81ro%CC%82me-Se%CC%81ron-1-e1655117574236-1024x427.jpg?resize=640%2C267&#038;ssl=1\" alt=\"\" class=\"wp-image-4409\"\/><\/figure>\n\n<hr class=\"wp-block-separator has-css-opacity\"\/>\n\n<h2 class=\"wp-block-heading\">In Kooperation mit Explore Festival<\/h2>\n\n<p>Die sich abrackernden M\u00e4nner \u201eschienen zu tanzen, ihre K\u00f6rper schwebten in der Luft\u201c.<\/p>\n\n<p>Die kontroverse s\u00fcdafrikanische Choreografin Robyn Orlin wuchs im von der Apartheid entzweiten S\u00fcdafrika auf. Ein Bild aus ihrer Jugend, das sich in ihre Netzhaut eingebrannt hat, ist das der jungen, schwarzen Zulus, die mit ihren Rikschas Wei\u00dfe durch die Stra\u00dfen von Durban kutschierten. Was ihr auffiel, war nicht so sehr die offensichtliche Ausbeutung, sondern die W\u00fcrde, die die Rikschafahrer ausstrahlten. Sie waren perfekt gekleidet und geschm\u00fcckt mit Federn, Edelsteinen, Perlen und Kuhh\u00f6rnern. Die M\u00e4nner \u201eschienen zu tanzen, ihre K\u00f6rper schwebten in der Luft\u201c. Indem sie ihre Erinnerungen mit einer jungen Generation s\u00fcdafrikanischer T\u00e4nzer*innen teilt, macht Orlin auf den Kampf f\u00fcr Gleichheit aufmerksam, der immer noch unsere Aufmerksamkeit erfordert.<\/p>\n\n<p>19.00 Uhr, MFzaal Einf\u00fchrung [nl] 3,50 \u20ac.<br\/>F\u00fcr Freunde von Parkstad Limburg Theaters Eintritt frei.<br\/>Mit anschlie\u00dfender Diskussion, Eintritt frei [eng]<\/p>\n\n<p>Dauer ~ 70 min. ohne Pause<\/p>\n\n<hr class=\"wp-block-separator has-css-opacity\"\/>\n\n<div class=\"wp-block-buttons is-horizontal is-content-justification-center is-layout-flex wp-container-core-buttons-is-layout-499968f5 wp-block-buttons-is-layout-flex\">\n<div class=\"wp-block-button\"><a class=\"wp-block-button__link has-white-color has-black-background-color has-text-color has-background wp-element-button\" href=\"https:\/\/www.plt.nl\/bestel\/9901\" target=\"_blank\" rel=\"noreferrer noopener\"><strong>Tickets Mi 22.03<\/strong><\/a><\/div>\n<\/div>\n\n<hr class=\"wp-block-separator has-css-opacity\"\/>\n\n<figure class=\"wp-block-embed is-type-video is-provider-vimeo wp-block-embed-vimeo wp-embed-aspect-16-9 wp-has-aspect-ratio\"><div class=\"wp-block-embed__wrapper\">\r\n<div class=\"jetpack-video-wrapper\"><iframe title=\"Teaser de We wear ou wheels... - Robyn Orlin\" src=\"https:\/\/player.vimeo.com\/video\/395980156?dnt=1&amp;app_id=122963\" width=\"640\" height=\"360\" frameborder=\"0\" allow=\"autoplay; fullscreen; picture-in-picture; clipboard-write\"><\/iframe><\/div>\r\n<\/div><\/figure>\r\n\n<hr class=\"wp-block-separator has-css-opacity\"\/>\n\n<figure class=\"wp-block-gallery aligncenter has-nested-images columns-default is-cropped wp-block-gallery-1 is-layout-flex wp-block-gallery-is-layout-flex\">\n<figure class=\"wp-block-image size-large\"><img data-recalc-dims=\"1\" height=\"427\" width=\"640\" decoding=\"async\" data-id=\"4400\" src=\"https:\/\/i0.wp.com\/schrittmacherfestival.nl\/wp-content\/uploads\/2022\/06\/WWOW-3-%C2%A9-Je%CC%81ro%CC%82me-Se%CC%81ron.jpg?resize=640%2C427&#038;ssl=1\" alt=\"\" class=\"wp-image-4400\"\/><\/figure>\n\n\n\n<figure class=\"wp-block-image size-large\"><img data-recalc-dims=\"1\" height=\"427\" width=\"640\" decoding=\"async\" data-id=\"4406\" src=\"https:\/\/i0.wp.com\/schrittmacherfestival.nl\/wp-content\/uploads\/2022\/06\/WWOW-4-%C2%A9-Je%CC%81ro%CC%82me-Se%CC%81ron.jpg?resize=640%2C427&#038;ssl=1\" alt=\"\" class=\"wp-image-4406\"\/><\/figure>\n\n\n\n<figure class=\"wp-block-image size-large\"><img data-recalc-dims=\"1\" height=\"960\" width=\"640\" decoding=\"async\" data-id=\"4404\" src=\"https:\/\/i0.wp.com\/schrittmacherfestival.nl\/wp-content\/uploads\/2022\/06\/WWOW-2-%C2%A9-Je%CC%81ro%CC%82me-Se%CC%81ron.jpg?resize=640%2C960&#038;ssl=1\" alt=\"\" class=\"wp-image-4404\"\/><\/figure>\n\n\n\n<figure class=\"wp-block-image size-large\"><img data-recalc-dims=\"1\" height=\"427\" width=\"640\" decoding=\"async\" data-id=\"4401\" src=\"https:\/\/i0.wp.com\/schrittmacherfestival.nl\/wp-content\/uploads\/2022\/06\/WWOW-1-%C2%A9-Je%CC%81ro%CC%82me-Se%CC%81ron.jpg?resize=640%2C427&#038;ssl=1\" alt=\"\" class=\"wp-image-4401\"\/><\/figure>\n<\/figure>\n\n<hr class=\"wp-block-separator has-css-opacity\"\/>\n","protected":false},"excerpt":{"rendered":"<p>Robyn Orlin &#8211; With Moving Into Dance Mophatong (ZA) Theater KerkradeMi 22.03.202320.00 Uhr von 21,00 \u20ac In Kooperation mit Explore Festival Die sich abrackernden M\u00e4nner \u201eschienen zu tanzen, ihre K\u00f6rper schwebten in der Luft\u201c. Die kontroverse s\u00fcdafrikanische Choreografin Robyn Orlin wuchs im von der Apartheid entzweiten S\u00fcdafrika auf. Ein Bild aus ihrer Jugend, das sich in ihre Netzhaut eingebrannt hat, [&hellip;]<\/p>\n","protected":false},"author":1,"featured_media":0,"parent":0,"menu_order":0,"comment_status":"closed","ping_status":"closed","template":"","meta":{"_acf_changed":false,"footnotes":""},"class_list":["post-4662","page","type-page","status-publish","hentry"],"aioseo_notices":[],"acf":[],"jetpack_sharing_enabled":true,"_links":{"self":[{"href":"https:\/\/schrittmacherfestival.nl\/de\/wp-json\/wp\/v2\/pages\/4662","targetHints":{"allow":["GET"]}}],"collection":[{"href":"https:\/\/schrittmacherfestival.nl\/de\/wp-json\/wp\/v2\/pages"}],"about":[{"href":"https:\/\/schrittmacherfestival.nl\/de\/wp-json\/wp\/v2\/types\/page"}],"author":[{"embeddable":true,"href":"https:\/\/schrittmacherfestival.nl\/de\/wp-json\/wp\/v2\/users\/1"}],"replies":[{"embeddable":true,"href":"https:\/\/schrittmacherfestival.nl\/de\/wp-json\/wp\/v2\/comments?post=4662"}],"version-history":[{"count":11,"href":"https:\/\/schrittmacherfestival.nl\/de\/wp-json\/wp\/v2\/pages\/4662\/revisions"}],"predecessor-version":[{"id":10492,"href":"https:\/\/schrittmacherfestival.nl\/de\/wp-json\/wp\/v2\/pages\/4662\/revisions\/10492"}],"wp:attachment":[{"href":"https:\/\/schrittmacherfestival.nl\/de\/wp-json\/wp\/v2\/media?parent=4662"}],"curies":[{"name":"wp","href":"https:\/\/api.w.org\/{rel}","templated":true}]}}

<h1 class="wp-block-heading has-black-color has-text-color" id="hofesh-shechter-company-gbr"><strong>Robyn Orlin &#8211; With Moving Into Dance Mophatong (ZA)</strong></h1>

<p><strong>Theater Kerkrade</strong><br/><strong><strong><strong>Mi 22.03.2023</strong></strong></strong><br/><strong>20.00 Uhr </strong><br/><strong>von 21,00 €</strong></p>

<figure class="wp-block-image alignwide size-large"><img data-recalc-dims="1" height="267" width="640" decoding="async" src="https://i0.wp.com/schrittmacherfestival.nl/wp-content/uploads/2022/06/WWOW-3-%C2%A9-Je%CC%81ro%CC%82me-Se%CC%81ron-1-e1655117574236-1024x427.jpg?resize=640%2C267&#038;ssl=1" alt="" class="wp-image-4409"/></figure>

<hr class="wp-block-separator has-css-opacity"/>

<h2 class="wp-block-heading">In Kooperation mit Explore Festival</h2>

<p>Die sich abrackernden Männer „schienen zu tanzen, ihre Körper schwebten in der Luft“.</p>

<p>Die kontroverse südafrikanische Choreografin Robyn Orlin wuchs im von der Apartheid entzweiten Südafrika auf. Ein Bild aus ihrer Jugend, das sich in ihre Netzhaut eingebrannt hat, ist das der jungen, schwarzen Zulus, die mit ihren Rikschas Weiße durch die Straßen von Durban kutschierten. Was ihr auffiel, war nicht so sehr die offensichtliche Ausbeutung, sondern die Würde, die die Rikschafahrer ausstrahlten. Sie waren perfekt gekleidet und geschmückt mit Federn, Edelsteinen, Perlen und Kuhhörnern. Die Männer „schienen zu tanzen, ihre Körper schwebten in der Luft“. Indem sie ihre Erinnerungen mit einer jungen Generation südafrikanischer Tänzer*innen teilt, macht Orlin auf den Kampf für Gleichheit aufmerksam, der immer noch unsere Aufmerksamkeit erfordert.</p>

<p>19.00 Uhr, MFzaal Einführung [nl] 3,50 €.<br/>Für Freunde von Parkstad Limburg Theaters Eintritt frei.<br/>Mit anschließender Diskussion, Eintritt frei [eng]</p>

<p>Dauer ~ 70 min. ohne Pause</p>

<hr class="wp-block-separator has-css-opacity"/>

<div class="wp-block-buttons is-horizontal is-content-justification-center is-layout-flex wp-container-core-buttons-is-layout-499968f5 wp-block-buttons-is-layout-flex">
<div class="wp-block-button"><a class="wp-block-button__link has-white-color has-black-background-color has-text-color has-background wp-element-button" href="https://www.plt.nl/bestel/9901" target="_blank" rel="noreferrer noopener"><strong>Tickets Mi 22.03</strong></a></div>
</div>

<hr class="wp-block-separator has-css-opacity"/>

<figure class="wp-block-embed is-type-video is-provider-vimeo wp-block-embed-vimeo wp-embed-aspect-16-9 wp-has-aspect-ratio"><div class="wp-block-embed__wrapper">
<div class="jetpack-video-wrapper"><iframe title="Teaser de We wear ou wheels... - Robyn Orlin" src="https://player.vimeo.com/video/395980156?dnt=1&amp;app_id=122963" width="640" height="360" frameborder="0" allow="autoplay; fullscreen; picture-in-picture; clipboard-write"></iframe></div>
</div></figure>

<hr class="wp-block-separator has-css-opacity"/>

<figure class="wp-block-gallery aligncenter has-nested-images columns-default is-cropped wp-block-gallery-1 is-layout-flex wp-block-gallery-is-layout-flex">
<figure class="wp-block-image size-large"><img data-recalc-dims="1" height="427" width="640" decoding="async" data-id="4400" src="https://i0.wp.com/schrittmacherfestival.nl/wp-content/uploads/2022/06/WWOW-3-%C2%A9-Je%CC%81ro%CC%82me-Se%CC%81ron.jpg?resize=640%2C427&#038;ssl=1" alt="" class="wp-image-4400"/></figure>



<figure class="wp-block-image size-large"><img data-recalc-dims="1" height="427" width="640" decoding="async" data-id="4406" src="https://i0.wp.com/schrittmacherfestival.nl/wp-content/uploads/2022/06/WWOW-4-%C2%A9-Je%CC%81ro%CC%82me-Se%CC%81ron.jpg?resize=640%2C427&#038;ssl=1" alt="" class="wp-image-4406"/></figure>



<figure class="wp-block-image size-large"><img data-recalc-dims="1" height="960" width="640" decoding="async" data-id="4404" src="https://i0.wp.com/schrittmacherfestival.nl/wp-content/uploads/2022/06/WWOW-2-%C2%A9-Je%CC%81ro%CC%82me-Se%CC%81ron.jpg?resize=640%2C960&#038;ssl=1" alt="" class="wp-image-4404"/></figure>



<figure class="wp-block-image size-large"><img data-recalc-dims="1" height="427" width="640" decoding="async" data-id="4401" src="https://i0.wp.com/schrittmacherfestival.nl/wp-content/uploads/2022/06/WWOW-1-%C2%A9-Je%CC%81ro%CC%82me-Se%CC%81ron.jpg?resize=640%2C427&#038;ssl=1" alt="" class="wp-image-4401"/></figure>
</figure>

<hr class="wp-block-separator has-css-opacity"/>

<p>Robyn Orlin &#8211; With Moving Into Dance Mophatong (ZA) Theater KerkradeMi 22.03.202320.00 Uhr von 21,00 € In Kooperation mit Explore Festival Die sich abrackernden Männer „schienen zu tanzen, ihre Körper schwebten in der Luft“. Die kontroverse südafrikanische Choreografin Robyn Orlin wuchs im von der Apartheid entzweiten Südafrika auf. Ein Bild aus ihrer Jugend, das sich in ihre Netzhaut eingebrannt hat, [&hellip;]</p>
