{"id":4904,"date":"2022-12-06T12:46:17","date_gmt":"2022-12-06T12:46:17","guid":{"rendered":"https:\/\/schrittmacherfestival.nl\/terre-resurrection\/"},"modified":"2023-01-05T10:49:51","modified_gmt":"2023-01-05T10:49:51","slug":"terre-resurrection","status":"publish","type":"page","link":"https:\/\/schrittmacherfestival.nl\/de\/terre-resurrection\/","title":{"rendered":"Terre + Resurrection"},"content":{"rendered":"\n<h1 class=\"has-black-color has-text-color wp-block-heading\" id=\"hofesh-shechter-company-gbr\"><strong>Compagnie Didier Th\u00e9ron <\/strong>(F)<\/h1>\n\n<p><strong>Fabrik Stahlbau Strang Aken<\/strong><br\/><strong>Do 09.03. \u2013 So 12.03.2023<\/strong><br\/><strong>20.00 Uhr<\/strong><br\/><strong>von 21,00 \u20ac<\/strong><\/p>\n\n<figure class=\"wp-block-image alignwide size-large\"><img data-recalc-dims=\"1\" height=\"268\" width=\"640\" decoding=\"async\" src=\"https:\/\/i0.wp.com\/schrittmacherfestival.nl\/wp-content\/uploads\/2022\/12\/DidierThe%E2%95%A0uron_Re%E2%95%A0usurrection_Photo-c-AlainScherer_106-1-e1670331660515-1024x428.webp?resize=640%2C268&#038;ssl=1\" alt=\"\" class=\"wp-image-4901\"\/><\/figure>\n<hr class=\"wp-block-separator has-css-opacity\"\/>\n\n<p>Das St\u00fcck \u201eResurrection\u201c ist Teil einer fortw\u00e4hrenden Tanzrecherche zum Thema \u201eDie Lebenden und die Toten\u201c im Schaffensprozess des Didier Th\u00e9ron, einer Legende der franz\u00f6sischen Tanzszene mit seiner Kompanie in Montpellier. \u201eResurrection\u201c wird hier verstanden als Neuanfang, als Befreiung auf dem Weg der Suche nach etwas Neuem. Vier T\u00e4nzer*innen auf einer leeren B\u00fchne begeben sich auf ein t\u00e4nzerisches Abenteuer durch verschiedene choreografische Formen von Energien, die zwischen Stille und unb\u00e4ndiger Entfaltung pendeln. Eine Offenbarung! \u201eTerre\u201d ist Teil des Projektes \u201eGONFLES\u201c, eine getanzte Antwort auf die Figuren von Oskar Schlemmer oder Nikki de Saint Phalle. Drei Frauen werden zu Rockstars und heben ab zur Musik von AC\/DC. Ein wahrer Genuss!<\/p>\n\n<p>Dauer: ~ 100 min. inkl. Pause<\/p>\n\n<hr class=\"wp-block-separator has-css-opacity\"\/>\n\n<div class=\"wp-block-buttons is-horizontal is-content-justification-center is-layout-flex wp-container-core-buttons-is-layout-499968f5 wp-block-buttons-is-layout-flex\">\n<div class=\"wp-block-button\"><a class=\"wp-block-button__link has-white-color has-black-background-color has-text-color has-background wp-element-button\" href=\"https:\/\/www.plt.nl\/bestel\/10265\" target=\"_blank\" rel=\"noreferrer noopener\"><strong>Tickets<\/strong> <strong>Do 09.03<\/strong><\/a><\/div>\n\n\n\n<div class=\"wp-block-button\"><a class=\"wp-block-button__link has-white-color has-black-background-color has-text-color has-background wp-element-button\" href=\"https:\/\/www.plt.nl\/bestel\/10266\" target=\"_blank\" rel=\"noreferrer noopener\"><strong>Tickets<\/strong> <strong>Fr 10.03<\/strong><\/a><\/div>\n\n\n\n<div class=\"wp-block-button\"><a class=\"wp-block-button__link has-white-color has-black-background-color has-text-color has-background wp-element-button\" href=\"https:\/\/www.plt.nl\/bestel\/10268\" target=\"_blank\" rel=\"noreferrer noopener\"><strong>Tickets Sa 11.03<\/strong><\/a><\/div>\n\n\n\n<div class=\"wp-block-button\"><a class=\"wp-block-button__link has-white-color has-black-background-color has-text-color has-background wp-element-button\" href=\"https:\/\/www.plt.nl\/bestel\/10267\" target=\"_blank\" rel=\"noreferrer noopener\"><strong>Tickets<\/strong> <strong>So 12.03<\/strong><\/a><\/div>\n<\/div>\n\n<hr class=\"wp-block-separator has-css-opacity\"\/>\n\n<figure class=\"wp-block-embed is-type-video is-provider-youtube wp-block-embed-youtube wp-embed-aspect-16-9 wp-has-aspect-ratio\"><div class=\"wp-block-embed__wrapper\">\r\n<iframe  id=\"_ytid_23048\"  width=\"640\" height=\"360\"  data-origwidth=\"640\" data-origheight=\"360\" src=\"https:\/\/www.youtube.com\/embed\/sL06Vv2Shkk?enablejsapi=1&#038;autoplay=0&#038;cc_load_policy=0&#038;cc_lang_pref=&#038;iv_load_policy=1&#038;loop=0&#038;rel=1&#038;fs=1&#038;playsinline=0&#038;autohide=2&#038;theme=dark&#038;color=red&#038;controls=1&#038;disablekb=0&#038;\" class=\"__youtube_prefs__  epyt-is-override  no-lazyload\" title=\"YouTube player\"  allow=\"fullscreen; accelerometer; autoplay; clipboard-write; encrypted-media; gyroscope; picture-in-picture; web-share\" referrerpolicy=\"strict-origin-when-cross-origin\" allowfullscreen data-no-lazy=\"1\" data-skipgform_ajax_framebjll=\"\"><\/iframe>\n<\/div><\/figure>\r\n\n<hr class=\"wp-block-separator has-css-opacity\"\/>\n\n<figure class=\"wp-block-gallery has-nested-images columns-default is-cropped wp-block-gallery-1 is-layout-flex wp-block-gallery-is-layout-flex\">\n<figure class=\"wp-block-image size-large\"><img data-recalc-dims=\"1\" height=\"427\" width=\"640\" decoding=\"async\" data-id=\"4896\" src=\"https:\/\/i0.wp.com\/schrittmacherfestival.nl\/wp-content\/uploads\/2022\/12\/DidierThe%E2%95%A0uron_Re%E2%95%A0usurrection_Photo-c-AlainScherer_106.jpg?resize=640%2C427&#038;ssl=1\" alt=\"\" class=\"wp-image-4896\"\/><\/figure>\n\n\n<figure class=\"wp-block-image size-large\"><img data-recalc-dims=\"1\" height=\"427\" width=\"640\" decoding=\"async\" data-id=\"4892\" src=\"https:\/\/i0.wp.com\/schrittmacherfestival.nl\/wp-content\/uploads\/2022\/12\/DidierThe%E2%95%A0uron_Terre_Photo-c-AlainScherer_005.jpg?resize=640%2C427&#038;ssl=1\" alt=\"\" class=\"wp-image-4892\"\/><\/figure>\n\n\n<figure class=\"wp-block-image size-large\"><img data-recalc-dims=\"1\" height=\"427\" width=\"640\" decoding=\"async\" data-id=\"4894\" src=\"https:\/\/i0.wp.com\/schrittmacherfestival.nl\/wp-content\/uploads\/2022\/12\/DidierThe%E2%95%A0uron_Terre_Photo-c-AlainScherer_040.jpg?resize=640%2C427&#038;ssl=1\" alt=\"\" class=\"wp-image-4894\"\/><\/figure><\/figure>\n\n<hr class=\"wp-block-separator has-css-opacity\"\/>\n","protected":false},"excerpt":{"rendered":"<p>Compagnie Didier Th\u00e9ron (F) Fabrik Stahlbau Strang AkenDo 09.03. \u2013 So 12.03.202320.00 Uhrvon 21,00 \u20ac Das St\u00fcck \u201eResurrection\u201c ist Teil einer fortw\u00e4hrenden Tanzrecherche zum Thema \u201eDie Lebenden und die Toten\u201c im Schaffensprozess des Didier Th\u00e9ron, einer Legende der franz\u00f6sischen Tanzszene mit seiner Kompanie in Montpellier. \u201eResurrection\u201c wird hier verstanden als Neuanfang, als Befreiung auf dem Weg der Suche nach etwas [&hellip;]<\/p>\n","protected":false},"author":1,"featured_media":0,"parent":0,"menu_order":0,"comment_status":"closed","ping_status":"closed","template":"","meta":{"_acf_changed":false,"footnotes":""},"class_list":["post-4904","page","type-page","status-publish","hentry"],"aioseo_notices":[],"acf":[],"jetpack_sharing_enabled":true,"_links":{"self":[{"href":"https:\/\/schrittmacherfestival.nl\/de\/wp-json\/wp\/v2\/pages\/4904","targetHints":{"allow":["GET"]}}],"collection":[{"href":"https:\/\/schrittmacherfestival.nl\/de\/wp-json\/wp\/v2\/pages"}],"about":[{"href":"https:\/\/schrittmacherfestival.nl\/de\/wp-json\/wp\/v2\/types\/page"}],"author":[{"embeddable":true,"href":"https:\/\/schrittmacherfestival.nl\/de\/wp-json\/wp\/v2\/users\/1"}],"replies":[{"embeddable":true,"href":"https:\/\/schrittmacherfestival.nl\/de\/wp-json\/wp\/v2\/comments?post=4904"}],"version-history":[{"count":7,"href":"https:\/\/schrittmacherfestival.nl\/de\/wp-json\/wp\/v2\/pages\/4904\/revisions"}],"predecessor-version":[{"id":6104,"href":"https:\/\/schrittmacherfestival.nl\/de\/wp-json\/wp\/v2\/pages\/4904\/revisions\/6104"}],"wp:attachment":[{"href":"https:\/\/schrittmacherfestival.nl\/de\/wp-json\/wp\/v2\/media?parent=4904"}],"curies":[{"name":"wp","href":"https:\/\/api.w.org\/{rel}","templated":true}]}}

<h1 class="has-black-color has-text-color wp-block-heading" id="hofesh-shechter-company-gbr"><strong>Compagnie Didier Théron </strong>(F)</h1>

<p><strong>Fabrik Stahlbau Strang Aken</strong><br/><strong>Do 09.03. – So 12.03.2023</strong><br/><strong>20.00 Uhr</strong><br/><strong>von 21,00 €</strong></p>

<figure class="wp-block-image alignwide size-large"><img data-recalc-dims="1" height="268" width="640" decoding="async" src="https://i0.wp.com/schrittmacherfestival.nl/wp-content/uploads/2022/12/DidierThe%E2%95%A0uron_Re%E2%95%A0usurrection_Photo-c-AlainScherer_106-1-e1670331660515-1024x428.webp?resize=640%2C268&#038;ssl=1" alt="" class="wp-image-4901"/></figure>
<hr class="wp-block-separator has-css-opacity"/>

<p>Das Stück „Resurrection“ ist Teil einer fortwährenden Tanzrecherche zum Thema „Die Lebenden und die Toten“ im Schaffensprozess des Didier Théron, einer Legende der französischen Tanzszene mit seiner Kompanie in Montpellier. „Resurrection“ wird hier verstanden als Neuanfang, als Befreiung auf dem Weg der Suche nach etwas Neuem. Vier Tänzer*innen auf einer leeren Bühne begeben sich auf ein tänzerisches Abenteuer durch verschiedene choreografische Formen von Energien, die zwischen Stille und unbändiger Entfaltung pendeln. Eine Offenbarung! „Terre” ist Teil des Projektes „GONFLES“, eine getanzte Antwort auf die Figuren von Oskar Schlemmer oder Nikki de Saint Phalle. Drei Frauen werden zu Rockstars und heben ab zur Musik von AC/DC. Ein wahrer Genuss!</p>

<p>Dauer: ~ 100 min. inkl. Pause</p>

<hr class="wp-block-separator has-css-opacity"/>

<div class="wp-block-buttons is-horizontal is-content-justification-center is-layout-flex wp-container-core-buttons-is-layout-499968f5 wp-block-buttons-is-layout-flex">
<div class="wp-block-button"><a class="wp-block-button__link has-white-color has-black-background-color has-text-color has-background wp-element-button" href="https://www.plt.nl/bestel/10265" target="_blank" rel="noreferrer noopener"><strong>Tickets</strong> <strong>Do 09.03</strong></a></div>



<div class="wp-block-button"><a class="wp-block-button__link has-white-color has-black-background-color has-text-color has-background wp-element-button" href="https://www.plt.nl/bestel/10266" target="_blank" rel="noreferrer noopener"><strong>Tickets</strong> <strong>Fr 10.03</strong></a></div>



<div class="wp-block-button"><a class="wp-block-button__link has-white-color has-black-background-color has-text-color has-background wp-element-button" href="https://www.plt.nl/bestel/10268" target="_blank" rel="noreferrer noopener"><strong>Tickets Sa 11.03</strong></a></div>



<div class="wp-block-button"><a class="wp-block-button__link has-white-color has-black-background-color has-text-color has-background wp-element-button" href="https://www.plt.nl/bestel/10267" target="_blank" rel="noreferrer noopener"><strong>Tickets</strong> <strong>So 12.03</strong></a></div>
</div>

<hr class="wp-block-separator has-css-opacity"/>

<figure class="wp-block-embed is-type-video is-provider-youtube wp-block-embed-youtube wp-embed-aspect-16-9 wp-has-aspect-ratio"><div class="wp-block-embed__wrapper">
<iframe  id="_ytid_23048"  width="640" height="360"  data-origwidth="640" data-origheight="360" src="https://www.youtube.com/embed/sL06Vv2Shkk?enablejsapi=1&#038;autoplay=0&#038;cc_load_policy=0&#038;cc_lang_pref=&#038;iv_load_policy=1&#038;loop=0&#038;rel=1&#038;fs=1&#038;playsinline=0&#038;autohide=2&#038;theme=dark&#038;color=red&#038;controls=1&#038;disablekb=0&#038;" class="__youtube_prefs__  epyt-is-override  no-lazyload" title="YouTube player"  allow="fullscreen; accelerometer; autoplay; clipboard-write; encrypted-media; gyroscope; picture-in-picture; web-share" referrerpolicy="strict-origin-when-cross-origin" allowfullscreen data-no-lazy="1" data-skipgform_ajax_framebjll=""></iframe>
</div></figure>

<hr class="wp-block-separator has-css-opacity"/>

<figure class="wp-block-gallery has-nested-images columns-default is-cropped wp-block-gallery-1 is-layout-flex wp-block-gallery-is-layout-flex">
<figure class="wp-block-image size-large"><img data-recalc-dims="1" height="427" width="640" decoding="async" data-id="4896" src="https://i0.wp.com/schrittmacherfestival.nl/wp-content/uploads/2022/12/DidierThe%E2%95%A0uron_Re%E2%95%A0usurrection_Photo-c-AlainScherer_106.jpg?resize=640%2C427&#038;ssl=1" alt="" class="wp-image-4896"/></figure>


<figure class="wp-block-image size-large"><img data-recalc-dims="1" height="427" width="640" decoding="async" data-id="4892" src="https://i0.wp.com/schrittmacherfestival.nl/wp-content/uploads/2022/12/DidierThe%E2%95%A0uron_Terre_Photo-c-AlainScherer_005.jpg?resize=640%2C427&#038;ssl=1" alt="" class="wp-image-4892"/></figure>


<figure class="wp-block-image size-large"><img data-recalc-dims="1" height="427" width="640" decoding="async" data-id="4894" src="https://i0.wp.com/schrittmacherfestival.nl/wp-content/uploads/2022/12/DidierThe%E2%95%A0uron_Terre_Photo-c-AlainScherer_040.jpg?resize=640%2C427&#038;ssl=1" alt="" class="wp-image-4894"/></figure></figure>

<hr class="wp-block-separator has-css-opacity"/>

<p>Compagnie Didier Théron (F) Fabrik Stahlbau Strang AkenDo 09.03. – So 12.03.202320.00 Uhrvon 21,00 € Das Stück „Resurrection“ ist Teil einer fortwährenden Tanzrecherche zum Thema „Die Lebenden und die Toten“ im Schaffensprozess des Didier Théron, einer Legende der französischen Tanzszene mit seiner Kompanie in Montpellier. „Resurrection“ wird hier verstanden als Neuanfang, als Befreiung auf dem Weg der Suche nach etwas [&hellip;]</p>
