{"id":5125,"date":"2022-12-12T12:21:04","date_gmt":"2022-12-12T12:21:04","guid":{"rendered":"https:\/\/schrittmacherfestival.nl\/dancing-pina\/"},"modified":"2022-12-22T10:55:48","modified_gmt":"2022-12-22T10:55:48","slug":"dancing-pina","status":"publish","type":"page","link":"https:\/\/schrittmacherfestival.nl\/de\/dancing-pina\/","title":{"rendered":"Dancing Pina"},"content":{"rendered":"\n<h1 class=\"has-black-color has-text-color wp-block-heading\" id=\"hofesh-shechter-company-gbr\">Dokumentarfilm mindjazz picture (D\/SN) 2022, Regie: Florian Heinzen-Ziob<\/h1>\n\n<p><strong>Eden Palast Aken<\/strong><br\/><strong>Do 02.03.2023<\/strong><br\/><strong>20.00 Uhr<\/strong><br\/><strong>von 10,90 \u20ac<\/strong><\/p>\n\n<figure class=\"wp-block-image alignwide size-large\"><img data-recalc-dims=\"1\" fetchpriority=\"high\" decoding=\"async\" width=\"640\" height=\"268\" src=\"https:\/\/i0.wp.com\/schrittmacherfestival.nl\/wp-content\/uploads\/2022\/12\/DANCING_PINA_STILLS_SACRE_DU_PRINTEMPS_SENEGAL__7-1-scaled-e1671706430225.jpeg.webp?resize=640%2C268&#038;ssl=1\" alt=\"\" class=\"wp-image-6002\" srcset=\"https:\/\/i0.wp.com\/schrittmacherfestival.nl\/wp-content\/uploads\/2022\/12\/DANCING_PINA_STILLS_SACRE_DU_PRINTEMPS_SENEGAL__7-1-scaled-e1671706430225.jpeg.webp?resize=1024%2C428&amp;ssl=1 1024w, https:\/\/i0.wp.com\/schrittmacherfestival.nl\/wp-content\/uploads\/2022\/12\/DANCING_PINA_STILLS_SACRE_DU_PRINTEMPS_SENEGAL__7-1-scaled-e1671706430225.jpeg.webp?resize=300%2C125&amp;ssl=1 300w, https:\/\/i0.wp.com\/schrittmacherfestival.nl\/wp-content\/uploads\/2022\/12\/DANCING_PINA_STILLS_SACRE_DU_PRINTEMPS_SENEGAL__7-1-scaled-e1671706430225.jpeg.webp?resize=768%2C321&amp;ssl=1 768w, https:\/\/i0.wp.com\/schrittmacherfestival.nl\/wp-content\/uploads\/2022\/12\/DANCING_PINA_STILLS_SACRE_DU_PRINTEMPS_SENEGAL__7-1-scaled-e1671706430225.jpeg.webp?resize=31%2C13&amp;ssl=1 31w, https:\/\/i0.wp.com\/schrittmacherfestival.nl\/wp-content\/uploads\/2022\/12\/DANCING_PINA_STILLS_SACRE_DU_PRINTEMPS_SENEGAL__7-1-scaled-e1671706430225.jpeg.webp?w=1200&amp;ssl=1 1200w\" sizes=\"(max-width: 640px) 100vw, 640px\" \/><\/figure>\n<hr class=\"wp-block-separator has-css-opacity\"\/>\n\n<h2 class=\"wp-block-heading\">In Kooperation mit \u201eKinofamilie St\u00fcrtz\u201c<\/h2>\n\n<p>Pina Bausch revolutionierte mit ihren Choreografien den modernen Tanz. Doch was bleibt von ihrem Werk? Zwei spektakul\u00e4re Tanzprojekte zeigen, wie eine junge Generation T\u00e4nzer*innen aus aller Welt Pinas Choreografien neu entdeckt: Die Ballettkompanie der Semperoper in Dresden probt Pinas Tanz-Oper \u201cIphigenie auf Tauris\u201c. Und an der \u00c9cole des Sables im Senegal proben T\u00e4nzer*innen aus ganz Afrika Pinas Ballett \u201cLe Sacre du Printemps\u201c. Eine faszinierende Metamorphose: W\u00e4hrend die T\u00e4nzer*innen vom Streetdance, klassischen Ballett, traditionellen und modernen afrikanischen T\u00e4nzen Pinas Werk ver\u00e4ndern, ver\u00e4ndert Pinas Choreografie die T\u00e4nzer*innen. Pina lebt. \u201cDancing Pina\u201c &#8211; eine bildgewaltige, emotionale Reise in die Welt des modernen Tanzes und dar\u00fcber hinaus.<\/p>\n\n<p>Dauer: 117 min.<br\/>FSK: 0<\/p>\n\n<hr class=\"wp-block-separator has-css-opacity\"\/>\n\n<div class=\"wp-block-buttons is-horizontal is-content-justification-center is-layout-flex wp-container-core-buttons-is-layout-499968f5 wp-block-buttons-is-layout-flex\">\n<div class=\"wp-block-button\"><a class=\"wp-block-button__link has-white-color has-black-background-color has-text-color has-background wp-element-button\" href=\"https:\/\/www.cineplex.de\/aachen\/\" target=\"_blank\" rel=\"noreferrer noopener\"><strong>Info &amp; Tickets<\/strong><\/a><\/div>\n<\/div>\n\n<hr class=\"wp-block-separator has-css-opacity\"\/>\n\n<figure class=\"wp-block-embed is-type-video is-provider-youtube wp-block-embed-youtube wp-embed-aspect-16-9 wp-has-aspect-ratio\"><div class=\"wp-block-embed__wrapper\">\r\n<iframe  id=\"_ytid_77593\"  width=\"640\" height=\"360\"  data-origwidth=\"640\" data-origheight=\"360\" src=\"https:\/\/www.youtube.com\/embed\/WBYyvVGxEew?enablejsapi=1&#038;autoplay=0&#038;cc_load_policy=0&#038;cc_lang_pref=&#038;iv_load_policy=1&#038;loop=0&#038;rel=1&#038;fs=1&#038;playsinline=0&#038;autohide=2&#038;theme=dark&#038;color=red&#038;controls=1&#038;disablekb=0&#038;\" class=\"__youtube_prefs__  epyt-is-override  no-lazyload\" title=\"YouTube player\"  allow=\"fullscreen; accelerometer; autoplay; clipboard-write; encrypted-media; gyroscope; picture-in-picture; web-share\" referrerpolicy=\"strict-origin-when-cross-origin\" allowfullscreen data-no-lazy=\"1\" data-skipgform_ajax_framebjll=\"\"><\/iframe>\n<\/div><\/figure>\r\n\n<hr class=\"wp-block-separator has-css-opacity\"\/>\n\n<figure class=\"wp-block-gallery has-nested-images columns-default is-cropped wp-block-gallery-1 is-layout-flex wp-block-gallery-is-layout-flex\">\n<figure class=\"wp-block-image size-large\"><img data-recalc-dims=\"1\" decoding=\"async\" width=\"640\" height=\"346\" data-id=\"5992\" src=\"https:\/\/i0.wp.com\/schrittmacherfestival.nl\/wp-content\/uploads\/2022\/12\/DANCING_PINA_STILLS_SACRE_DU_PRINTEMPS_SENEGAL__7.jpeg?resize=640%2C346&#038;ssl=1\" alt=\"\" class=\"wp-image-5992\" srcset=\"https:\/\/i0.wp.com\/schrittmacherfestival.nl\/wp-content\/uploads\/2022\/12\/DANCING_PINA_STILLS_SACRE_DU_PRINTEMPS_SENEGAL__7-scaled.jpeg?resize=1024%2C554&amp;ssl=1 1024w, https:\/\/i0.wp.com\/schrittmacherfestival.nl\/wp-content\/uploads\/2022\/12\/DANCING_PINA_STILLS_SACRE_DU_PRINTEMPS_SENEGAL__7-scaled.jpeg?resize=300%2C162&amp;ssl=1 300w, https:\/\/i0.wp.com\/schrittmacherfestival.nl\/wp-content\/uploads\/2022\/12\/DANCING_PINA_STILLS_SACRE_DU_PRINTEMPS_SENEGAL__7-scaled.jpeg?resize=768%2C415&amp;ssl=1 768w, https:\/\/i0.wp.com\/schrittmacherfestival.nl\/wp-content\/uploads\/2022\/12\/DANCING_PINA_STILLS_SACRE_DU_PRINTEMPS_SENEGAL__7-scaled.jpeg?resize=1536%2C830&amp;ssl=1 1536w, https:\/\/i0.wp.com\/schrittmacherfestival.nl\/wp-content\/uploads\/2022\/12\/DANCING_PINA_STILLS_SACRE_DU_PRINTEMPS_SENEGAL__7-scaled.jpeg?resize=2048%2C1107&amp;ssl=1 2048w, https:\/\/i0.wp.com\/schrittmacherfestival.nl\/wp-content\/uploads\/2022\/12\/DANCING_PINA_STILLS_SACRE_DU_PRINTEMPS_SENEGAL__7-scaled.jpeg?resize=31%2C17&amp;ssl=1 31w, https:\/\/i0.wp.com\/schrittmacherfestival.nl\/wp-content\/uploads\/2022\/12\/DANCING_PINA_STILLS_SACRE_DU_PRINTEMPS_SENEGAL__7-scaled.jpeg?w=1280&amp;ssl=1 1280w, https:\/\/i0.wp.com\/schrittmacherfestival.nl\/wp-content\/uploads\/2022\/12\/DANCING_PINA_STILLS_SACRE_DU_PRINTEMPS_SENEGAL__7-scaled.jpeg?w=1920&amp;ssl=1 1920w\" sizes=\"(max-width: 640px) 100vw, 640px\" \/><\/figure>\n\n\n<figure class=\"wp-block-image size-large\"><img data-recalc-dims=\"1\" decoding=\"async\" width=\"640\" height=\"243\" data-id=\"5120\" src=\"https:\/\/i0.wp.com\/schrittmacherfestival.nl\/wp-content\/uploads\/2022\/12\/dancing-pina1-e1670848051400.jpeg?resize=640%2C243&#038;ssl=1\" alt=\"\" class=\"wp-image-5120\" srcset=\"https:\/\/i0.wp.com\/schrittmacherfestival.nl\/wp-content\/uploads\/2022\/12\/dancing-pina1-e1670848051400.jpeg?w=930&amp;ssl=1 930w, https:\/\/i0.wp.com\/schrittmacherfestival.nl\/wp-content\/uploads\/2022\/12\/dancing-pina1-e1670848051400.jpeg?resize=300%2C114&amp;ssl=1 300w, https:\/\/i0.wp.com\/schrittmacherfestival.nl\/wp-content\/uploads\/2022\/12\/dancing-pina1-e1670848051400.jpeg?resize=768%2C292&amp;ssl=1 768w, https:\/\/i0.wp.com\/schrittmacherfestival.nl\/wp-content\/uploads\/2022\/12\/dancing-pina1-e1670848051400.jpeg?resize=31%2C12&amp;ssl=1 31w\" sizes=\"(max-width: 640px) 100vw, 640px\" \/><\/figure><\/figure>\n","protected":false},"excerpt":{"rendered":"<p>Dokumentarfilm mindjazz picture (D\/SN) 2022, Regie: Florian Heinzen-Ziob Eden Palast AkenDo 02.03.202320.00 Uhrvon 10,90 \u20ac In Kooperation mit \u201eKinofamilie St\u00fcrtz\u201c Pina Bausch revolutionierte mit ihren Choreografien den modernen Tanz. Doch was bleibt von ihrem Werk? Zwei spektakul\u00e4re Tanzprojekte zeigen, wie eine junge Generation T\u00e4nzer*innen aus aller Welt Pinas Choreografien neu entdeckt: Die Ballettkompanie der Semperoper in Dresden probt Pinas Tanz-Oper [&hellip;]<\/p>\n","protected":false},"author":1,"featured_media":0,"parent":0,"menu_order":0,"comment_status":"closed","ping_status":"closed","template":"","meta":{"_acf_changed":false,"footnotes":""},"class_list":["post-5125","page","type-page","status-publish","hentry"],"aioseo_notices":[],"acf":[],"jetpack_sharing_enabled":true,"_links":{"self":[{"href":"https:\/\/schrittmacherfestival.nl\/de\/wp-json\/wp\/v2\/pages\/5125","targetHints":{"allow":["GET"]}}],"collection":[{"href":"https:\/\/schrittmacherfestival.nl\/de\/wp-json\/wp\/v2\/pages"}],"about":[{"href":"https:\/\/schrittmacherfestival.nl\/de\/wp-json\/wp\/v2\/types\/page"}],"author":[{"embeddable":true,"href":"https:\/\/schrittmacherfestival.nl\/de\/wp-json\/wp\/v2\/users\/1"}],"replies":[{"embeddable":true,"href":"https:\/\/schrittmacherfestival.nl\/de\/wp-json\/wp\/v2\/comments?post=5125"}],"version-history":[{"count":10,"href":"https:\/\/schrittmacherfestival.nl\/de\/wp-json\/wp\/v2\/pages\/5125\/revisions"}],"predecessor-version":[{"id":6007,"href":"https:\/\/schrittmacherfestival.nl\/de\/wp-json\/wp\/v2\/pages\/5125\/revisions\/6007"}],"wp:attachment":[{"href":"https:\/\/schrittmacherfestival.nl\/de\/wp-json\/wp\/v2\/media?parent=5125"}],"curies":[{"name":"wp","href":"https:\/\/api.w.org\/{rel}","templated":true}]}}

<h1 class="has-black-color has-text-color wp-block-heading" id="hofesh-shechter-company-gbr">Dokumentarfilm mindjazz picture (D/SN) 2022, Regie: Florian Heinzen-Ziob</h1>

<p><strong>Eden Palast Aken</strong><br/><strong>Do 02.03.2023</strong><br/><strong>20.00 Uhr</strong><br/><strong>von 10,90 €</strong></p>

<figure class="wp-block-image alignwide size-large"><img data-recalc-dims="1" fetchpriority="high" decoding="async" width="640" height="268" src="https://i0.wp.com/schrittmacherfestival.nl/wp-content/uploads/2022/12/DANCING_PINA_STILLS_SACRE_DU_PRINTEMPS_SENEGAL__7-1-scaled-e1671706430225.jpeg.webp?resize=640%2C268&#038;ssl=1" alt="" class="wp-image-6002" srcset="https://i0.wp.com/schrittmacherfestival.nl/wp-content/uploads/2022/12/DANCING_PINA_STILLS_SACRE_DU_PRINTEMPS_SENEGAL__7-1-scaled-e1671706430225.jpeg.webp?resize=1024%2C428&amp;ssl=1 1024w, https://i0.wp.com/schrittmacherfestival.nl/wp-content/uploads/2022/12/DANCING_PINA_STILLS_SACRE_DU_PRINTEMPS_SENEGAL__7-1-scaled-e1671706430225.jpeg.webp?resize=300%2C125&amp;ssl=1 300w, https://i0.wp.com/schrittmacherfestival.nl/wp-content/uploads/2022/12/DANCING_PINA_STILLS_SACRE_DU_PRINTEMPS_SENEGAL__7-1-scaled-e1671706430225.jpeg.webp?resize=768%2C321&amp;ssl=1 768w, https://i0.wp.com/schrittmacherfestival.nl/wp-content/uploads/2022/12/DANCING_PINA_STILLS_SACRE_DU_PRINTEMPS_SENEGAL__7-1-scaled-e1671706430225.jpeg.webp?resize=31%2C13&amp;ssl=1 31w, https://i0.wp.com/schrittmacherfestival.nl/wp-content/uploads/2022/12/DANCING_PINA_STILLS_SACRE_DU_PRINTEMPS_SENEGAL__7-1-scaled-e1671706430225.jpeg.webp?w=1200&amp;ssl=1 1200w" sizes="(max-width: 640px) 100vw, 640px" /></figure>
<hr class="wp-block-separator has-css-opacity"/>

<h2 class="wp-block-heading">In Kooperation mit „Kinofamilie Stürtz“</h2>

<p>Pina Bausch revolutionierte mit ihren Choreografien den modernen Tanz. Doch was bleibt von ihrem Werk? Zwei spektakuläre Tanzprojekte zeigen, wie eine junge Generation Tänzer*innen aus aller Welt Pinas Choreografien neu entdeckt: Die Ballettkompanie der Semperoper in Dresden probt Pinas Tanz-Oper “Iphigenie auf Tauris“. Und an der École des Sables im Senegal proben Tänzer*innen aus ganz Afrika Pinas Ballett “Le Sacre du Printemps“. Eine faszinierende Metamorphose: Während die Tänzer*innen vom Streetdance, klassischen Ballett, traditionellen und modernen afrikanischen Tänzen Pinas Werk verändern, verändert Pinas Choreografie die Tänzer*innen. Pina lebt. “Dancing Pina“ &#8211; eine bildgewaltige, emotionale Reise in die Welt des modernen Tanzes und darüber hinaus.</p>

<p>Dauer: 117 min.<br/>FSK: 0</p>

<hr class="wp-block-separator has-css-opacity"/>

<div class="wp-block-buttons is-horizontal is-content-justification-center is-layout-flex wp-container-core-buttons-is-layout-499968f5 wp-block-buttons-is-layout-flex">
<div class="wp-block-button"><a class="wp-block-button__link has-white-color has-black-background-color has-text-color has-background wp-element-button" href="https://www.cineplex.de/aachen/" target="_blank" rel="noreferrer noopener"><strong>Info &amp; Tickets</strong></a></div>
</div>

<hr class="wp-block-separator has-css-opacity"/>

<figure class="wp-block-embed is-type-video is-provider-youtube wp-block-embed-youtube wp-embed-aspect-16-9 wp-has-aspect-ratio"><div class="wp-block-embed__wrapper">
<iframe  id="_ytid_77593"  width="640" height="360"  data-origwidth="640" data-origheight="360" src="https://www.youtube.com/embed/WBYyvVGxEew?enablejsapi=1&#038;autoplay=0&#038;cc_load_policy=0&#038;cc_lang_pref=&#038;iv_load_policy=1&#038;loop=0&#038;rel=1&#038;fs=1&#038;playsinline=0&#038;autohide=2&#038;theme=dark&#038;color=red&#038;controls=1&#038;disablekb=0&#038;" class="__youtube_prefs__  epyt-is-override  no-lazyload" title="YouTube player"  allow="fullscreen; accelerometer; autoplay; clipboard-write; encrypted-media; gyroscope; picture-in-picture; web-share" referrerpolicy="strict-origin-when-cross-origin" allowfullscreen data-no-lazy="1" data-skipgform_ajax_framebjll=""></iframe>
</div></figure>

<hr class="wp-block-separator has-css-opacity"/>

<figure class="wp-block-gallery has-nested-images columns-default is-cropped wp-block-gallery-1 is-layout-flex wp-block-gallery-is-layout-flex">
<figure class="wp-block-image size-large"><img data-recalc-dims="1" decoding="async" width="640" height="346" data-id="5992" src="https://i0.wp.com/schrittmacherfestival.nl/wp-content/uploads/2022/12/DANCING_PINA_STILLS_SACRE_DU_PRINTEMPS_SENEGAL__7.jpeg?resize=640%2C346&#038;ssl=1" alt="" class="wp-image-5992" srcset="https://i0.wp.com/schrittmacherfestival.nl/wp-content/uploads/2022/12/DANCING_PINA_STILLS_SACRE_DU_PRINTEMPS_SENEGAL__7-scaled.jpeg?resize=1024%2C554&amp;ssl=1 1024w, https://i0.wp.com/schrittmacherfestival.nl/wp-content/uploads/2022/12/DANCING_PINA_STILLS_SACRE_DU_PRINTEMPS_SENEGAL__7-scaled.jpeg?resize=300%2C162&amp;ssl=1 300w, https://i0.wp.com/schrittmacherfestival.nl/wp-content/uploads/2022/12/DANCING_PINA_STILLS_SACRE_DU_PRINTEMPS_SENEGAL__7-scaled.jpeg?resize=768%2C415&amp;ssl=1 768w, https://i0.wp.com/schrittmacherfestival.nl/wp-content/uploads/2022/12/DANCING_PINA_STILLS_SACRE_DU_PRINTEMPS_SENEGAL__7-scaled.jpeg?resize=1536%2C830&amp;ssl=1 1536w, https://i0.wp.com/schrittmacherfestival.nl/wp-content/uploads/2022/12/DANCING_PINA_STILLS_SACRE_DU_PRINTEMPS_SENEGAL__7-scaled.jpeg?resize=2048%2C1107&amp;ssl=1 2048w, https://i0.wp.com/schrittmacherfestival.nl/wp-content/uploads/2022/12/DANCING_PINA_STILLS_SACRE_DU_PRINTEMPS_SENEGAL__7-scaled.jpeg?resize=31%2C17&amp;ssl=1 31w, https://i0.wp.com/schrittmacherfestival.nl/wp-content/uploads/2022/12/DANCING_PINA_STILLS_SACRE_DU_PRINTEMPS_SENEGAL__7-scaled.jpeg?w=1280&amp;ssl=1 1280w, https://i0.wp.com/schrittmacherfestival.nl/wp-content/uploads/2022/12/DANCING_PINA_STILLS_SACRE_DU_PRINTEMPS_SENEGAL__7-scaled.jpeg?w=1920&amp;ssl=1 1920w" sizes="(max-width: 640px) 100vw, 640px" /></figure>


<figure class="wp-block-image size-large"><img data-recalc-dims="1" decoding="async" width="640" height="243" data-id="5120" src="https://i0.wp.com/schrittmacherfestival.nl/wp-content/uploads/2022/12/dancing-pina1-e1670848051400.jpeg?resize=640%2C243&#038;ssl=1" alt="" class="wp-image-5120" srcset="https://i0.wp.com/schrittmacherfestival.nl/wp-content/uploads/2022/12/dancing-pina1-e1670848051400.jpeg?w=930&amp;ssl=1 930w, https://i0.wp.com/schrittmacherfestival.nl/wp-content/uploads/2022/12/dancing-pina1-e1670848051400.jpeg?resize=300%2C114&amp;ssl=1 300w, https://i0.wp.com/schrittmacherfestival.nl/wp-content/uploads/2022/12/dancing-pina1-e1670848051400.jpeg?resize=768%2C292&amp;ssl=1 768w, https://i0.wp.com/schrittmacherfestival.nl/wp-content/uploads/2022/12/dancing-pina1-e1670848051400.jpeg?resize=31%2C12&amp;ssl=1 31w" sizes="(max-width: 640px) 100vw, 640px" /></figure></figure>

<p>Dokumentarfilm mindjazz picture (D/SN) 2022, Regie: Florian Heinzen-Ziob Eden Palast AkenDo 02.03.202320.00 Uhrvon 10,90 € In Kooperation mit „Kinofamilie Stürtz“ Pina Bausch revolutionierte mit ihren Choreografien den modernen Tanz. Doch was bleibt von ihrem Werk? Zwei spektakuläre Tanzprojekte zeigen, wie eine junge Generation Tänzer*innen aus aller Welt Pinas Choreografien neu entdeckt: Die Ballettkompanie der Semperoper in Dresden probt Pinas Tanz-Oper [&hellip;]</p>
