{"id":5420,"date":"2022-12-14T16:25:47","date_gmt":"2022-12-14T16:25:47","guid":{"rendered":"https:\/\/schrittmacherfestival.nl\/word-vriend-van-schrit_tmacher\/"},"modified":"2025-05-20T09:31:23","modified_gmt":"2025-05-20T09:31:23","slug":"word-vriend-van-schrit_tmacher","status":"publish","type":"page","link":"https:\/\/schrittmacherfestival.nl\/de\/word-vriend-van-schrit_tmacher\/","title":{"rendered":"WERDE FREUND*IN"},"content":{"rendered":"\n<figure class=\"wp-block-image alignwide size-full\"><img data-recalc-dims=\"1\" decoding=\"async\" src=\"https:\/\/i0.wp.com\/schrittmacherfestival.nl\/wp-content\/uploads\/2025\/05\/in-c_sasha-waltz-guests_terry-riley_ensemble%C2%A9yanina-isla_0603-1-scaled-e1747718235148.jpg?w=640&#038;ssl=1\" alt=\"\" class=\"wp-image-11689\"\/><\/figure>\n\n<hr class=\"wp-block-separator has-css-opacity\"\/>\n\n<h2 class=\"wp-block-heading\">Unterstu\u0308tzen Sie den zeitgen\u00f6ssischen internationalen Tanz in der Euregio und geniessen Sie zus\u00e4tzliche Vorteile!<\/h2>\n\n<p>Tanz ist eine universelle Sprache, die seit Jahrhunderten und \u00fcberall auf der Welt Generationen und Gruppen von Menschen verbindet. Sie ist die ideale Form f\u00fcr grenz\u00fcberschreitende Initiativen, da die Sprache kein Hindernis darstellt. Deshalb vereint jede Ausgabe des Festivals verschiedene Kulturen, Kunstformen, Generationen, Traditionen und L\u00e4nder durch den Tanz. Seit 1995 programmiert das schrit_tmacher Festival hochkar\u00e4tige und renommierte internationale Tanzkompanien neben jungen innovativen zeitgen\u00f6ssischen Tanztalenten. Mit diesem breiten Programm und speziellen Jugend- und Gemeinschaftsprojekten baut schrit_tmacher an der Zukunft. Eine Mission, die schrit_tmacher noch viele Jahre lang fortsetzen will<br\/><\/p>\n\n<p>Halten Sie es f\u00fcr wichtig, dass der internationale zeitgen\u00f6ssische Tanz in unserer Euroregion eine Zukunft hat? M\u00f6chten Sie das Tanzangebot in der Region verankern und f\u00fcr (noch) mehr (junge) Menschen zug\u00e4nglich machen? Dann werden Sie Freund des schrit_tmacher just dance! f\u00fcr einen Jahresbeitrag von 50 \u20ac Festspiele. Mit Ihrem Beitrag tragen Sie dazu bei, den zeitgen\u00f6ssischen Tanz in der Euregio zu erhalten, nicht nur f\u00fcr unsere Generation, sondern auch f\u00fcr das Tanzpublikum und die Tanztalente der zuk\u00fcnftigen GENERATION 2. <\/p>\n\n<p><strong>Werden Sie jetzt Freund*in und genie\u00dfen Sie fu\u0308r 50 \u20ac alle Vorteile:<\/strong><\/p>\n\n<ul class=\"wp-block-list\">\n<li>Die Festivalbroschu\u0308re (2026) bekommen Sie gratis nach Hause geschickt<\/li>\n\n\n\n<li>5 Tage Vorrang beim Kartenverkauf<\/li>\n\n\n\n<li>4x pro Jahr aktuelle Informationen u\u0308ber den Freund*in nen- Newsletter<\/li>\n\n\n\n<li>Eine spezielle Freunde-Vorschau, die Ihnen einen ersten Vorgeschmack<br\/>auf das Programm gibt<\/li>\n<\/ul>\n\n<hr class=\"wp-block-separator has-css-opacity\"\/>\n\n<div class=\"wp-block-buttons is-layout-flex wp-block-buttons-is-layout-flex\">\n<div class=\"wp-block-button aligncenter\"><a class=\"wp-block-button__link has-white-color has-black-background-color has-text-color has-background wp-element-button\" href=\"https:\/\/www.plt.nl\/steun-plt\/vriend-schrit_tmacher-just-dance-festival\" target=\"_blank\" rel=\"noreferrer noopener\"><strong>Werde Freund*in von schrit_tmacher festival<\/strong><\/a><\/div>\n<\/div>\n\n<hr class=\"wp-block-separator has-css-opacity\"\/>\n\n<figure class=\"wp-block-image alignwide size-large is-style-rounded\"><a href=\"https:\/\/schrittmacherfestival.nl\/de\/newsletter\/\"><img data-recalc-dims=\"1\" fetchpriority=\"high\" decoding=\"async\" width=\"640\" height=\"251\" src=\"https:\/\/i0.wp.com\/schrittmacherfestival.nl\/wp-content\/uploads\/2024\/05\/Nieuwsbrief-banner-DEF.jpeg?resize=640%2C251&#038;ssl=1\" alt=\"\" class=\"wp-image-9119\" srcset=\"https:\/\/i0.wp.com\/schrittmacherfestival.nl\/wp-content\/uploads\/2024\/05\/Nieuwsbrief-banner-DEF.jpeg?resize=1024%2C402&amp;ssl=1 1024w, https:\/\/i0.wp.com\/schrittmacherfestival.nl\/wp-content\/uploads\/2024\/05\/Nieuwsbrief-banner-DEF.jpeg?resize=300%2C118&amp;ssl=1 300w, https:\/\/i0.wp.com\/schrittmacherfestival.nl\/wp-content\/uploads\/2024\/05\/Nieuwsbrief-banner-DEF.jpeg?resize=768%2C302&amp;ssl=1 768w, https:\/\/i0.wp.com\/schrittmacherfestival.nl\/wp-content\/uploads\/2024\/05\/Nieuwsbrief-banner-DEF.jpeg?resize=1536%2C603&amp;ssl=1 1536w, https:\/\/i0.wp.com\/schrittmacherfestival.nl\/wp-content\/uploads\/2024\/05\/Nieuwsbrief-banner-DEF.jpeg?resize=31%2C12&amp;ssl=1 31w, https:\/\/i0.wp.com\/schrittmacherfestival.nl\/wp-content\/uploads\/2024\/05\/Nieuwsbrief-banner-DEF.jpeg?w=1772&amp;ssl=1 1772w, https:\/\/i0.wp.com\/schrittmacherfestival.nl\/wp-content\/uploads\/2024\/05\/Nieuwsbrief-banner-DEF.jpeg?w=1280&amp;ssl=1 1280w\" sizes=\"(max-width: 640px) 100vw, 640px\" \/><\/a><\/figure>\n\n<hr class=\"wp-block-separator has-css-opacity\"\/>\n","protected":false},"excerpt":{"rendered":"<p>Unterstu\u0308tzen Sie den zeitgen\u00f6ssischen internationalen Tanz in der Euregio und geniessen Sie zus\u00e4tzliche Vorteile! Tanz ist eine universelle Sprache, die seit Jahrhunderten und \u00fcberall auf der Welt Generationen und Gruppen von Menschen verbindet. Sie ist die ideale Form f\u00fcr grenz\u00fcberschreitende Initiativen, da die Sprache kein Hindernis darstellt. Deshalb vereint jede Ausgabe des Festivals verschiedene Kulturen, Kunstformen, Generationen, Traditionen und L\u00e4nder [&hellip;]<\/p>\n","protected":false},"author":1,"featured_media":0,"parent":0,"menu_order":0,"comment_status":"closed","ping_status":"closed","template":"","meta":{"_acf_changed":false,"footnotes":""},"class_list":["post-5420","page","type-page","status-publish","hentry"],"aioseo_notices":[],"acf":[],"jetpack_sharing_enabled":true,"_links":{"self":[{"href":"https:\/\/schrittmacherfestival.nl\/de\/wp-json\/wp\/v2\/pages\/5420","targetHints":{"allow":["GET"]}}],"collection":[{"href":"https:\/\/schrittmacherfestival.nl\/de\/wp-json\/wp\/v2\/pages"}],"about":[{"href":"https:\/\/schrittmacherfestival.nl\/de\/wp-json\/wp\/v2\/types\/page"}],"author":[{"embeddable":true,"href":"https:\/\/schrittmacherfestival.nl\/de\/wp-json\/wp\/v2\/users\/1"}],"replies":[{"embeddable":true,"href":"https:\/\/schrittmacherfestival.nl\/de\/wp-json\/wp\/v2\/comments?post=5420"}],"version-history":[{"count":18,"href":"https:\/\/schrittmacherfestival.nl\/de\/wp-json\/wp\/v2\/pages\/5420\/revisions"}],"predecessor-version":[{"id":11744,"href":"https:\/\/schrittmacherfestival.nl\/de\/wp-json\/wp\/v2\/pages\/5420\/revisions\/11744"}],"wp:attachment":[{"href":"https:\/\/schrittmacherfestival.nl\/de\/wp-json\/wp\/v2\/media?parent=5420"}],"curies":[{"name":"wp","href":"https:\/\/api.w.org\/{rel}","templated":true}]}}

<figure class="wp-block-image alignwide size-full"><img data-recalc-dims="1" decoding="async" src="https://i0.wp.com/schrittmacherfestival.nl/wp-content/uploads/2025/05/in-c_sasha-waltz-guests_terry-riley_ensemble%C2%A9yanina-isla_0603-1-scaled-e1747718235148.jpg?w=640&#038;ssl=1" alt="" class="wp-image-11689"/></figure>

<hr class="wp-block-separator has-css-opacity"/>

<h2 class="wp-block-heading">Unterstützen Sie den zeitgenössischen internationalen Tanz in der Euregio und geniessen Sie zusätzliche Vorteile!</h2>

<p>Tanz ist eine universelle Sprache, die seit Jahrhunderten und überall auf der Welt Generationen und Gruppen von Menschen verbindet. Sie ist die ideale Form für grenzüberschreitende Initiativen, da die Sprache kein Hindernis darstellt. Deshalb vereint jede Ausgabe des Festivals verschiedene Kulturen, Kunstformen, Generationen, Traditionen und Länder durch den Tanz. Seit 1995 programmiert das schrit_tmacher Festival hochkarätige und renommierte internationale Tanzkompanien neben jungen innovativen zeitgenössischen Tanztalenten. Mit diesem breiten Programm und speziellen Jugend- und Gemeinschaftsprojekten baut schrit_tmacher an der Zukunft. Eine Mission, die schrit_tmacher noch viele Jahre lang fortsetzen will<br/></p>

<p>Halten Sie es für wichtig, dass der internationale zeitgenössische Tanz in unserer Euroregion eine Zukunft hat? Möchten Sie das Tanzangebot in der Region verankern und für (noch) mehr (junge) Menschen zugänglich machen? Dann werden Sie Freund des schrit_tmacher just dance! für einen Jahresbeitrag von 50 € Festspiele. Mit Ihrem Beitrag tragen Sie dazu bei, den zeitgenössischen Tanz in der Euregio zu erhalten, nicht nur für unsere Generation, sondern auch für das Tanzpublikum und die Tanztalente der zukünftigen GENERATION 2. </p>

<p><strong>Werden Sie jetzt Freund*in und genießen Sie für 50 € alle Vorteile:</strong></p>

<ul class="wp-block-list">
<li>Die Festivalbroschüre (2026) bekommen Sie gratis nach Hause geschickt</li>



<li>5 Tage Vorrang beim Kartenverkauf</li>



<li>4x pro Jahr aktuelle Informationen über den Freund*in nen- Newsletter</li>



<li>Eine spezielle Freunde-Vorschau, die Ihnen einen ersten Vorgeschmack<br/>auf das Programm gibt</li>
</ul>

<hr class="wp-block-separator has-css-opacity"/>

<div class="wp-block-buttons is-layout-flex wp-block-buttons-is-layout-flex">
<div class="wp-block-button aligncenter"><a class="wp-block-button__link has-white-color has-black-background-color has-text-color has-background wp-element-button" href="https://www.plt.nl/steun-plt/vriend-schrit_tmacher-just-dance-festival" target="_blank" rel="noreferrer noopener"><strong>Werde Freund*in von schrit_tmacher festival</strong></a></div>
</div>

<hr class="wp-block-separator has-css-opacity"/>

<figure class="wp-block-image alignwide size-large is-style-rounded"><a href="https://schrittmacherfestival.nl/de/newsletter/"><img data-recalc-dims="1" fetchpriority="high" decoding="async" width="640" height="251" src="https://i0.wp.com/schrittmacherfestival.nl/wp-content/uploads/2024/05/Nieuwsbrief-banner-DEF.jpeg?resize=640%2C251&#038;ssl=1" alt="" class="wp-image-9119" srcset="https://i0.wp.com/schrittmacherfestival.nl/wp-content/uploads/2024/05/Nieuwsbrief-banner-DEF.jpeg?resize=1024%2C402&amp;ssl=1 1024w, https://i0.wp.com/schrittmacherfestival.nl/wp-content/uploads/2024/05/Nieuwsbrief-banner-DEF.jpeg?resize=300%2C118&amp;ssl=1 300w, https://i0.wp.com/schrittmacherfestival.nl/wp-content/uploads/2024/05/Nieuwsbrief-banner-DEF.jpeg?resize=768%2C302&amp;ssl=1 768w, https://i0.wp.com/schrittmacherfestival.nl/wp-content/uploads/2024/05/Nieuwsbrief-banner-DEF.jpeg?resize=1536%2C603&amp;ssl=1 1536w, https://i0.wp.com/schrittmacherfestival.nl/wp-content/uploads/2024/05/Nieuwsbrief-banner-DEF.jpeg?resize=31%2C12&amp;ssl=1 31w, https://i0.wp.com/schrittmacherfestival.nl/wp-content/uploads/2024/05/Nieuwsbrief-banner-DEF.jpeg?w=1772&amp;ssl=1 1772w, https://i0.wp.com/schrittmacherfestival.nl/wp-content/uploads/2024/05/Nieuwsbrief-banner-DEF.jpeg?w=1280&amp;ssl=1 1280w" sizes="(max-width: 640px) 100vw, 640px" /></a></figure>

<hr class="wp-block-separator has-css-opacity"/>

<p>Unterstützen Sie den zeitgenössischen internationalen Tanz in der Euregio und geniessen Sie zusätzliche Vorteile! Tanz ist eine universelle Sprache, die seit Jahrhunderten und überall auf der Welt Generationen und Gruppen von Menschen verbindet. Sie ist die ideale Form für grenzüberschreitende Initiativen, da die Sprache kein Hindernis darstellt. Deshalb vereint jede Ausgabe des Festivals verschiedene Kulturen, Kunstformen, Generationen, Traditionen und Länder [&hellip;]</p>
