{"id":5495,"date":"2022-12-15T09:19:04","date_gmt":"2022-12-15T09:19:04","guid":{"rendered":"https:\/\/schrittmacherfestival.nl\/co-laboration-2023\/"},"modified":"2023-03-16T09:45:09","modified_gmt":"2023-03-16T09:45:09","slug":"co-laboration-2023","status":"publish","type":"page","link":"https:\/\/schrittmacherfestival.nl\/de\/co-laboration-2023\/","title":{"rendered":"CO-LABORATION 2023"},"content":{"rendered":"\n<h1 class=\"has-black-color has-text-color wp-block-heading\" id=\"honey-eavis-greta-salgado-kudrass-phoebe-brack-nl-d-8\">Simon Bus i.Z.m. Alesya Dobysh, Alienated (Kelly Vanneste) &amp; Tanya Kupra<\/h1>\n\n<p><strong>Maanplein, Heerlen<\/strong><br\/><strong>Sa 18.03.2023<\/strong> + <strong>So 19.03.2023<\/strong><br\/><strong>Sa 16.00 Uhr | So 11.00 Uhr | So 14.00 Uhr  <\/strong><br\/><strong>von 8,- \u20ac<\/strong><\/p>\n\n<p><strong>Geschwister-Scholl-Gymnasium, Aachen<\/strong><br\/><strong>Sa 25.03. 2023<\/strong> + <strong>So 26.03. 2023<\/strong><br\/><strong>Sa 14.00 Uhr | Sa 17.00 Uhr | So 11.00 Uhr  <\/strong><br\/><strong>von 8,- \u20ac<\/strong><\/p>\n\n<figure class=\"wp-block-image alignwide size-large\"><img data-recalc-dims=\"1\" fetchpriority=\"high\" decoding=\"async\" width=\"640\" height=\"268\" src=\"https:\/\/i0.wp.com\/schrittmacherfestival.nl\/wp-content\/uploads\/2022\/12\/co-lab-scaled-e1671096822898-1024x428.webp?resize=640%2C268&#038;ssl=1\" alt=\"\" class=\"wp-image-5497\" srcset=\"https:\/\/i0.wp.com\/schrittmacherfestival.nl\/wp-content\/uploads\/2022\/12\/co-lab-scaled-e1671096822898.webp?resize=1024%2C428&amp;ssl=1 1024w, https:\/\/i0.wp.com\/schrittmacherfestival.nl\/wp-content\/uploads\/2022\/12\/co-lab-scaled-e1671096822898.webp?resize=300%2C125&amp;ssl=1 300w, https:\/\/i0.wp.com\/schrittmacherfestival.nl\/wp-content\/uploads\/2022\/12\/co-lab-scaled-e1671096822898.webp?resize=768%2C321&amp;ssl=1 768w, https:\/\/i0.wp.com\/schrittmacherfestival.nl\/wp-content\/uploads\/2022\/12\/co-lab-scaled-e1671096822898.webp?resize=31%2C13&amp;ssl=1 31w, https:\/\/i0.wp.com\/schrittmacherfestival.nl\/wp-content\/uploads\/2022\/12\/co-lab-scaled-e1671096822898.webp?w=1200&amp;ssl=1 1200w\" sizes=\"(max-width: 640px) 100vw, 640px\" \/><\/figure>\n<hr class=\"wp-block-separator has-css-opacity\"\/>\n\n<p><strong>Drei talentierte Performer aus der Euregio<\/strong><br\/>schrit_tmacher unterst\u00fctzt junge Tanz-Macher in ihrer Entwicklung. Das Festival l\u00e4dt regelm\u00e4\u00dfig talentierte T\u00e4nzer:innen und Choreograph:innen aus der Euregio ein, eine neue Produktion zu entwickeln. CO-Laboration 2023 \u00fcberrascht die \u00d6ffentlichkeit an zwei besonderen Orten: dem Geschwister Scholl Gymnasium in Aachen und dem Maanplein in Heerlen. Dieses Mal nicht wie in den vergangenen Jahre in drei unterschiedlichen Geb\u00e4uden, sondern an einem einzigen Standort, unter Nutzung der Gesamtr\u00e4umlichkeiten. Die drei Choreograph:innen zeigen drei vollst\u00e4ndig unterschiedliche Stile. <\/p>\n\n<p><br\/><strong>Sprungbrett<\/strong><br\/>Das Format Co-Laboration ist eine Gemeinschaftsproduktion von VIAZUID, ARTbewegt und schrit_tmacher, mit einer Beraterrolle f\u00fcr das Huis voor de Kunsten Limburg. Die Choreographie von Simon Bus \u2013 i.Z.m. Alesya Dobysh ist zudem eine Koproduktion mit den Nederlandse Dansdagen und IBE in het kader van het meerjarige samenwerkingsproject Wendbare Werkplaats. In den letzten Jahren haben wir unter anderem Arbeiten von Mami Izumi, Roshanak Morrowatian, Lin Verleger, Olga Blank, Jop Vermeesch, Hermann B\u00e4r sowie Patrizio Bucci und Luis Ricardo Pedraza Cedr\u00f3n (SALLY Dansgezelschap Maastricht) gezeigt. Alle diese Tanzschaffenden nutzten Co-Lab als Sprungbrett f\u00fcr ein gro\u00dfes Publikum.<\/p>\n\n<p>Dauer: ~ 60 min. ohne Pause <\/p>\n\n<hr class=\"wp-block-separator has-css-opacity\"\/>\n\n<div class=\"wp-block-buttons is-horizontal is-content-justification-center is-layout-flex wp-container-core-buttons-is-layout-499968f5 wp-block-buttons-is-layout-flex\">\n<div class=\"wp-block-button\"><a class=\"wp-block-button__link has-white-color has-black-background-color has-text-color has-background wp-element-button\" href=\"https:\/\/www.plt.nl\/bestel\/10277\" target=\"_blank\" rel=\"noreferrer noopener\"><strong>Tickets Sa 18.03<\/strong> <strong>16.00u<\/strong><\/a><\/div>\n\n\n\n<div class=\"wp-block-button\"><a class=\"wp-block-button__link has-white-color has-black-background-color has-text-color has-background wp-element-button\" href=\"https:\/\/www.plt.nl\/bestel\/10278\" target=\"_blank\" rel=\"noreferrer noopener\"><strong>Tickets So 19.03<\/strong> <strong>11.00u<\/strong><\/a><\/div>\n\n\n\n<div class=\"wp-block-button\"><a class=\"wp-block-button__link has-white-color has-black-background-color has-text-color has-background wp-element-button\" href=\"https:\/\/www.plt.nl\/bestel\/10279\" target=\"_blank\" rel=\"noreferrer noopener\"><strong>Tickets So 19.03<\/strong> <strong>14.00u<\/strong><\/a><\/div>\n\n\n\n<div class=\"wp-block-button\"><a class=\"wp-block-button__link has-white-color has-black-background-color has-text-color has-background wp-element-button\" href=\"https:\/\/www.plt.nl\/bestel\/10280\" target=\"_blank\" rel=\"noreferrer noopener\"><strong>Tickets Sa 25.03<\/strong> <strong>14.00u<\/strong><\/a><\/div>\n\n\n\n<div class=\"wp-block-button\"><a class=\"wp-block-button__link has-white-color has-black-background-color has-text-color has-background wp-element-button\" href=\"https:\/\/www.plt.nl\/bestel\/10281\" target=\"_blank\" rel=\"noreferrer noopener\"><strong>Tickets Sa 25.03<\/strong> <strong>17.00u<\/strong><\/a><\/div>\n\n\n\n<div class=\"wp-block-button\"><a class=\"wp-block-button__link has-white-color has-black-background-color has-text-color has-background wp-element-button\" href=\"https:\/\/www.plt.nl\/bestel\/10282\" target=\"_blank\" rel=\"noreferrer noopener\"><strong>Tickets So 26.03<\/strong> <strong>11.00u<\/strong><\/a><\/div>\n<\/div>\n\n<hr class=\"wp-block-separator has-css-opacity\"\/>\n\n<p><\/p>\n","protected":false},"excerpt":{"rendered":"<p>Simon Bus i.Z.m. Alesya Dobysh, Alienated (Kelly Vanneste) &amp; Tanya Kupra Maanplein, HeerlenSa 18.03.2023 + So 19.03.2023Sa 16.00 Uhr | So 11.00 Uhr | So 14.00 Uhr von 8,- \u20ac Geschwister-Scholl-Gymnasium, AachenSa 25.03. 2023 + So 26.03. 2023Sa 14.00 Uhr | Sa 17.00 Uhr | So 11.00 Uhr von 8,- \u20ac Drei talentierte Performer aus der Euregioschrit_tmacher unterst\u00fctzt junge Tanz-Macher [&hellip;]<\/p>\n","protected":false},"author":1,"featured_media":0,"parent":0,"menu_order":0,"comment_status":"closed","ping_status":"closed","template":"","meta":{"_acf_changed":false,"footnotes":""},"class_list":["post-5495","page","type-page","status-publish","hentry"],"aioseo_notices":[],"acf":[],"jetpack_sharing_enabled":true,"_links":{"self":[{"href":"https:\/\/schrittmacherfestival.nl\/de\/wp-json\/wp\/v2\/pages\/5495","targetHints":{"allow":["GET"]}}],"collection":[{"href":"https:\/\/schrittmacherfestival.nl\/de\/wp-json\/wp\/v2\/pages"}],"about":[{"href":"https:\/\/schrittmacherfestival.nl\/de\/wp-json\/wp\/v2\/types\/page"}],"author":[{"embeddable":true,"href":"https:\/\/schrittmacherfestival.nl\/de\/wp-json\/wp\/v2\/users\/1"}],"replies":[{"embeddable":true,"href":"https:\/\/schrittmacherfestival.nl\/de\/wp-json\/wp\/v2\/comments?post=5495"}],"version-history":[{"count":7,"href":"https:\/\/schrittmacherfestival.nl\/de\/wp-json\/wp\/v2\/pages\/5495\/revisions"}],"predecessor-version":[{"id":6579,"href":"https:\/\/schrittmacherfestival.nl\/de\/wp-json\/wp\/v2\/pages\/5495\/revisions\/6579"}],"wp:attachment":[{"href":"https:\/\/schrittmacherfestival.nl\/de\/wp-json\/wp\/v2\/media?parent=5495"}],"curies":[{"name":"wp","href":"https:\/\/api.w.org\/{rel}","templated":true}]}}

<h1 class="has-black-color has-text-color wp-block-heading" id="honey-eavis-greta-salgado-kudrass-phoebe-brack-nl-d-8">Simon Bus i.Z.m. Alesya Dobysh, Alienated (Kelly Vanneste) &amp; Tanya Kupra</h1>

<p><strong>Maanplein, Heerlen</strong><br/><strong>Sa 18.03.2023</strong> + <strong>So 19.03.2023</strong><br/><strong>Sa 16.00 Uhr | So 11.00 Uhr | So 14.00 Uhr  </strong><br/><strong>von 8,- €</strong></p>

<p><strong>Geschwister-Scholl-Gymnasium, Aachen</strong><br/><strong>Sa 25.03. 2023</strong> + <strong>So 26.03. 2023</strong><br/><strong>Sa 14.00 Uhr | Sa 17.00 Uhr | So 11.00 Uhr  </strong><br/><strong>von 8,- €</strong></p>

<figure class="wp-block-image alignwide size-large"><img data-recalc-dims="1" fetchpriority="high" decoding="async" width="640" height="268" src="https://i0.wp.com/schrittmacherfestival.nl/wp-content/uploads/2022/12/co-lab-scaled-e1671096822898-1024x428.webp?resize=640%2C268&#038;ssl=1" alt="" class="wp-image-5497" srcset="https://i0.wp.com/schrittmacherfestival.nl/wp-content/uploads/2022/12/co-lab-scaled-e1671096822898.webp?resize=1024%2C428&amp;ssl=1 1024w, https://i0.wp.com/schrittmacherfestival.nl/wp-content/uploads/2022/12/co-lab-scaled-e1671096822898.webp?resize=300%2C125&amp;ssl=1 300w, https://i0.wp.com/schrittmacherfestival.nl/wp-content/uploads/2022/12/co-lab-scaled-e1671096822898.webp?resize=768%2C321&amp;ssl=1 768w, https://i0.wp.com/schrittmacherfestival.nl/wp-content/uploads/2022/12/co-lab-scaled-e1671096822898.webp?resize=31%2C13&amp;ssl=1 31w, https://i0.wp.com/schrittmacherfestival.nl/wp-content/uploads/2022/12/co-lab-scaled-e1671096822898.webp?w=1200&amp;ssl=1 1200w" sizes="(max-width: 640px) 100vw, 640px" /></figure>
<hr class="wp-block-separator has-css-opacity"/>

<p><strong>Drei talentierte Performer aus der Euregio</strong><br/>schrit_tmacher unterstützt junge Tanz-Macher in ihrer Entwicklung. Das Festival lädt regelmäßig talentierte Tänzer:innen und Choreograph:innen aus der Euregio ein, eine neue Produktion zu entwickeln. CO-Laboration 2023 überrascht die Öffentlichkeit an zwei besonderen Orten: dem Geschwister Scholl Gymnasium in Aachen und dem Maanplein in Heerlen. Dieses Mal nicht wie in den vergangenen Jahre in drei unterschiedlichen Gebäuden, sondern an einem einzigen Standort, unter Nutzung der Gesamträumlichkeiten. Die drei Choreograph:innen zeigen drei vollständig unterschiedliche Stile. </p>

<p><br/><strong>Sprungbrett</strong><br/>Das Format Co-Laboration ist eine Gemeinschaftsproduktion von VIAZUID, ARTbewegt und schrit_tmacher, mit einer Beraterrolle für das Huis voor de Kunsten Limburg. Die Choreographie von Simon Bus – i.Z.m. Alesya Dobysh ist zudem eine Koproduktion mit den Nederlandse Dansdagen und IBE in het kader van het meerjarige samenwerkingsproject Wendbare Werkplaats. In den letzten Jahren haben wir unter anderem Arbeiten von Mami Izumi, Roshanak Morrowatian, Lin Verleger, Olga Blank, Jop Vermeesch, Hermann Bär sowie Patrizio Bucci und Luis Ricardo Pedraza Cedrón (SALLY Dansgezelschap Maastricht) gezeigt. Alle diese Tanzschaffenden nutzten Co-Lab als Sprungbrett für ein großes Publikum.</p>

<p>Dauer: ~ 60 min. ohne Pause </p>

<hr class="wp-block-separator has-css-opacity"/>

<div class="wp-block-buttons is-horizontal is-content-justification-center is-layout-flex wp-container-core-buttons-is-layout-499968f5 wp-block-buttons-is-layout-flex">
<div class="wp-block-button"><a class="wp-block-button__link has-white-color has-black-background-color has-text-color has-background wp-element-button" href="https://www.plt.nl/bestel/10277" target="_blank" rel="noreferrer noopener"><strong>Tickets Sa 18.03</strong> <strong>16.00u</strong></a></div>



<div class="wp-block-button"><a class="wp-block-button__link has-white-color has-black-background-color has-text-color has-background wp-element-button" href="https://www.plt.nl/bestel/10278" target="_blank" rel="noreferrer noopener"><strong>Tickets So 19.03</strong> <strong>11.00u</strong></a></div>



<div class="wp-block-button"><a class="wp-block-button__link has-white-color has-black-background-color has-text-color has-background wp-element-button" href="https://www.plt.nl/bestel/10279" target="_blank" rel="noreferrer noopener"><strong>Tickets So 19.03</strong> <strong>14.00u</strong></a></div>



<div class="wp-block-button"><a class="wp-block-button__link has-white-color has-black-background-color has-text-color has-background wp-element-button" href="https://www.plt.nl/bestel/10280" target="_blank" rel="noreferrer noopener"><strong>Tickets Sa 25.03</strong> <strong>14.00u</strong></a></div>



<div class="wp-block-button"><a class="wp-block-button__link has-white-color has-black-background-color has-text-color has-background wp-element-button" href="https://www.plt.nl/bestel/10281" target="_blank" rel="noreferrer noopener"><strong>Tickets Sa 25.03</strong> <strong>17.00u</strong></a></div>



<div class="wp-block-button"><a class="wp-block-button__link has-white-color has-black-background-color has-text-color has-background wp-element-button" href="https://www.plt.nl/bestel/10282" target="_blank" rel="noreferrer noopener"><strong>Tickets So 26.03</strong> <strong>11.00u</strong></a></div>
</div>

<hr class="wp-block-separator has-css-opacity"/>

<p></p>

<p>Simon Bus i.Z.m. Alesya Dobysh, Alienated (Kelly Vanneste) &amp; Tanya Kupra Maanplein, HeerlenSa 18.03.2023 + So 19.03.2023Sa 16.00 Uhr | So 11.00 Uhr | So 14.00 Uhr von 8,- € Geschwister-Scholl-Gymnasium, AachenSa 25.03. 2023 + So 26.03. 2023Sa 14.00 Uhr | Sa 17.00 Uhr | So 11.00 Uhr von 8,- € Drei talentierte Performer aus der Euregioschrit_tmacher unterstützt junge Tanz-Macher [&hellip;]</p>
