{"id":5566,"date":"2022-12-15T13:37:43","date_gmt":"2022-12-15T13:37:43","guid":{"rendered":"https:\/\/schrittmacherfestival.nl\/panorama-heerlen\/"},"modified":"2023-02-10T08:16:40","modified_gmt":"2023-02-10T08:16:40","slug":"panorama-heerlen","status":"publish","type":"page","link":"https:\/\/schrittmacherfestival.nl\/de\/panorama-heerlen\/","title":{"rendered":"PANORAMA HEERLEN"},"content":{"rendered":"\n<h1 class=\"has-black-color has-text-color wp-block-heading\" id=\"hofesh-shechter-company-gbr\">Ein dynamischer Blick auf eine lebendige Stadt. <\/h1>\n\n<p><strong>Startpunkt Maanplein 51 Heerlen<\/strong>. <strong>Verschiedene Orte in der Innenstadt von Heerlen<\/strong>.<br\/><strong>Fr 03.03.2023 + Sa 04.03.2023 + So 05.03.2023 + Fr 10.03.2023<\/strong> <strong>+ Sa 11.03.2023<\/strong><br\/><strong>13.30 und\/oder 19.30 Uhr<\/strong><br\/><strong>Eintritt frei<\/strong><\/p>\n\n<figure class=\"wp-block-image alignwide size-large\"><img data-recalc-dims=\"1\" fetchpriority=\"high\" decoding=\"async\" width=\"640\" height=\"268\" src=\"https:\/\/i0.wp.com\/schrittmacherfestival.nl\/wp-content\/uploads\/2022\/12\/Sidewalk-Panorama-Heerlen-foto-Jonathan-Widdershoven-bewerking-Rob-Birza-1-scaled-e1671111435885-1024x428.webp?resize=640%2C268&#038;ssl=1\" alt=\"\" class=\"wp-image-5563\" srcset=\"https:\/\/i0.wp.com\/schrittmacherfestival.nl\/wp-content\/uploads\/2022\/12\/Sidewalk-Panorama-Heerlen-foto-Jonathan-Widdershoven-bewerking-Rob-Birza-1-scaled-e1671111435885.webp?resize=1024%2C428&amp;ssl=1 1024w, https:\/\/i0.wp.com\/schrittmacherfestival.nl\/wp-content\/uploads\/2022\/12\/Sidewalk-Panorama-Heerlen-foto-Jonathan-Widdershoven-bewerking-Rob-Birza-1-scaled-e1671111435885.webp?resize=300%2C125&amp;ssl=1 300w, https:\/\/i0.wp.com\/schrittmacherfestival.nl\/wp-content\/uploads\/2022\/12\/Sidewalk-Panorama-Heerlen-foto-Jonathan-Widdershoven-bewerking-Rob-Birza-1-scaled-e1671111435885.webp?resize=768%2C321&amp;ssl=1 768w, https:\/\/i0.wp.com\/schrittmacherfestival.nl\/wp-content\/uploads\/2022\/12\/Sidewalk-Panorama-Heerlen-foto-Jonathan-Widdershoven-bewerking-Rob-Birza-1-scaled-e1671111435885.webp?resize=31%2C13&amp;ssl=1 31w, https:\/\/i0.wp.com\/schrittmacherfestival.nl\/wp-content\/uploads\/2022\/12\/Sidewalk-Panorama-Heerlen-foto-Jonathan-Widdershoven-bewerking-Rob-Birza-1-scaled-e1671111435885.webp?w=1200&amp;ssl=1 1200w\" sizes=\"(max-width: 640px) 100vw, 640px\" \/><\/figure>\n<hr class=\"wp-block-separator has-css-opacity\"\/>\n\n<p>Begeben Sie sich mit uns auf Erkundungstour durch die Stadt. Auf Einladung bringen mehrere K\u00fcnstler*innen Sie an Orte, die sie beeinflusst oder inspiriert haben. Sie werden auch unruhige Stadtviertel kennen lernen, in denen die ausgelassenen, deutlich sichtbaren Aktionen der K\u00fcnstler*innen einen Gegensatz zum verborgenen Leben hinter geschlossenen Gardinen bilden. Panorama und Portr\u00e4t, Atmosph\u00e4re und Gem\u00fctszustand, Abstand und N\u00e4he, Bild und Tanz wechseln sich ab und bilden so das Leben auf der Stra\u00dfe ab. Die Sch\u00f6nheit des Modernismus lebt in der Stadt weiter, wie sie sich heute zeigt. <\/p>\n\n<p>Stimmen der Optimismus und der Glaube an die Zukunft von damals noch mit dem Leben von heute \u00fcberein? Ansprechende wei\u00dfe T\u00fcrme und bunte Figuren in wundersamen Wagen, im Pulk fahrende Fahrradkuriere, und der L\u00e4rm der vollen Bierg\u00e4rten, Gesch\u00e4fte in der Passage, Kirchenglocken und Bereitschaftspolizei im Gespr\u00e4ch mit Kneipeng\u00e4sten. Wie sehen die Einwohner*innen von Heerlen ihre Stadt und was sehen Menschen von au\u00dferhalb?<br\/>Ein animierter Rundgang durch die alte Bergbaustadt.<\/p>\n\n<p>UIT DE TOON VALLEN &#8211; die innere Landschaft des anderen (eine Fotoserie, 2022-23) von der Fotografin und ehemaligen Scapino-T\u00e4nzerin Bryndis Brynjolfsdottir sowie dem Ausstellungsbauer und Autor Mark Kremer. <br\/>DAN MAAR DE LUCHT IN: von und mit HFC Dansstudio-Joey Berger, Luc Arnoldussen, dem Fotografen Luc Lodder und der kulturellen Brutst\u00e4tte OUTPOET<br\/>Unter Mitwirkung von Suzanna Jansen (Autorin von \u201eHet Pauperparadijs\u201c (Das Paradies der Armen) und \u201eDe omwenteling of de eeuw van de vrouw\u201c (Der Umbruch oder das Jahrhundert der Frau).<\/p>\n\n<hr class=\"wp-block-separator has-css-opacity\"\/>\n\n<div class=\"wp-block-buttons is-content-justification-center is-layout-flex wp-container-core-buttons-is-layout-64b26803 wp-block-buttons-is-layout-flex\">\n<div class=\"wp-block-button aligncenter\"><a class=\"wp-block-button__link has-white-color has-black-background-color has-text-color has-background wp-element-button\" href=\"https:\/\/www.plt.nl\/bestel\/10287\" target=\"_blank\" rel=\"noreferrer noopener\"><strong>Tickets Fr 03.03 19.30u<\/strong><\/a><\/div>\n\n\n\n<div class=\"wp-block-button aligncenter\"><a class=\"wp-block-button__link has-white-color has-black-background-color has-text-color has-background wp-element-button\" href=\"https:\/\/www.plt.nl\/bestel\/10288\" target=\"_blank\" rel=\"noreferrer noopener\"><strong>Tickets Sa 04.03 13.30u<\/strong><\/a><\/div>\n\n\n\n<div class=\"wp-block-button aligncenter\"><a class=\"wp-block-button__link has-white-color has-black-background-color has-text-color has-background wp-element-button\" href=\"https:\/\/www.plt.nl\/bestel\/10291\" target=\"_blank\" rel=\"noreferrer noopener\"><strong>Tickets So 05.03 13.30u<\/strong><\/a><\/div>\n\n\n\n<div class=\"wp-block-button aligncenter\"><a class=\"wp-block-button__link has-white-color has-black-background-color has-text-color has-background wp-element-button\" href=\"https:\/\/www.plt.nl\/bestel\/10290\" target=\"_blank\" rel=\"noreferrer noopener\"><strong>Tickets Fr 10.03 19.30u<\/strong><\/a><\/div>\n\n\n\n<div class=\"wp-block-button aligncenter\"><a class=\"wp-block-button__link has-white-color has-black-background-color has-text-color has-background wp-element-button\" href=\"https:\/\/www.plt.nl\/bestel\/10289\" target=\"_blank\" rel=\"noreferrer noopener\"><strong>Tickets Sa 11.03 13.30u<\/strong><\/a><\/div>\n<\/div>\n\n<hr class=\"wp-block-separator has-css-opacity\"\/>\n\n<figure class=\"wp-block-gallery has-nested-images columns-default is-cropped wp-block-gallery-1 is-layout-flex wp-block-gallery-is-layout-flex\">\n<figure class=\"wp-block-image size-large\"><img data-recalc-dims=\"1\" decoding=\"async\" width=\"640\" height=\"427\" data-id=\"5556\" src=\"https:\/\/i0.wp.com\/schrittmacherfestival.nl\/wp-content\/uploads\/2022\/12\/Sidewalk-Panorama-Heerlen-foto-Jonathan-Widdershoven-bewerking-Rob-Birza.jpg?resize=640%2C427&#038;ssl=1\" alt=\"\" class=\"wp-image-5556\" srcset=\"https:\/\/i0.wp.com\/schrittmacherfestival.nl\/wp-content\/uploads\/2022\/12\/Sidewalk-Panorama-Heerlen-foto-Jonathan-Widdershoven-bewerking-Rob-Birza-scaled.jpg?resize=1024%2C683&amp;ssl=1 1024w, https:\/\/i0.wp.com\/schrittmacherfestival.nl\/wp-content\/uploads\/2022\/12\/Sidewalk-Panorama-Heerlen-foto-Jonathan-Widdershoven-bewerking-Rob-Birza-scaled.jpg?resize=300%2C200&amp;ssl=1 300w, https:\/\/i0.wp.com\/schrittmacherfestival.nl\/wp-content\/uploads\/2022\/12\/Sidewalk-Panorama-Heerlen-foto-Jonathan-Widdershoven-bewerking-Rob-Birza-scaled.jpg?resize=768%2C512&amp;ssl=1 768w, https:\/\/i0.wp.com\/schrittmacherfestival.nl\/wp-content\/uploads\/2022\/12\/Sidewalk-Panorama-Heerlen-foto-Jonathan-Widdershoven-bewerking-Rob-Birza-scaled.jpg?resize=1536%2C1024&amp;ssl=1 1536w, https:\/\/i0.wp.com\/schrittmacherfestival.nl\/wp-content\/uploads\/2022\/12\/Sidewalk-Panorama-Heerlen-foto-Jonathan-Widdershoven-bewerking-Rob-Birza-scaled.jpg?resize=2048%2C1365&amp;ssl=1 2048w, https:\/\/i0.wp.com\/schrittmacherfestival.nl\/wp-content\/uploads\/2022\/12\/Sidewalk-Panorama-Heerlen-foto-Jonathan-Widdershoven-bewerking-Rob-Birza-scaled.jpg?resize=600%2C400&amp;ssl=1 600w, https:\/\/i0.wp.com\/schrittmacherfestival.nl\/wp-content\/uploads\/2022\/12\/Sidewalk-Panorama-Heerlen-foto-Jonathan-Widdershoven-bewerking-Rob-Birza-scaled.jpg?resize=31%2C21&amp;ssl=1 31w, https:\/\/i0.wp.com\/schrittmacherfestival.nl\/wp-content\/uploads\/2022\/12\/Sidewalk-Panorama-Heerlen-foto-Jonathan-Widdershoven-bewerking-Rob-Birza-scaled.jpg?w=1280&amp;ssl=1 1280w, https:\/\/i0.wp.com\/schrittmacherfestival.nl\/wp-content\/uploads\/2022\/12\/Sidewalk-Panorama-Heerlen-foto-Jonathan-Widdershoven-bewerking-Rob-Birza-scaled.jpg?w=1920&amp;ssl=1 1920w\" sizes=\"(max-width: 640px) 100vw, 640px\" \/><\/figure><\/figure>\n\n<hr class=\"wp-block-separator has-css-opacity\"\/>\n","protected":false},"excerpt":{"rendered":"<p>Ein dynamischer Blick auf eine lebendige Stadt. Startpunkt Maanplein 51 Heerlen. Verschiedene Orte in der Innenstadt von Heerlen.Fr 03.03.2023 + Sa 04.03.2023 + So 05.03.2023 + Fr 10.03.2023 + Sa 11.03.202313.30 und\/oder 19.30 UhrEintritt frei Begeben Sie sich mit uns auf Erkundungstour durch die Stadt. Auf Einladung bringen mehrere K\u00fcnstler*innen Sie an Orte, die sie beeinflusst oder inspiriert haben. Sie [&hellip;]<\/p>\n","protected":false},"author":1,"featured_media":0,"parent":0,"menu_order":0,"comment_status":"closed","ping_status":"closed","template":"","meta":{"_acf_changed":false,"footnotes":""},"class_list":["post-5566","page","type-page","status-publish","hentry"],"aioseo_notices":[],"acf":[],"jetpack_sharing_enabled":true,"_links":{"self":[{"href":"https:\/\/schrittmacherfestival.nl\/de\/wp-json\/wp\/v2\/pages\/5566","targetHints":{"allow":["GET"]}}],"collection":[{"href":"https:\/\/schrittmacherfestival.nl\/de\/wp-json\/wp\/v2\/pages"}],"about":[{"href":"https:\/\/schrittmacherfestival.nl\/de\/wp-json\/wp\/v2\/types\/page"}],"author":[{"embeddable":true,"href":"https:\/\/schrittmacherfestival.nl\/de\/wp-json\/wp\/v2\/users\/1"}],"replies":[{"embeddable":true,"href":"https:\/\/schrittmacherfestival.nl\/de\/wp-json\/wp\/v2\/comments?post=5566"}],"version-history":[{"count":7,"href":"https:\/\/schrittmacherfestival.nl\/de\/wp-json\/wp\/v2\/pages\/5566\/revisions"}],"predecessor-version":[{"id":6434,"href":"https:\/\/schrittmacherfestival.nl\/de\/wp-json\/wp\/v2\/pages\/5566\/revisions\/6434"}],"wp:attachment":[{"href":"https:\/\/schrittmacherfestival.nl\/de\/wp-json\/wp\/v2\/media?parent=5566"}],"curies":[{"name":"wp","href":"https:\/\/api.w.org\/{rel}","templated":true}]}}

<h1 class="has-black-color has-text-color wp-block-heading" id="hofesh-shechter-company-gbr">Ein dynamischer Blick auf eine lebendige Stadt. </h1>

<p><strong>Startpunkt Maanplein 51 Heerlen</strong>. <strong>Verschiedene Orte in der Innenstadt von Heerlen</strong>.<br/><strong>Fr 03.03.2023 + Sa 04.03.2023 + So 05.03.2023 + Fr 10.03.2023</strong> <strong>+ Sa 11.03.2023</strong><br/><strong>13.30 und/oder 19.30 Uhr</strong><br/><strong>Eintritt frei</strong></p>

<figure class="wp-block-image alignwide size-large"><img data-recalc-dims="1" fetchpriority="high" decoding="async" width="640" height="268" src="https://i0.wp.com/schrittmacherfestival.nl/wp-content/uploads/2022/12/Sidewalk-Panorama-Heerlen-foto-Jonathan-Widdershoven-bewerking-Rob-Birza-1-scaled-e1671111435885-1024x428.webp?resize=640%2C268&#038;ssl=1" alt="" class="wp-image-5563" srcset="https://i0.wp.com/schrittmacherfestival.nl/wp-content/uploads/2022/12/Sidewalk-Panorama-Heerlen-foto-Jonathan-Widdershoven-bewerking-Rob-Birza-1-scaled-e1671111435885.webp?resize=1024%2C428&amp;ssl=1 1024w, https://i0.wp.com/schrittmacherfestival.nl/wp-content/uploads/2022/12/Sidewalk-Panorama-Heerlen-foto-Jonathan-Widdershoven-bewerking-Rob-Birza-1-scaled-e1671111435885.webp?resize=300%2C125&amp;ssl=1 300w, https://i0.wp.com/schrittmacherfestival.nl/wp-content/uploads/2022/12/Sidewalk-Panorama-Heerlen-foto-Jonathan-Widdershoven-bewerking-Rob-Birza-1-scaled-e1671111435885.webp?resize=768%2C321&amp;ssl=1 768w, https://i0.wp.com/schrittmacherfestival.nl/wp-content/uploads/2022/12/Sidewalk-Panorama-Heerlen-foto-Jonathan-Widdershoven-bewerking-Rob-Birza-1-scaled-e1671111435885.webp?resize=31%2C13&amp;ssl=1 31w, https://i0.wp.com/schrittmacherfestival.nl/wp-content/uploads/2022/12/Sidewalk-Panorama-Heerlen-foto-Jonathan-Widdershoven-bewerking-Rob-Birza-1-scaled-e1671111435885.webp?w=1200&amp;ssl=1 1200w" sizes="(max-width: 640px) 100vw, 640px" /></figure>
<hr class="wp-block-separator has-css-opacity"/>

<p>Begeben Sie sich mit uns auf Erkundungstour durch die Stadt. Auf Einladung bringen mehrere Künstler*innen Sie an Orte, die sie beeinflusst oder inspiriert haben. Sie werden auch unruhige Stadtviertel kennen lernen, in denen die ausgelassenen, deutlich sichtbaren Aktionen der Künstler*innen einen Gegensatz zum verborgenen Leben hinter geschlossenen Gardinen bilden. Panorama und Porträt, Atmosphäre und Gemütszustand, Abstand und Nähe, Bild und Tanz wechseln sich ab und bilden so das Leben auf der Straße ab. Die Schönheit des Modernismus lebt in der Stadt weiter, wie sie sich heute zeigt. </p>

<p>Stimmen der Optimismus und der Glaube an die Zukunft von damals noch mit dem Leben von heute überein? Ansprechende weiße Türme und bunte Figuren in wundersamen Wagen, im Pulk fahrende Fahrradkuriere, und der Lärm der vollen Biergärten, Geschäfte in der Passage, Kirchenglocken und Bereitschaftspolizei im Gespräch mit Kneipengästen. Wie sehen die Einwohner*innen von Heerlen ihre Stadt und was sehen Menschen von außerhalb?<br/>Ein animierter Rundgang durch die alte Bergbaustadt.</p>

<p>UIT DE TOON VALLEN &#8211; die innere Landschaft des anderen (eine Fotoserie, 2022-23) von der Fotografin und ehemaligen Scapino-Tänzerin Bryndis Brynjolfsdottir sowie dem Ausstellungsbauer und Autor Mark Kremer. <br/>DAN MAAR DE LUCHT IN: von und mit HFC Dansstudio-Joey Berger, Luc Arnoldussen, dem Fotografen Luc Lodder und der kulturellen Brutstätte OUTPOET<br/>Unter Mitwirkung von Suzanna Jansen (Autorin von „Het Pauperparadijs“ (Das Paradies der Armen) und „De omwenteling of de eeuw van de vrouw“ (Der Umbruch oder das Jahrhundert der Frau).</p>

<hr class="wp-block-separator has-css-opacity"/>

<div class="wp-block-buttons is-content-justification-center is-layout-flex wp-container-core-buttons-is-layout-64b26803 wp-block-buttons-is-layout-flex">
<div class="wp-block-button aligncenter"><a class="wp-block-button__link has-white-color has-black-background-color has-text-color has-background wp-element-button" href="https://www.plt.nl/bestel/10287" target="_blank" rel="noreferrer noopener"><strong>Tickets Fr 03.03 19.30u</strong></a></div>



<div class="wp-block-button aligncenter"><a class="wp-block-button__link has-white-color has-black-background-color has-text-color has-background wp-element-button" href="https://www.plt.nl/bestel/10288" target="_blank" rel="noreferrer noopener"><strong>Tickets Sa 04.03 13.30u</strong></a></div>



<div class="wp-block-button aligncenter"><a class="wp-block-button__link has-white-color has-black-background-color has-text-color has-background wp-element-button" href="https://www.plt.nl/bestel/10291" target="_blank" rel="noreferrer noopener"><strong>Tickets So 05.03 13.30u</strong></a></div>



<div class="wp-block-button aligncenter"><a class="wp-block-button__link has-white-color has-black-background-color has-text-color has-background wp-element-button" href="https://www.plt.nl/bestel/10290" target="_blank" rel="noreferrer noopener"><strong>Tickets Fr 10.03 19.30u</strong></a></div>



<div class="wp-block-button aligncenter"><a class="wp-block-button__link has-white-color has-black-background-color has-text-color has-background wp-element-button" href="https://www.plt.nl/bestel/10289" target="_blank" rel="noreferrer noopener"><strong>Tickets Sa 11.03 13.30u</strong></a></div>
</div>

<hr class="wp-block-separator has-css-opacity"/>

<figure class="wp-block-gallery has-nested-images columns-default is-cropped wp-block-gallery-1 is-layout-flex wp-block-gallery-is-layout-flex">
<figure class="wp-block-image size-large"><img data-recalc-dims="1" decoding="async" width="640" height="427" data-id="5556" src="https://i0.wp.com/schrittmacherfestival.nl/wp-content/uploads/2022/12/Sidewalk-Panorama-Heerlen-foto-Jonathan-Widdershoven-bewerking-Rob-Birza.jpg?resize=640%2C427&#038;ssl=1" alt="" class="wp-image-5556" srcset="https://i0.wp.com/schrittmacherfestival.nl/wp-content/uploads/2022/12/Sidewalk-Panorama-Heerlen-foto-Jonathan-Widdershoven-bewerking-Rob-Birza-scaled.jpg?resize=1024%2C683&amp;ssl=1 1024w, https://i0.wp.com/schrittmacherfestival.nl/wp-content/uploads/2022/12/Sidewalk-Panorama-Heerlen-foto-Jonathan-Widdershoven-bewerking-Rob-Birza-scaled.jpg?resize=300%2C200&amp;ssl=1 300w, https://i0.wp.com/schrittmacherfestival.nl/wp-content/uploads/2022/12/Sidewalk-Panorama-Heerlen-foto-Jonathan-Widdershoven-bewerking-Rob-Birza-scaled.jpg?resize=768%2C512&amp;ssl=1 768w, https://i0.wp.com/schrittmacherfestival.nl/wp-content/uploads/2022/12/Sidewalk-Panorama-Heerlen-foto-Jonathan-Widdershoven-bewerking-Rob-Birza-scaled.jpg?resize=1536%2C1024&amp;ssl=1 1536w, https://i0.wp.com/schrittmacherfestival.nl/wp-content/uploads/2022/12/Sidewalk-Panorama-Heerlen-foto-Jonathan-Widdershoven-bewerking-Rob-Birza-scaled.jpg?resize=2048%2C1365&amp;ssl=1 2048w, https://i0.wp.com/schrittmacherfestival.nl/wp-content/uploads/2022/12/Sidewalk-Panorama-Heerlen-foto-Jonathan-Widdershoven-bewerking-Rob-Birza-scaled.jpg?resize=600%2C400&amp;ssl=1 600w, https://i0.wp.com/schrittmacherfestival.nl/wp-content/uploads/2022/12/Sidewalk-Panorama-Heerlen-foto-Jonathan-Widdershoven-bewerking-Rob-Birza-scaled.jpg?resize=31%2C21&amp;ssl=1 31w, https://i0.wp.com/schrittmacherfestival.nl/wp-content/uploads/2022/12/Sidewalk-Panorama-Heerlen-foto-Jonathan-Widdershoven-bewerking-Rob-Birza-scaled.jpg?w=1280&amp;ssl=1 1280w, https://i0.wp.com/schrittmacherfestival.nl/wp-content/uploads/2022/12/Sidewalk-Panorama-Heerlen-foto-Jonathan-Widdershoven-bewerking-Rob-Birza-scaled.jpg?w=1920&amp;ssl=1 1920w" sizes="(max-width: 640px) 100vw, 640px" /></figure></figure>

<hr class="wp-block-separator has-css-opacity"/>

<p>Ein dynamischer Blick auf eine lebendige Stadt. Startpunkt Maanplein 51 Heerlen. Verschiedene Orte in der Innenstadt von Heerlen.Fr 03.03.2023 + Sa 04.03.2023 + So 05.03.2023 + Fr 10.03.2023 + Sa 11.03.202313.30 und/oder 19.30 UhrEintritt frei Begeben Sie sich mit uns auf Erkundungstour durch die Stadt. Auf Einladung bringen mehrere Künstler*innen Sie an Orte, die sie beeinflusst oder inspiriert haben. Sie [&hellip;]</p>
