{"id":5591,"date":"2022-12-15T17:41:18","date_gmt":"2022-12-15T17:41:18","guid":{"rendered":"https:\/\/schrittmacherfestival.nl\/sidewalk-spaces-4\/"},"modified":"2023-03-10T07:42:50","modified_gmt":"2023-03-10T07:42:50","slug":"sidewalk-spaces-4","status":"publish","type":"page","link":"https:\/\/schrittmacherfestival.nl\/de\/sidewalk-spaces-4\/","title":{"rendered":"SIDEWALK (S)PACES"},"content":{"rendered":"\n<h1 class=\"has-black-color has-text-color wp-block-heading\" id=\"hofesh-shechter-company-gbr\"><\/h1>\n\n<p><strong>Startpunkt Maanplein 51 Heerlen<\/strong>. <strong>Innenstadt Heerlen<\/strong><br\/><strong>Sa 11.03.2023<\/strong> <strong>+ So 12.03.2023<\/strong><br\/><strong>16.00  Uhr (Sa) + 14.00 Uhr (So) <\/strong><br\/><strong>Eintritt frei<\/strong><\/p>\n\n<figure class=\"wp-block-image alignwide size-large\"><img data-recalc-dims=\"1\" fetchpriority=\"high\" decoding=\"async\" width=\"640\" height=\"268\" src=\"https:\/\/i0.wp.com\/schrittmacherfestival.nl\/wp-content\/uploads\/2022\/12\/Sidewalk-Spaces-foto-Luc-Lodder-bewerking-Rob-Birza-1-scaled-e1671126009376-1024x428.webp?resize=640%2C268&#038;ssl=1\" alt=\"\" class=\"wp-image-5586\" srcset=\"https:\/\/i0.wp.com\/schrittmacherfestival.nl\/wp-content\/uploads\/2022\/12\/Sidewalk-Spaces-foto-Luc-Lodder-bewerking-Rob-Birza-1-scaled-e1671126009376.webp?resize=1024%2C428&amp;ssl=1 1024w, https:\/\/i0.wp.com\/schrittmacherfestival.nl\/wp-content\/uploads\/2022\/12\/Sidewalk-Spaces-foto-Luc-Lodder-bewerking-Rob-Birza-1-scaled-e1671126009376.webp?resize=300%2C125&amp;ssl=1 300w, https:\/\/i0.wp.com\/schrittmacherfestival.nl\/wp-content\/uploads\/2022\/12\/Sidewalk-Spaces-foto-Luc-Lodder-bewerking-Rob-Birza-1-scaled-e1671126009376.webp?resize=768%2C321&amp;ssl=1 768w, https:\/\/i0.wp.com\/schrittmacherfestival.nl\/wp-content\/uploads\/2022\/12\/Sidewalk-Spaces-foto-Luc-Lodder-bewerking-Rob-Birza-1-scaled-e1671126009376.webp?resize=31%2C13&amp;ssl=1 31w, https:\/\/i0.wp.com\/schrittmacherfestival.nl\/wp-content\/uploads\/2022\/12\/Sidewalk-Spaces-foto-Luc-Lodder-bewerking-Rob-Birza-1-scaled-e1671126009376.webp?w=1200&amp;ssl=1 1200w\" sizes=\"(max-width: 640px) 100vw, 640px\" \/><\/figure>\n<hr class=\"wp-block-separator has-css-opacity\"\/>\n\n<p>K\u00fcnstler*innen haben die Gabe, neue R\u00e4ume zu entdecken und zu untersuchen, sich anzueignen und zu nutzen. Bei SIDEWALK (S)PACES verwandeln die professionellen Tanzk\u00fcnstlerinnen Chiara Monteverde, Audrey Apers und Emilie Gallier und die bildenden K\u00fcnstler*innen Thomas Swinkels, Nina Boas und Nienke Terpsma unter der Leitung der Dozentinnen Meta Knol und Debra Solomon leere Gesch\u00e4ftsr\u00e4ume und andere \u00f6ffentliche Orte in Heerlen in eine lebendige Tanzkulisse. Die Tanzk\u00fcnstlerinnen und bildende K\u00fcnstler*innen finden zueinander in einer verletzlichen, vor\u00fcbergehenden und k\u00fchnen Aktion, die Fragen \u00fcber K\u00f6rperlichkeit und Raum, \u00fcber Menschsein, Pr\u00e4senz und Interaktion aufwirft.<\/p>\n\n<p> <\/p>\n\n<hr class=\"wp-block-separator has-css-opacity\"\/>\n\n<div class=\"wp-block-buttons is-content-justification-center is-layout-flex wp-container-core-buttons-is-layout-64b26803 wp-block-buttons-is-layout-flex\">\n<div class=\"wp-block-button aligncenter\"><a class=\"wp-block-button__link has-white-color has-black-background-color has-text-color has-background wp-element-button\" href=\"https:\/\/www.plt.nl\/bestel\/10292\" target=\"_blank\" rel=\"noreferrer noopener\"><strong>Tickets Sa 11.03 16.00u<\/strong><\/a><\/div>\n\n\n\n<div class=\"wp-block-button aligncenter\"><a class=\"wp-block-button__link has-white-color has-black-background-color has-text-color has-background wp-element-button\" href=\"https:\/\/www.plt.nl\/bestel\/10293\" target=\"_blank\" rel=\"noreferrer noopener\"><strong>Tickets So 12.03 14.00u<\/strong><\/a><\/div>\n<\/div>\n\n<hr class=\"wp-block-separator has-css-opacity\"\/>\n\n<p> <\/p>\n\n<p> <\/p>\n\n<p> <\/p>\n\n<p> <\/p>\n\n<p> <\/p>\n\n<p> <\/p>\n\n<p> <\/p>\n\n<p> <\/p>\n\n<p> <\/p>\n\n<p> <\/p>\n\n<p> <\/p>\n\n<hr class=\"wp-block-separator has-css-opacity\"\/>\n\n<p> <\/p>\n\n<p> <\/p>\n\n<p> <\/p>\n\n<p> <\/p>\n\n<p> <\/p>\n\n<p> <\/p>\n\n<p> <\/p>\n\n<p> <\/p>\n\n<p> <\/p>\n\n<hr class=\"wp-block-separator has-css-opacity\"\/>\n\n<p> <\/p>\n\n<p> <\/p>\n\n<p> <\/p>\n\n<p> <\/p>\n\n<p> <\/p>\n\n<p> <\/p>\n\n<p> <\/p>\n\n<hr class=\"wp-block-separator has-css-opacity\"\/>\n\n<figure class=\"wp-block-gallery has-nested-images columns-default is-cropped wp-block-gallery-1 is-layout-flex wp-block-gallery-is-layout-flex\">\n<figure class=\"wp-block-image size-large\"><img data-recalc-dims=\"1\" decoding=\"async\" width=\"640\" height=\"427\" data-id=\"5581\" src=\"https:\/\/i0.wp.com\/schrittmacherfestival.nl\/wp-content\/uploads\/2022\/12\/Sidewalk-Spaces-foto-Luc-Lodder-bewerking-Rob-Birza.jpg?resize=640%2C427&#038;ssl=1\" alt=\"\" class=\"wp-image-5581\" srcset=\"https:\/\/i0.wp.com\/schrittmacherfestival.nl\/wp-content\/uploads\/2022\/12\/Sidewalk-Spaces-foto-Luc-Lodder-bewerking-Rob-Birza-scaled.jpg?resize=1024%2C683&amp;ssl=1 1024w, https:\/\/i0.wp.com\/schrittmacherfestival.nl\/wp-content\/uploads\/2022\/12\/Sidewalk-Spaces-foto-Luc-Lodder-bewerking-Rob-Birza-scaled.jpg?resize=300%2C200&amp;ssl=1 300w, https:\/\/i0.wp.com\/schrittmacherfestival.nl\/wp-content\/uploads\/2022\/12\/Sidewalk-Spaces-foto-Luc-Lodder-bewerking-Rob-Birza-scaled.jpg?resize=768%2C512&amp;ssl=1 768w, https:\/\/i0.wp.com\/schrittmacherfestival.nl\/wp-content\/uploads\/2022\/12\/Sidewalk-Spaces-foto-Luc-Lodder-bewerking-Rob-Birza-scaled.jpg?resize=1536%2C1024&amp;ssl=1 1536w, https:\/\/i0.wp.com\/schrittmacherfestival.nl\/wp-content\/uploads\/2022\/12\/Sidewalk-Spaces-foto-Luc-Lodder-bewerking-Rob-Birza-scaled.jpg?resize=2048%2C1365&amp;ssl=1 2048w, https:\/\/i0.wp.com\/schrittmacherfestival.nl\/wp-content\/uploads\/2022\/12\/Sidewalk-Spaces-foto-Luc-Lodder-bewerking-Rob-Birza-scaled.jpg?resize=600%2C400&amp;ssl=1 600w, https:\/\/i0.wp.com\/schrittmacherfestival.nl\/wp-content\/uploads\/2022\/12\/Sidewalk-Spaces-foto-Luc-Lodder-bewerking-Rob-Birza-scaled.jpg?resize=31%2C21&amp;ssl=1 31w, https:\/\/i0.wp.com\/schrittmacherfestival.nl\/wp-content\/uploads\/2022\/12\/Sidewalk-Spaces-foto-Luc-Lodder-bewerking-Rob-Birza-scaled.jpg?w=1280&amp;ssl=1 1280w, https:\/\/i0.wp.com\/schrittmacherfestival.nl\/wp-content\/uploads\/2022\/12\/Sidewalk-Spaces-foto-Luc-Lodder-bewerking-Rob-Birza-scaled.jpg?w=1920&amp;ssl=1 1920w\" sizes=\"(max-width: 640px) 100vw, 640px\" \/><\/figure><\/figure>\n\n<hr class=\"wp-block-separator has-css-opacity\"\/>\n","protected":false},"excerpt":{"rendered":"<p>Startpunkt Maanplein 51 Heerlen. Innenstadt HeerlenSa 11.03.2023 + So 12.03.202316.00 Uhr (Sa) + 14.00 Uhr (So) Eintritt frei K\u00fcnstler*innen haben die Gabe, neue R\u00e4ume zu entdecken und zu untersuchen, sich anzueignen und zu nutzen. Bei SIDEWALK (S)PACES verwandeln die professionellen Tanzk\u00fcnstlerinnen Chiara Monteverde, Audrey Apers und Emilie Gallier und die bildenden K\u00fcnstler*innen Thomas Swinkels, Nina Boas und Nienke Terpsma unter [&hellip;]<\/p>\n","protected":false},"author":1,"featured_media":0,"parent":0,"menu_order":0,"comment_status":"closed","ping_status":"closed","template":"","meta":{"_acf_changed":false,"footnotes":""},"class_list":["post-5591","page","type-page","status-publish","hentry"],"aioseo_notices":[],"acf":[],"jetpack_sharing_enabled":true,"_links":{"self":[{"href":"https:\/\/schrittmacherfestival.nl\/de\/wp-json\/wp\/v2\/pages\/5591","targetHints":{"allow":["GET"]}}],"collection":[{"href":"https:\/\/schrittmacherfestival.nl\/de\/wp-json\/wp\/v2\/pages"}],"about":[{"href":"https:\/\/schrittmacherfestival.nl\/de\/wp-json\/wp\/v2\/types\/page"}],"author":[{"embeddable":true,"href":"https:\/\/schrittmacherfestival.nl\/de\/wp-json\/wp\/v2\/users\/1"}],"replies":[{"embeddable":true,"href":"https:\/\/schrittmacherfestival.nl\/de\/wp-json\/wp\/v2\/comments?post=5591"}],"version-history":[{"count":7,"href":"https:\/\/schrittmacherfestival.nl\/de\/wp-json\/wp\/v2\/pages\/5591\/revisions"}],"predecessor-version":[{"id":6574,"href":"https:\/\/schrittmacherfestival.nl\/de\/wp-json\/wp\/v2\/pages\/5591\/revisions\/6574"}],"wp:attachment":[{"href":"https:\/\/schrittmacherfestival.nl\/de\/wp-json\/wp\/v2\/media?parent=5591"}],"curies":[{"name":"wp","href":"https:\/\/api.w.org\/{rel}","templated":true}]}}

<h1 class="has-black-color has-text-color wp-block-heading" id="hofesh-shechter-company-gbr"></h1>

<p><strong>Startpunkt Maanplein 51 Heerlen</strong>. <strong>Innenstadt Heerlen</strong><br/><strong>Sa 11.03.2023</strong> <strong>+ So 12.03.2023</strong><br/><strong>16.00  Uhr (Sa) + 14.00 Uhr (So) </strong><br/><strong>Eintritt frei</strong></p>

<figure class="wp-block-image alignwide size-large"><img data-recalc-dims="1" fetchpriority="high" decoding="async" width="640" height="268" src="https://i0.wp.com/schrittmacherfestival.nl/wp-content/uploads/2022/12/Sidewalk-Spaces-foto-Luc-Lodder-bewerking-Rob-Birza-1-scaled-e1671126009376-1024x428.webp?resize=640%2C268&#038;ssl=1" alt="" class="wp-image-5586" srcset="https://i0.wp.com/schrittmacherfestival.nl/wp-content/uploads/2022/12/Sidewalk-Spaces-foto-Luc-Lodder-bewerking-Rob-Birza-1-scaled-e1671126009376.webp?resize=1024%2C428&amp;ssl=1 1024w, https://i0.wp.com/schrittmacherfestival.nl/wp-content/uploads/2022/12/Sidewalk-Spaces-foto-Luc-Lodder-bewerking-Rob-Birza-1-scaled-e1671126009376.webp?resize=300%2C125&amp;ssl=1 300w, https://i0.wp.com/schrittmacherfestival.nl/wp-content/uploads/2022/12/Sidewalk-Spaces-foto-Luc-Lodder-bewerking-Rob-Birza-1-scaled-e1671126009376.webp?resize=768%2C321&amp;ssl=1 768w, https://i0.wp.com/schrittmacherfestival.nl/wp-content/uploads/2022/12/Sidewalk-Spaces-foto-Luc-Lodder-bewerking-Rob-Birza-1-scaled-e1671126009376.webp?resize=31%2C13&amp;ssl=1 31w, https://i0.wp.com/schrittmacherfestival.nl/wp-content/uploads/2022/12/Sidewalk-Spaces-foto-Luc-Lodder-bewerking-Rob-Birza-1-scaled-e1671126009376.webp?w=1200&amp;ssl=1 1200w" sizes="(max-width: 640px) 100vw, 640px" /></figure>
<hr class="wp-block-separator has-css-opacity"/>

<p>Künstler*innen haben die Gabe, neue Räume zu entdecken und zu untersuchen, sich anzueignen und zu nutzen. Bei SIDEWALK (S)PACES verwandeln die professionellen Tanzkünstlerinnen Chiara Monteverde, Audrey Apers und Emilie Gallier und die bildenden Künstler*innen Thomas Swinkels, Nina Boas und Nienke Terpsma unter der Leitung der Dozentinnen Meta Knol und Debra Solomon leere Geschäftsräume und andere öffentliche Orte in Heerlen in eine lebendige Tanzkulisse. Die Tanzkünstlerinnen und bildende Künstler*innen finden zueinander in einer verletzlichen, vorübergehenden und kühnen Aktion, die Fragen über Körperlichkeit und Raum, über Menschsein, Präsenz und Interaktion aufwirft.</p>

<p> </p>

<hr class="wp-block-separator has-css-opacity"/>

<div class="wp-block-buttons is-content-justification-center is-layout-flex wp-container-core-buttons-is-layout-64b26803 wp-block-buttons-is-layout-flex">
<div class="wp-block-button aligncenter"><a class="wp-block-button__link has-white-color has-black-background-color has-text-color has-background wp-element-button" href="https://www.plt.nl/bestel/10292" target="_blank" rel="noreferrer noopener"><strong>Tickets Sa 11.03 16.00u</strong></a></div>



<div class="wp-block-button aligncenter"><a class="wp-block-button__link has-white-color has-black-background-color has-text-color has-background wp-element-button" href="https://www.plt.nl/bestel/10293" target="_blank" rel="noreferrer noopener"><strong>Tickets So 12.03 14.00u</strong></a></div>
</div>

<hr class="wp-block-separator has-css-opacity"/>

<p> </p>

<p> </p>

<p> </p>

<p> </p>

<p> </p>

<p> </p>

<p> </p>

<p> </p>

<p> </p>

<p> </p>

<p> </p>

<hr class="wp-block-separator has-css-opacity"/>

<p> </p>

<p> </p>

<p> </p>

<p> </p>

<p> </p>

<p> </p>

<p> </p>

<p> </p>

<p> </p>

<hr class="wp-block-separator has-css-opacity"/>

<p> </p>

<p> </p>

<p> </p>

<p> </p>

<p> </p>

<p> </p>

<p> </p>

<hr class="wp-block-separator has-css-opacity"/>

<figure class="wp-block-gallery has-nested-images columns-default is-cropped wp-block-gallery-1 is-layout-flex wp-block-gallery-is-layout-flex">
<figure class="wp-block-image size-large"><img data-recalc-dims="1" decoding="async" width="640" height="427" data-id="5581" src="https://i0.wp.com/schrittmacherfestival.nl/wp-content/uploads/2022/12/Sidewalk-Spaces-foto-Luc-Lodder-bewerking-Rob-Birza.jpg?resize=640%2C427&#038;ssl=1" alt="" class="wp-image-5581" srcset="https://i0.wp.com/schrittmacherfestival.nl/wp-content/uploads/2022/12/Sidewalk-Spaces-foto-Luc-Lodder-bewerking-Rob-Birza-scaled.jpg?resize=1024%2C683&amp;ssl=1 1024w, https://i0.wp.com/schrittmacherfestival.nl/wp-content/uploads/2022/12/Sidewalk-Spaces-foto-Luc-Lodder-bewerking-Rob-Birza-scaled.jpg?resize=300%2C200&amp;ssl=1 300w, https://i0.wp.com/schrittmacherfestival.nl/wp-content/uploads/2022/12/Sidewalk-Spaces-foto-Luc-Lodder-bewerking-Rob-Birza-scaled.jpg?resize=768%2C512&amp;ssl=1 768w, https://i0.wp.com/schrittmacherfestival.nl/wp-content/uploads/2022/12/Sidewalk-Spaces-foto-Luc-Lodder-bewerking-Rob-Birza-scaled.jpg?resize=1536%2C1024&amp;ssl=1 1536w, https://i0.wp.com/schrittmacherfestival.nl/wp-content/uploads/2022/12/Sidewalk-Spaces-foto-Luc-Lodder-bewerking-Rob-Birza-scaled.jpg?resize=2048%2C1365&amp;ssl=1 2048w, https://i0.wp.com/schrittmacherfestival.nl/wp-content/uploads/2022/12/Sidewalk-Spaces-foto-Luc-Lodder-bewerking-Rob-Birza-scaled.jpg?resize=600%2C400&amp;ssl=1 600w, https://i0.wp.com/schrittmacherfestival.nl/wp-content/uploads/2022/12/Sidewalk-Spaces-foto-Luc-Lodder-bewerking-Rob-Birza-scaled.jpg?resize=31%2C21&amp;ssl=1 31w, https://i0.wp.com/schrittmacherfestival.nl/wp-content/uploads/2022/12/Sidewalk-Spaces-foto-Luc-Lodder-bewerking-Rob-Birza-scaled.jpg?w=1280&amp;ssl=1 1280w, https://i0.wp.com/schrittmacherfestival.nl/wp-content/uploads/2022/12/Sidewalk-Spaces-foto-Luc-Lodder-bewerking-Rob-Birza-scaled.jpg?w=1920&amp;ssl=1 1920w" sizes="(max-width: 640px) 100vw, 640px" /></figure></figure>

<hr class="wp-block-separator has-css-opacity"/>

<p>Startpunkt Maanplein 51 Heerlen. Innenstadt HeerlenSa 11.03.2023 + So 12.03.202316.00 Uhr (Sa) + 14.00 Uhr (So) Eintritt frei Künstler*innen haben die Gabe, neue Räume zu entdecken und zu untersuchen, sich anzueignen und zu nutzen. Bei SIDEWALK (S)PACES verwandeln die professionellen Tanzkünstlerinnen Chiara Monteverde, Audrey Apers und Emilie Gallier und die bildenden Künstler*innen Thomas Swinkels, Nina Boas und Nienke Terpsma unter [&hellip;]</p>
