{"id":5705,"date":"2022-12-20T10:04:00","date_gmt":"2022-12-20T10:04:00","guid":{"rendered":"https:\/\/schrittmacherfestival.nl\/sidetalk-spaces\/"},"modified":"2023-01-05T11:22:02","modified_gmt":"2023-01-05T11:22:02","slug":"sidetalk-spaces","status":"publish","type":"page","link":"https:\/\/schrittmacherfestival.nl\/de\/sidetalk-spaces\/","title":{"rendered":"SIDETALK (S)Paces"},"content":{"rendered":"\n<h1 class=\"has-black-color has-text-color wp-block-heading\" id=\"hofesh-shechter-company-gbr\"><\/h1>\n\n<p><strong>Buitenplaats Kasteel Wijlre<\/strong><br\/><strong>So 26.03.2023<\/strong><br\/><strong>14.00 &#8211; 15.30 Uhr<\/strong><br\/><strong>von 9,00 \u20ac<\/strong> <strong>(inkl. Zugang zum Buitenplaats Kasteel Wijlre)<\/strong><\/p>\n\n<figure class=\"wp-block-image alignwide size-large\"><img data-recalc-dims=\"1\" fetchpriority=\"high\" decoding=\"async\" width=\"640\" height=\"268\" src=\"https:\/\/i0.wp.com\/schrittmacherfestival.nl\/wp-content\/uploads\/2022\/12\/Sidewalk-Spaces-foto-Luc-Lodder-bewerking-Rob-Birza-1-scaled-e1671126009376-1.webp?resize=640%2C268&#038;ssl=1\" alt=\"\" class=\"wp-image-5775\" srcset=\"https:\/\/i0.wp.com\/schrittmacherfestival.nl\/wp-content\/uploads\/2022\/12\/Sidewalk-Spaces-foto-Luc-Lodder-bewerking-Rob-Birza-1-scaled-e1671126009376-1.webp?resize=1024%2C428&amp;ssl=1 1024w, https:\/\/i0.wp.com\/schrittmacherfestival.nl\/wp-content\/uploads\/2022\/12\/Sidewalk-Spaces-foto-Luc-Lodder-bewerking-Rob-Birza-1-scaled-e1671126009376-1.webp?resize=300%2C125&amp;ssl=1 300w, https:\/\/i0.wp.com\/schrittmacherfestival.nl\/wp-content\/uploads\/2022\/12\/Sidewalk-Spaces-foto-Luc-Lodder-bewerking-Rob-Birza-1-scaled-e1671126009376-1.webp?resize=768%2C321&amp;ssl=1 768w, https:\/\/i0.wp.com\/schrittmacherfestival.nl\/wp-content\/uploads\/2022\/12\/Sidewalk-Spaces-foto-Luc-Lodder-bewerking-Rob-Birza-1-scaled-e1671126009376-1.webp?resize=31%2C13&amp;ssl=1 31w, https:\/\/i0.wp.com\/schrittmacherfestival.nl\/wp-content\/uploads\/2022\/12\/Sidewalk-Spaces-foto-Luc-Lodder-bewerking-Rob-Birza-1-scaled-e1671126009376-1.webp?w=1200&amp;ssl=1 1200w\" sizes=\"(max-width: 640px) 100vw, 640px\" \/><\/figure>\n<hr class=\"wp-block-separator has-css-opacity\"\/>\n\n<h2 class=\"wp-block-heading\"> <\/h2>\n\n<p>Als Teil von SIDEWALK organisiert Kuratorin und Choreographin Karin Post einen SIDETALK zu unterschiedlichen Zeiten w\u00e4hrend des Festivals. In diesen SIDETALKs suchen Choreograph*innen, K\u00fcnstler*innen, Tutor*innen und Tanzdramaturg*innen das Gespr\u00e4ch miteinander und mit dem Publikum.<\/p>\n\n<p>2023 wird ein SIDETALK organisiert, der sich um das Thema (S)PACES dreht. Gespr\u00e4chsthemen sind dabei die Beziehung zwischen zeitgebundener (Tanz-)Kunst und bildender Kunst, neue Motive und Zukunftstr\u00e4ume. Gekoppelt wird das Ganze an eine Live-Performance in Buitenplaats Kasteel Wijlre.<\/p>\n\n<hr class=\"wp-block-separator has-css-opacity\"\/>\n\n<div class=\"wp-block-buttons is-layout-flex wp-block-buttons-is-layout-flex\">\n<div class=\"wp-block-button aligncenter\"><a class=\"wp-block-button__link has-white-color has-black-background-color has-text-color has-background wp-element-button\" href=\"https:\/\/www.plt.nl\/bestel\/10294\" target=\"_blank\" rel=\"noreferrer noopener\"><strong>Ticket inklusive Performance<\/strong><\/a><\/div>\n<\/div>\n\n<hr class=\"wp-block-separator has-css-opacity\"\/>\n\n<figure class=\"wp-block-gallery has-nested-images columns-default is-cropped wp-block-gallery-1 is-layout-flex wp-block-gallery-is-layout-flex\">\n<figure class=\"wp-block-image size-large\"><img data-recalc-dims=\"1\" decoding=\"async\" width=\"640\" height=\"427\" data-id=\"5581\" src=\"https:\/\/i0.wp.com\/schrittmacherfestival.nl\/wp-content\/uploads\/2022\/12\/Sidewalk-Spaces-foto-Luc-Lodder-bewerking-Rob-Birza.jpg?resize=640%2C427&#038;ssl=1\" alt=\"\" class=\"wp-image-5581\" srcset=\"https:\/\/i0.wp.com\/schrittmacherfestival.nl\/wp-content\/uploads\/2022\/12\/Sidewalk-Spaces-foto-Luc-Lodder-bewerking-Rob-Birza-scaled.jpg?resize=1024%2C683&amp;ssl=1 1024w, https:\/\/i0.wp.com\/schrittmacherfestival.nl\/wp-content\/uploads\/2022\/12\/Sidewalk-Spaces-foto-Luc-Lodder-bewerking-Rob-Birza-scaled.jpg?resize=300%2C200&amp;ssl=1 300w, https:\/\/i0.wp.com\/schrittmacherfestival.nl\/wp-content\/uploads\/2022\/12\/Sidewalk-Spaces-foto-Luc-Lodder-bewerking-Rob-Birza-scaled.jpg?resize=768%2C512&amp;ssl=1 768w, https:\/\/i0.wp.com\/schrittmacherfestival.nl\/wp-content\/uploads\/2022\/12\/Sidewalk-Spaces-foto-Luc-Lodder-bewerking-Rob-Birza-scaled.jpg?resize=1536%2C1024&amp;ssl=1 1536w, https:\/\/i0.wp.com\/schrittmacherfestival.nl\/wp-content\/uploads\/2022\/12\/Sidewalk-Spaces-foto-Luc-Lodder-bewerking-Rob-Birza-scaled.jpg?resize=2048%2C1365&amp;ssl=1 2048w, https:\/\/i0.wp.com\/schrittmacherfestival.nl\/wp-content\/uploads\/2022\/12\/Sidewalk-Spaces-foto-Luc-Lodder-bewerking-Rob-Birza-scaled.jpg?resize=600%2C400&amp;ssl=1 600w, https:\/\/i0.wp.com\/schrittmacherfestival.nl\/wp-content\/uploads\/2022\/12\/Sidewalk-Spaces-foto-Luc-Lodder-bewerking-Rob-Birza-scaled.jpg?resize=31%2C21&amp;ssl=1 31w, https:\/\/i0.wp.com\/schrittmacherfestival.nl\/wp-content\/uploads\/2022\/12\/Sidewalk-Spaces-foto-Luc-Lodder-bewerking-Rob-Birza-scaled.jpg?w=1280&amp;ssl=1 1280w, https:\/\/i0.wp.com\/schrittmacherfestival.nl\/wp-content\/uploads\/2022\/12\/Sidewalk-Spaces-foto-Luc-Lodder-bewerking-Rob-Birza-scaled.jpg?w=1920&amp;ssl=1 1920w\" sizes=\"(max-width: 640px) 100vw, 640px\" \/><\/figure><\/figure>\n\n<hr class=\"wp-block-separator has-css-opacity\"\/>\n","protected":false},"excerpt":{"rendered":"<p>Buitenplaats Kasteel WijlreSo 26.03.202314.00 &#8211; 15.30 Uhrvon 9,00 \u20ac (inkl. Zugang zum Buitenplaats Kasteel Wijlre) Als Teil von SIDEWALK organisiert Kuratorin und Choreographin Karin Post einen SIDETALK zu unterschiedlichen Zeiten w\u00e4hrend des Festivals. In diesen SIDETALKs suchen Choreograph*innen, K\u00fcnstler*innen, Tutor*innen und Tanzdramaturg*innen das Gespr\u00e4ch miteinander und mit dem Publikum. 2023 wird ein SIDETALK organisiert, der sich um das Thema (S)PACES [&hellip;]<\/p>\n","protected":false},"author":1,"featured_media":0,"parent":0,"menu_order":0,"comment_status":"closed","ping_status":"closed","template":"","meta":{"_acf_changed":false,"footnotes":""},"class_list":["post-5705","page","type-page","status-publish","hentry"],"aioseo_notices":[],"acf":[],"jetpack_sharing_enabled":true,"_links":{"self":[{"href":"https:\/\/schrittmacherfestival.nl\/de\/wp-json\/wp\/v2\/pages\/5705","targetHints":{"allow":["GET"]}}],"collection":[{"href":"https:\/\/schrittmacherfestival.nl\/de\/wp-json\/wp\/v2\/pages"}],"about":[{"href":"https:\/\/schrittmacherfestival.nl\/de\/wp-json\/wp\/v2\/types\/page"}],"author":[{"embeddable":true,"href":"https:\/\/schrittmacherfestival.nl\/de\/wp-json\/wp\/v2\/users\/1"}],"replies":[{"embeddable":true,"href":"https:\/\/schrittmacherfestival.nl\/de\/wp-json\/wp\/v2\/comments?post=5705"}],"version-history":[{"count":6,"href":"https:\/\/schrittmacherfestival.nl\/de\/wp-json\/wp\/v2\/pages\/5705\/revisions"}],"predecessor-version":[{"id":6127,"href":"https:\/\/schrittmacherfestival.nl\/de\/wp-json\/wp\/v2\/pages\/5705\/revisions\/6127"}],"wp:attachment":[{"href":"https:\/\/schrittmacherfestival.nl\/de\/wp-json\/wp\/v2\/media?parent=5705"}],"curies":[{"name":"wp","href":"https:\/\/api.w.org\/{rel}","templated":true}]}}

<h1 class="has-black-color has-text-color wp-block-heading" id="hofesh-shechter-company-gbr"></h1>

<p><strong>Buitenplaats Kasteel Wijlre</strong><br/><strong>So 26.03.2023</strong><br/><strong>14.00 &#8211; 15.30 Uhr</strong><br/><strong>von 9,00 €</strong> <strong>(inkl. Zugang zum Buitenplaats Kasteel Wijlre)</strong></p>

<figure class="wp-block-image alignwide size-large"><img data-recalc-dims="1" fetchpriority="high" decoding="async" width="640" height="268" src="https://i0.wp.com/schrittmacherfestival.nl/wp-content/uploads/2022/12/Sidewalk-Spaces-foto-Luc-Lodder-bewerking-Rob-Birza-1-scaled-e1671126009376-1.webp?resize=640%2C268&#038;ssl=1" alt="" class="wp-image-5775" srcset="https://i0.wp.com/schrittmacherfestival.nl/wp-content/uploads/2022/12/Sidewalk-Spaces-foto-Luc-Lodder-bewerking-Rob-Birza-1-scaled-e1671126009376-1.webp?resize=1024%2C428&amp;ssl=1 1024w, https://i0.wp.com/schrittmacherfestival.nl/wp-content/uploads/2022/12/Sidewalk-Spaces-foto-Luc-Lodder-bewerking-Rob-Birza-1-scaled-e1671126009376-1.webp?resize=300%2C125&amp;ssl=1 300w, https://i0.wp.com/schrittmacherfestival.nl/wp-content/uploads/2022/12/Sidewalk-Spaces-foto-Luc-Lodder-bewerking-Rob-Birza-1-scaled-e1671126009376-1.webp?resize=768%2C321&amp;ssl=1 768w, https://i0.wp.com/schrittmacherfestival.nl/wp-content/uploads/2022/12/Sidewalk-Spaces-foto-Luc-Lodder-bewerking-Rob-Birza-1-scaled-e1671126009376-1.webp?resize=31%2C13&amp;ssl=1 31w, https://i0.wp.com/schrittmacherfestival.nl/wp-content/uploads/2022/12/Sidewalk-Spaces-foto-Luc-Lodder-bewerking-Rob-Birza-1-scaled-e1671126009376-1.webp?w=1200&amp;ssl=1 1200w" sizes="(max-width: 640px) 100vw, 640px" /></figure>
<hr class="wp-block-separator has-css-opacity"/>

<h2 class="wp-block-heading"> </h2>

<p>Als Teil von SIDEWALK organisiert Kuratorin und Choreographin Karin Post einen SIDETALK zu unterschiedlichen Zeiten während des Festivals. In diesen SIDETALKs suchen Choreograph*innen, Künstler*innen, Tutor*innen und Tanzdramaturg*innen das Gespräch miteinander und mit dem Publikum.</p>

<p>2023 wird ein SIDETALK organisiert, der sich um das Thema (S)PACES dreht. Gesprächsthemen sind dabei die Beziehung zwischen zeitgebundener (Tanz-)Kunst und bildender Kunst, neue Motive und Zukunftsträume. Gekoppelt wird das Ganze an eine Live-Performance in Buitenplaats Kasteel Wijlre.</p>

<hr class="wp-block-separator has-css-opacity"/>

<div class="wp-block-buttons is-layout-flex wp-block-buttons-is-layout-flex">
<div class="wp-block-button aligncenter"><a class="wp-block-button__link has-white-color has-black-background-color has-text-color has-background wp-element-button" href="https://www.plt.nl/bestel/10294" target="_blank" rel="noreferrer noopener"><strong>Ticket inklusive Performance</strong></a></div>
</div>

<hr class="wp-block-separator has-css-opacity"/>

<figure class="wp-block-gallery has-nested-images columns-default is-cropped wp-block-gallery-1 is-layout-flex wp-block-gallery-is-layout-flex">
<figure class="wp-block-image size-large"><img data-recalc-dims="1" decoding="async" width="640" height="427" data-id="5581" src="https://i0.wp.com/schrittmacherfestival.nl/wp-content/uploads/2022/12/Sidewalk-Spaces-foto-Luc-Lodder-bewerking-Rob-Birza.jpg?resize=640%2C427&#038;ssl=1" alt="" class="wp-image-5581" srcset="https://i0.wp.com/schrittmacherfestival.nl/wp-content/uploads/2022/12/Sidewalk-Spaces-foto-Luc-Lodder-bewerking-Rob-Birza-scaled.jpg?resize=1024%2C683&amp;ssl=1 1024w, https://i0.wp.com/schrittmacherfestival.nl/wp-content/uploads/2022/12/Sidewalk-Spaces-foto-Luc-Lodder-bewerking-Rob-Birza-scaled.jpg?resize=300%2C200&amp;ssl=1 300w, https://i0.wp.com/schrittmacherfestival.nl/wp-content/uploads/2022/12/Sidewalk-Spaces-foto-Luc-Lodder-bewerking-Rob-Birza-scaled.jpg?resize=768%2C512&amp;ssl=1 768w, https://i0.wp.com/schrittmacherfestival.nl/wp-content/uploads/2022/12/Sidewalk-Spaces-foto-Luc-Lodder-bewerking-Rob-Birza-scaled.jpg?resize=1536%2C1024&amp;ssl=1 1536w, https://i0.wp.com/schrittmacherfestival.nl/wp-content/uploads/2022/12/Sidewalk-Spaces-foto-Luc-Lodder-bewerking-Rob-Birza-scaled.jpg?resize=2048%2C1365&amp;ssl=1 2048w, https://i0.wp.com/schrittmacherfestival.nl/wp-content/uploads/2022/12/Sidewalk-Spaces-foto-Luc-Lodder-bewerking-Rob-Birza-scaled.jpg?resize=600%2C400&amp;ssl=1 600w, https://i0.wp.com/schrittmacherfestival.nl/wp-content/uploads/2022/12/Sidewalk-Spaces-foto-Luc-Lodder-bewerking-Rob-Birza-scaled.jpg?resize=31%2C21&amp;ssl=1 31w, https://i0.wp.com/schrittmacherfestival.nl/wp-content/uploads/2022/12/Sidewalk-Spaces-foto-Luc-Lodder-bewerking-Rob-Birza-scaled.jpg?w=1280&amp;ssl=1 1280w, https://i0.wp.com/schrittmacherfestival.nl/wp-content/uploads/2022/12/Sidewalk-Spaces-foto-Luc-Lodder-bewerking-Rob-Birza-scaled.jpg?w=1920&amp;ssl=1 1920w" sizes="(max-width: 640px) 100vw, 640px" /></figure></figure>

<hr class="wp-block-separator has-css-opacity"/>

<p>Buitenplaats Kasteel WijlreSo 26.03.202314.00 &#8211; 15.30 Uhrvon 9,00 € (inkl. Zugang zum Buitenplaats Kasteel Wijlre) Als Teil von SIDEWALK organisiert Kuratorin und Choreographin Karin Post einen SIDETALK zu unterschiedlichen Zeiten während des Festivals. In diesen SIDETALKs suchen Choreograph*innen, Künstler*innen, Tutor*innen und Tanzdramaturg*innen das Gespräch miteinander und mit dem Publikum. 2023 wird ein SIDETALK organisiert, der sich um das Thema (S)PACES [&hellip;]</p>
