{"id":5717,"date":"2022-12-20T10:21:52","date_gmt":"2022-12-20T10:21:52","guid":{"rendered":"https:\/\/schrittmacherfestival.nl\/sidetalk-movies\/"},"modified":"2023-01-16T09:02:32","modified_gmt":"2023-01-16T09:02:32","slug":"sidetalk-movies","status":"publish","type":"page","link":"https:\/\/schrittmacherfestival.nl\/de\/sidetalk-movies\/","title":{"rendered":"SIDETALK MOVIES"},"content":{"rendered":"\n<h1 class=\"has-black-color has-text-color wp-block-heading\" id=\"hofesh-shechter-company-gbr\"><\/h1>\n\n<p><strong>Startpunkt Theater Heerlen.<\/strong> <strong>Innenstadt Heerlen.<\/strong><br\/><strong>Sa 01.04.2023<\/strong><br\/><strong>14.00 \u2013 15.30 Uhr<\/strong><br\/><strong>Eintritt frei<\/strong> <strong>(Reservierung empfohlen)<\/strong><\/p>\n\n<figure class=\"wp-block-image alignwide size-large\"><img data-recalc-dims=\"1\" fetchpriority=\"high\" decoding=\"async\" width=\"640\" height=\"260\" src=\"https:\/\/i0.wp.com\/schrittmacherfestival.nl\/wp-content\/uploads\/2022\/12\/1230x500-sidetalk-movies.jpeg?resize=640%2C260&#038;ssl=1\" alt=\"\" class=\"wp-image-5712\" srcset=\"https:\/\/i0.wp.com\/schrittmacherfestival.nl\/wp-content\/uploads\/2022\/12\/1230x500-sidetalk-movies.jpeg?resize=1024%2C416&amp;ssl=1 1024w, https:\/\/i0.wp.com\/schrittmacherfestival.nl\/wp-content\/uploads\/2022\/12\/1230x500-sidetalk-movies.jpeg?resize=300%2C122&amp;ssl=1 300w, https:\/\/i0.wp.com\/schrittmacherfestival.nl\/wp-content\/uploads\/2022\/12\/1230x500-sidetalk-movies.jpeg?resize=768%2C312&amp;ssl=1 768w, https:\/\/i0.wp.com\/schrittmacherfestival.nl\/wp-content\/uploads\/2022\/12\/1230x500-sidetalk-movies.jpeg?resize=31%2C13&amp;ssl=1 31w, https:\/\/i0.wp.com\/schrittmacherfestival.nl\/wp-content\/uploads\/2022\/12\/1230x500-sidetalk-movies.jpeg?w=1230&amp;ssl=1 1230w\" sizes=\"(max-width: 640px) 100vw, 640px\" \/><\/figure>\n<hr class=\"wp-block-separator has-css-opacity\"\/>\n\n<p>Als Teil von SIDEWALK organisiert Kuratorin und Choreographin Karin Post einen SIDETALK zu unterschiedlichen Zeiten w\u00e4hrend des Festivals. In diesen SIDETALKs suchen Choreograph*innen, K\u00fcnstler*innen, Tutor*innen und Tanzdramaturg*innen das Gespr\u00e4ch miteinander und mit dem Publikum. <\/p>\n\n<p>2023 wird ein SIDETALK organisiert, der sich um das Thema (S)PACES dreht. Gespr\u00e4chsthemen sind dabei die Beziehung zwischen zeitgebundener (Tanz-)Kunst und bildender Kunst, neue Motive und Zukunftstr\u00e4ume. Gekoppelt wird das Ganze an eine Live-Performance in Buitenplaats Kasteel Wijlre. Weitere Informationen zu dieser Veranstaltung finden Sie zu gegebener Zeit in den Online-Medien von schrit_tmacher und Buitenplaats Kasteel Wijlre.<\/p>\n\n<p>Im Rahmen von SIDETALK MOVIES bekommen wir Statements von K\u00fcnstler*innen zu h\u00f6ren und wird die Beziehung zwischen Tanzkunst und Emotion beleuchtet. Mit u. a. Ty Boomershine, Fabienne Vegt, Dalton Jansen, Martine Dekker und anderen.<\/p>\n\n<hr class=\"wp-block-separator has-css-opacity\"\/>\n\n<div class=\"wp-block-buttons is-layout-flex wp-block-buttons-is-layout-flex\">\n<div class=\"wp-block-button aligncenter\"><a class=\"wp-block-button__link has-white-color has-black-background-color has-text-color has-background wp-element-button\" href=\"https:\/\/www.plt.nl\/bestel\/10295\" target=\"_blank\" rel=\"noreferrer noopener\"><strong>Ticket<\/strong> <strong>Sa 01.04<\/strong><\/a><\/div>\n<\/div>\n\n<hr class=\"wp-block-separator has-css-opacity\"\/>\n\n<figure class=\"wp-block-gallery has-nested-images columns-default is-cropped wp-block-gallery-1 is-layout-flex wp-block-gallery-is-layout-flex\">\n<figure class=\"wp-block-image size-large\"><img data-recalc-dims=\"1\" decoding=\"async\" width=\"640\" height=\"428\" data-id=\"5724\" src=\"https:\/\/i0.wp.com\/schrittmacherfestival.nl\/wp-content\/uploads\/2022\/12\/sidewalk_-_talks_-_foto_luc_lodder_-_bewerking_rob_birza-1.1200x10000-1.jpg?resize=640%2C428&#038;ssl=1\" alt=\"\" class=\"wp-image-5724\" srcset=\"https:\/\/i0.wp.com\/schrittmacherfestival.nl\/wp-content\/uploads\/2022\/12\/sidewalk_-_talks_-_foto_luc_lodder_-_bewerking_rob_birza-1.1200x10000-1.jpg?resize=1024%2C684&amp;ssl=1 1024w, https:\/\/i0.wp.com\/schrittmacherfestival.nl\/wp-content\/uploads\/2022\/12\/sidewalk_-_talks_-_foto_luc_lodder_-_bewerking_rob_birza-1.1200x10000-1.jpg?resize=300%2C200&amp;ssl=1 300w, https:\/\/i0.wp.com\/schrittmacherfestival.nl\/wp-content\/uploads\/2022\/12\/sidewalk_-_talks_-_foto_luc_lodder_-_bewerking_rob_birza-1.1200x10000-1.jpg?resize=768%2C513&amp;ssl=1 768w, https:\/\/i0.wp.com\/schrittmacherfestival.nl\/wp-content\/uploads\/2022\/12\/sidewalk_-_talks_-_foto_luc_lodder_-_bewerking_rob_birza-1.1200x10000-1.jpg?resize=600%2C400&amp;ssl=1 600w, https:\/\/i0.wp.com\/schrittmacherfestival.nl\/wp-content\/uploads\/2022\/12\/sidewalk_-_talks_-_foto_luc_lodder_-_bewerking_rob_birza-1.1200x10000-1.jpg?resize=31%2C21&amp;ssl=1 31w, https:\/\/i0.wp.com\/schrittmacherfestival.nl\/wp-content\/uploads\/2022\/12\/sidewalk_-_talks_-_foto_luc_lodder_-_bewerking_rob_birza-1.1200x10000-1.jpg?w=1200&amp;ssl=1 1200w\" sizes=\"(max-width: 640px) 100vw, 640px\" \/><\/figure><\/figure>\n\n<hr class=\"wp-block-separator has-css-opacity\"\/>\n","protected":false},"excerpt":{"rendered":"<p>Startpunkt Theater Heerlen. Innenstadt Heerlen.Sa 01.04.202314.00 \u2013 15.30 UhrEintritt frei (Reservierung empfohlen) Als Teil von SIDEWALK organisiert Kuratorin und Choreographin Karin Post einen SIDETALK zu unterschiedlichen Zeiten w\u00e4hrend des Festivals. In diesen SIDETALKs suchen Choreograph*innen, K\u00fcnstler*innen, Tutor*innen und Tanzdramaturg*innen das Gespr\u00e4ch miteinander und mit dem Publikum. 2023 wird ein SIDETALK organisiert, der sich um das Thema (S)PACES dreht. Gespr\u00e4chsthemen sind [&hellip;]<\/p>\n","protected":false},"author":1,"featured_media":0,"parent":0,"menu_order":0,"comment_status":"closed","ping_status":"closed","template":"","meta":{"_acf_changed":false,"footnotes":""},"class_list":["post-5717","page","type-page","status-publish","hentry"],"aioseo_notices":[],"acf":[],"jetpack_sharing_enabled":true,"_links":{"self":[{"href":"https:\/\/schrittmacherfestival.nl\/de\/wp-json\/wp\/v2\/pages\/5717","targetHints":{"allow":["GET"]}}],"collection":[{"href":"https:\/\/schrittmacherfestival.nl\/de\/wp-json\/wp\/v2\/pages"}],"about":[{"href":"https:\/\/schrittmacherfestival.nl\/de\/wp-json\/wp\/v2\/types\/page"}],"author":[{"embeddable":true,"href":"https:\/\/schrittmacherfestival.nl\/de\/wp-json\/wp\/v2\/users\/1"}],"replies":[{"embeddable":true,"href":"https:\/\/schrittmacherfestival.nl\/de\/wp-json\/wp\/v2\/comments?post=5717"}],"version-history":[{"count":9,"href":"https:\/\/schrittmacherfestival.nl\/de\/wp-json\/wp\/v2\/pages\/5717\/revisions"}],"predecessor-version":[{"id":6187,"href":"https:\/\/schrittmacherfestival.nl\/de\/wp-json\/wp\/v2\/pages\/5717\/revisions\/6187"}],"wp:attachment":[{"href":"https:\/\/schrittmacherfestival.nl\/de\/wp-json\/wp\/v2\/media?parent=5717"}],"curies":[{"name":"wp","href":"https:\/\/api.w.org\/{rel}","templated":true}]}}

<h1 class="has-black-color has-text-color wp-block-heading" id="hofesh-shechter-company-gbr"></h1>

<p><strong>Startpunkt Theater Heerlen.</strong> <strong>Innenstadt Heerlen.</strong><br/><strong>Sa 01.04.2023</strong><br/><strong>14.00 – 15.30 Uhr</strong><br/><strong>Eintritt frei</strong> <strong>(Reservierung empfohlen)</strong></p>

<figure class="wp-block-image alignwide size-large"><img data-recalc-dims="1" fetchpriority="high" decoding="async" width="640" height="260" src="https://i0.wp.com/schrittmacherfestival.nl/wp-content/uploads/2022/12/1230x500-sidetalk-movies.jpeg?resize=640%2C260&#038;ssl=1" alt="" class="wp-image-5712" srcset="https://i0.wp.com/schrittmacherfestival.nl/wp-content/uploads/2022/12/1230x500-sidetalk-movies.jpeg?resize=1024%2C416&amp;ssl=1 1024w, https://i0.wp.com/schrittmacherfestival.nl/wp-content/uploads/2022/12/1230x500-sidetalk-movies.jpeg?resize=300%2C122&amp;ssl=1 300w, https://i0.wp.com/schrittmacherfestival.nl/wp-content/uploads/2022/12/1230x500-sidetalk-movies.jpeg?resize=768%2C312&amp;ssl=1 768w, https://i0.wp.com/schrittmacherfestival.nl/wp-content/uploads/2022/12/1230x500-sidetalk-movies.jpeg?resize=31%2C13&amp;ssl=1 31w, https://i0.wp.com/schrittmacherfestival.nl/wp-content/uploads/2022/12/1230x500-sidetalk-movies.jpeg?w=1230&amp;ssl=1 1230w" sizes="(max-width: 640px) 100vw, 640px" /></figure>
<hr class="wp-block-separator has-css-opacity"/>

<p>Als Teil von SIDEWALK organisiert Kuratorin und Choreographin Karin Post einen SIDETALK zu unterschiedlichen Zeiten während des Festivals. In diesen SIDETALKs suchen Choreograph*innen, Künstler*innen, Tutor*innen und Tanzdramaturg*innen das Gespräch miteinander und mit dem Publikum. </p>

<p>2023 wird ein SIDETALK organisiert, der sich um das Thema (S)PACES dreht. Gesprächsthemen sind dabei die Beziehung zwischen zeitgebundener (Tanz-)Kunst und bildender Kunst, neue Motive und Zukunftsträume. Gekoppelt wird das Ganze an eine Live-Performance in Buitenplaats Kasteel Wijlre. Weitere Informationen zu dieser Veranstaltung finden Sie zu gegebener Zeit in den Online-Medien von schrit_tmacher und Buitenplaats Kasteel Wijlre.</p>

<p>Im Rahmen von SIDETALK MOVIES bekommen wir Statements von Künstler*innen zu hören und wird die Beziehung zwischen Tanzkunst und Emotion beleuchtet. Mit u. a. Ty Boomershine, Fabienne Vegt, Dalton Jansen, Martine Dekker und anderen.</p>

<hr class="wp-block-separator has-css-opacity"/>

<div class="wp-block-buttons is-layout-flex wp-block-buttons-is-layout-flex">
<div class="wp-block-button aligncenter"><a class="wp-block-button__link has-white-color has-black-background-color has-text-color has-background wp-element-button" href="https://www.plt.nl/bestel/10295" target="_blank" rel="noreferrer noopener"><strong>Ticket</strong> <strong>Sa 01.04</strong></a></div>
</div>

<hr class="wp-block-separator has-css-opacity"/>

<figure class="wp-block-gallery has-nested-images columns-default is-cropped wp-block-gallery-1 is-layout-flex wp-block-gallery-is-layout-flex">
<figure class="wp-block-image size-large"><img data-recalc-dims="1" decoding="async" width="640" height="428" data-id="5724" src="https://i0.wp.com/schrittmacherfestival.nl/wp-content/uploads/2022/12/sidewalk_-_talks_-_foto_luc_lodder_-_bewerking_rob_birza-1.1200x10000-1.jpg?resize=640%2C428&#038;ssl=1" alt="" class="wp-image-5724" srcset="https://i0.wp.com/schrittmacherfestival.nl/wp-content/uploads/2022/12/sidewalk_-_talks_-_foto_luc_lodder_-_bewerking_rob_birza-1.1200x10000-1.jpg?resize=1024%2C684&amp;ssl=1 1024w, https://i0.wp.com/schrittmacherfestival.nl/wp-content/uploads/2022/12/sidewalk_-_talks_-_foto_luc_lodder_-_bewerking_rob_birza-1.1200x10000-1.jpg?resize=300%2C200&amp;ssl=1 300w, https://i0.wp.com/schrittmacherfestival.nl/wp-content/uploads/2022/12/sidewalk_-_talks_-_foto_luc_lodder_-_bewerking_rob_birza-1.1200x10000-1.jpg?resize=768%2C513&amp;ssl=1 768w, https://i0.wp.com/schrittmacherfestival.nl/wp-content/uploads/2022/12/sidewalk_-_talks_-_foto_luc_lodder_-_bewerking_rob_birza-1.1200x10000-1.jpg?resize=600%2C400&amp;ssl=1 600w, https://i0.wp.com/schrittmacherfestival.nl/wp-content/uploads/2022/12/sidewalk_-_talks_-_foto_luc_lodder_-_bewerking_rob_birza-1.1200x10000-1.jpg?resize=31%2C21&amp;ssl=1 31w, https://i0.wp.com/schrittmacherfestival.nl/wp-content/uploads/2022/12/sidewalk_-_talks_-_foto_luc_lodder_-_bewerking_rob_birza-1.1200x10000-1.jpg?w=1200&amp;ssl=1 1200w" sizes="(max-width: 640px) 100vw, 640px" /></figure></figure>

<hr class="wp-block-separator has-css-opacity"/>

<p>Startpunkt Theater Heerlen. Innenstadt Heerlen.Sa 01.04.202314.00 – 15.30 UhrEintritt frei (Reservierung empfohlen) Als Teil von SIDEWALK organisiert Kuratorin und Choreographin Karin Post einen SIDETALK zu unterschiedlichen Zeiten während des Festivals. In diesen SIDETALKs suchen Choreograph*innen, Künstler*innen, Tutor*innen und Tanzdramaturg*innen das Gespräch miteinander und mit dem Publikum. 2023 wird ein SIDETALK organisiert, der sich um das Thema (S)PACES dreht. Gesprächsthemen sind [&hellip;]</p>
