{"id":5780,"date":"2022-12-21T08:21:07","date_gmt":"2022-12-21T08:21:07","guid":{"rendered":"https:\/\/schrittmacherfestival.nl\/sidewalk-2023\/"},"modified":"2023-03-28T14:31:06","modified_gmt":"2023-03-28T14:31:06","slug":"sidewalk-2023","status":"publish","type":"page","link":"https:\/\/schrittmacherfestival.nl\/de\/sidewalk-2023\/","title":{"rendered":"SIDEWALK 2023"},"content":{"rendered":"\n<h1 class=\"has-black-color has-text-color wp-block-heading\" id=\"hofesh-shechter-company-gbr\"><strong>The Key of Life<\/strong><\/h1>\n\n<p><strong>In der Innenstadt und in anderen Ortsteilen von Heerlen<\/strong><br\/><strong>28.02 \u2013 02.04.2023<\/strong><br\/><strong>Konzept, Choreografin &amp; Kuratorin: Karin Post<br\/>Im Auftrag von schrit_tmacher Festival. Produktion: Sarah-Faye Lombr\u00e9<\/strong><\/p>\n\n<figure class=\"wp-block-image alignwide size-large\"><img data-recalc-dims=\"1\" fetchpriority=\"high\" decoding=\"async\" width=\"640\" height=\"260\" src=\"https:\/\/i0.wp.com\/schrittmacherfestival.nl\/wp-content\/uploads\/2022\/12\/1230x500-sidetalk-1.jpeg?resize=640%2C260&#038;ssl=1\" alt=\"\" class=\"wp-image-5772\" srcset=\"https:\/\/i0.wp.com\/schrittmacherfestival.nl\/wp-content\/uploads\/2022\/12\/1230x500-sidetalk-1.jpeg?resize=1024%2C416&amp;ssl=1 1024w, https:\/\/i0.wp.com\/schrittmacherfestival.nl\/wp-content\/uploads\/2022\/12\/1230x500-sidetalk-1.jpeg?resize=300%2C122&amp;ssl=1 300w, https:\/\/i0.wp.com\/schrittmacherfestival.nl\/wp-content\/uploads\/2022\/12\/1230x500-sidetalk-1.jpeg?resize=768%2C312&amp;ssl=1 768w, https:\/\/i0.wp.com\/schrittmacherfestival.nl\/wp-content\/uploads\/2022\/12\/1230x500-sidetalk-1.jpeg?resize=31%2C13&amp;ssl=1 31w, https:\/\/i0.wp.com\/schrittmacherfestival.nl\/wp-content\/uploads\/2022\/12\/1230x500-sidetalk-1.jpeg?w=1230&amp;ssl=1 1230w\" sizes=\"(max-width: 640px) 100vw, 640px\" \/><\/figure>\n<hr class=\"wp-block-separator has-css-opacity\"\/>\n\n<p>Mit scharfem Blick und Geh\u00f6r f\u00fcr die bunte, klangvolle Welt, die uns umgibt, stellen (Tanz-)K\u00fcnstler*innen ihre Eindr\u00fccke von Menschen im Alltag, bei der Arbeit, in ihrer Freizeit und beim Tr\u00e4umen dar. Welchen Herausforderungen stellen sie sich Tag f\u00fcr Tag? Was braucht es zum Beispiel, um alt zu werden? Und wie gehen wir mit globalen Krisen und Emotionen um, die in der \u00d6ffentlichkeit immer mehr Platz einnehmen? Auf der Suche nach \u201eThe Key of Life\u201c erkennen wir die Notwendigkeit, die Gedanken anderer Menschen nachzuvollziehen und Empathie auch f\u00fcr Menschen und Situationen zu entwickeln, die uns fremd sind. Was k\u00f6nnen Kunst und Kultur in diesem Zusammenhang leisten, au\u00dfer dass sie einer immer h\u00e4sslicher werdenden Welt etwas Sch\u00f6nes hinzuf\u00fcgen? <\/p>\n\n<p><br\/>The Key of Life wird in den folgenden Programmen thematisiert:<br\/>&#8211; <a href=\"https:\/\/schrittmacherfestival.nl\/de\/panorama-heerlen\/\" title=\"\">PANORAMA HEERLEN<\/a><br\/>&#8211; <a href=\"https:\/\/schrittmacherfestival.nl\/de\/sidewalk-spaces-4\/\" title=\"\">SIDEWALK (S)PACES 2023<\/a><br\/>&#8211; <a href=\"https:\/\/schrittmacherfestival.nl\/de\/sidewalk-performance\/\" title=\"\">SIDEWALK PERFORMANCE: DWEASJ OETSTEPKE<\/a><br\/>&#8211; <a href=\"https:\/\/schrittmacherfestival.nl\/de\/e-motions-dance\/\" title=\"\">SIDEWALK MOVIES: E-MOTIONS DANCE<\/a><br\/>&#8211; <a href=\"https:\/\/schrittmacherfestival.nl\/de\/sidetalk-spaces\/\" title=\"\">SIDETALKS<\/a><br\/>&#8211; <a href=\"https:\/\/schrittmacherfestival.nl\/de\/sidewalk-de-expo\/\" title=\"\">SIDEWALK EXPO<\/a><\/p>\n\n<hr class=\"wp-block-separator has-css-opacity\"\/>\n\n<h2 class=\"wp-block-heading\">schrit_tmacher SIDEWALK Reader (NL)<\/h2>\n<div style=\"text-align:center;\"><iframe src=\"\/\/v.calameo.com\/?bkcode=007277711869a50451092&amp;mode=mini\" width=\"480\" height=\"300\" frameborder=\"0\" scrolling=\"no\" allowtransparency=\"\" allowfullscreen=\"\" style=\"margin:0 auto;\"><\/iframe><\/div>\n\n<hr class=\"wp-block-separator has-css-opacity\"\/>\n","protected":false},"excerpt":{"rendered":"<p>The Key of Life In der Innenstadt und in anderen Ortsteilen von Heerlen28.02 \u2013 02.04.2023Konzept, Choreografin &amp; Kuratorin: Karin PostIm Auftrag von schrit_tmacher Festival. Produktion: Sarah-Faye Lombr\u00e9 Mit scharfem Blick und Geh\u00f6r f\u00fcr die bunte, klangvolle Welt, die uns umgibt, stellen (Tanz-)K\u00fcnstler*innen ihre Eindr\u00fccke von Menschen im Alltag, bei der Arbeit, in ihrer Freizeit und beim Tr\u00e4umen dar. Welchen Herausforderungen [&hellip;]<\/p>\n","protected":false},"author":1,"featured_media":0,"parent":0,"menu_order":0,"comment_status":"closed","ping_status":"closed","template":"","meta":{"_acf_changed":false,"footnotes":""},"class_list":["post-5780","page","type-page","status-publish","hentry"],"aioseo_notices":[],"acf":[],"jetpack_sharing_enabled":true,"_links":{"self":[{"href":"https:\/\/schrittmacherfestival.nl\/de\/wp-json\/wp\/v2\/pages\/5780","targetHints":{"allow":["GET"]}}],"collection":[{"href":"https:\/\/schrittmacherfestival.nl\/de\/wp-json\/wp\/v2\/pages"}],"about":[{"href":"https:\/\/schrittmacherfestival.nl\/de\/wp-json\/wp\/v2\/types\/page"}],"author":[{"embeddable":true,"href":"https:\/\/schrittmacherfestival.nl\/de\/wp-json\/wp\/v2\/users\/1"}],"replies":[{"embeddable":true,"href":"https:\/\/schrittmacherfestival.nl\/de\/wp-json\/wp\/v2\/comments?post=5780"}],"version-history":[{"count":8,"href":"https:\/\/schrittmacherfestival.nl\/de\/wp-json\/wp\/v2\/pages\/5780\/revisions"}],"predecessor-version":[{"id":6628,"href":"https:\/\/schrittmacherfestival.nl\/de\/wp-json\/wp\/v2\/pages\/5780\/revisions\/6628"}],"wp:attachment":[{"href":"https:\/\/schrittmacherfestival.nl\/de\/wp-json\/wp\/v2\/media?parent=5780"}],"curies":[{"name":"wp","href":"https:\/\/api.w.org\/{rel}","templated":true}]}}

<h1 class="has-black-color has-text-color wp-block-heading" id="hofesh-shechter-company-gbr"><strong>The Key of Life</strong></h1>

<p><strong>In der Innenstadt und in anderen Ortsteilen von Heerlen</strong><br/><strong>28.02 – 02.04.2023</strong><br/><strong>Konzept, Choreografin &amp; Kuratorin: Karin Post<br/>Im Auftrag von schrit_tmacher Festival. Produktion: Sarah-Faye Lombré</strong></p>

<figure class="wp-block-image alignwide size-large"><img data-recalc-dims="1" fetchpriority="high" decoding="async" width="640" height="260" src="https://i0.wp.com/schrittmacherfestival.nl/wp-content/uploads/2022/12/1230x500-sidetalk-1.jpeg?resize=640%2C260&#038;ssl=1" alt="" class="wp-image-5772" srcset="https://i0.wp.com/schrittmacherfestival.nl/wp-content/uploads/2022/12/1230x500-sidetalk-1.jpeg?resize=1024%2C416&amp;ssl=1 1024w, https://i0.wp.com/schrittmacherfestival.nl/wp-content/uploads/2022/12/1230x500-sidetalk-1.jpeg?resize=300%2C122&amp;ssl=1 300w, https://i0.wp.com/schrittmacherfestival.nl/wp-content/uploads/2022/12/1230x500-sidetalk-1.jpeg?resize=768%2C312&amp;ssl=1 768w, https://i0.wp.com/schrittmacherfestival.nl/wp-content/uploads/2022/12/1230x500-sidetalk-1.jpeg?resize=31%2C13&amp;ssl=1 31w, https://i0.wp.com/schrittmacherfestival.nl/wp-content/uploads/2022/12/1230x500-sidetalk-1.jpeg?w=1230&amp;ssl=1 1230w" sizes="(max-width: 640px) 100vw, 640px" /></figure>
<hr class="wp-block-separator has-css-opacity"/>

<p>Mit scharfem Blick und Gehör für die bunte, klangvolle Welt, die uns umgibt, stellen (Tanz-)Künstler*innen ihre Eindrücke von Menschen im Alltag, bei der Arbeit, in ihrer Freizeit und beim Träumen dar. Welchen Herausforderungen stellen sie sich Tag für Tag? Was braucht es zum Beispiel, um alt zu werden? Und wie gehen wir mit globalen Krisen und Emotionen um, die in der Öffentlichkeit immer mehr Platz einnehmen? Auf der Suche nach „The Key of Life“ erkennen wir die Notwendigkeit, die Gedanken anderer Menschen nachzuvollziehen und Empathie auch für Menschen und Situationen zu entwickeln, die uns fremd sind. Was können Kunst und Kultur in diesem Zusammenhang leisten, außer dass sie einer immer hässlicher werdenden Welt etwas Schönes hinzufügen? </p>

<p><br/>The Key of Life wird in den folgenden Programmen thematisiert:<br/>&#8211; <a href="https://schrittmacherfestival.nl/de/panorama-heerlen/" title="">PANORAMA HEERLEN</a><br/>&#8211; <a href="https://schrittmacherfestival.nl/de/sidewalk-spaces-4/" title="">SIDEWALK (S)PACES 2023</a><br/>&#8211; <a href="https://schrittmacherfestival.nl/de/sidewalk-performance/" title="">SIDEWALK PERFORMANCE: DWEASJ OETSTEPKE</a><br/>&#8211; <a href="https://schrittmacherfestival.nl/de/e-motions-dance/" title="">SIDEWALK MOVIES: E-MOTIONS DANCE</a><br/>&#8211; <a href="https://schrittmacherfestival.nl/de/sidetalk-spaces/" title="">SIDETALKS</a><br/>&#8211; <a href="https://schrittmacherfestival.nl/de/sidewalk-de-expo/" title="">SIDEWALK EXPO</a></p>

<hr class="wp-block-separator has-css-opacity"/>

<h2 class="wp-block-heading">schrit_tmacher SIDEWALK Reader (NL)</h2>
<div style="text-align:center;"><iframe src="//v.calameo.com/?bkcode=007277711869a50451092&amp;mode=mini" width="480" height="300" frameborder="0" scrolling="no" allowtransparency="" allowfullscreen="" style="margin:0 auto;"></iframe></div>

<hr class="wp-block-separator has-css-opacity"/>

<p>The Key of Life In der Innenstadt und in anderen Ortsteilen von Heerlen28.02 – 02.04.2023Konzept, Choreografin &amp; Kuratorin: Karin PostIm Auftrag von schrit_tmacher Festival. Produktion: Sarah-Faye Lombré Mit scharfem Blick und Gehör für die bunte, klangvolle Welt, die uns umgibt, stellen (Tanz-)Künstler*innen ihre Eindrücke von Menschen im Alltag, bei der Arbeit, in ihrer Freizeit und beim Träumen dar. Welchen Herausforderungen [&hellip;]</p>
