{"id":6077,"date":"2023-01-05T09:28:27","date_gmt":"2023-01-05T09:28:27","guid":{"rendered":"https:\/\/schrittmacherfestival.nl\/sister-or-he-buried-the-body\/"},"modified":"2023-02-02T13:54:05","modified_gmt":"2023-02-02T13:54:05","slug":"sister-or-he-buried-the-body","status":"publish","type":"page","link":"https:\/\/schrittmacherfestival.nl\/de\/sister-or-he-buried-the-body\/","title":{"rendered":"Sister or He Buried the Body"},"content":{"rendered":"\n<h1 class=\"has-black-color has-text-color wp-block-heading\" id=\"hofesh-shechter-company-gbr\"><strong>Trajal Harrell <\/strong>(USA\/CH)<\/h1>\n\n<p><strong>Ludwig Forum Aachen<\/strong><br\/><strong>Sa 04.03.2023 + So 05.03.2023<\/strong><br\/><strong>12.00 + 15.00 Uhr<\/strong><br\/><strong>von 3,- \u20ac<\/strong> | <strong>Freier Eintritt f\u00fcr Kinder und Jugendliche bis einschlie\u00dflich 21 Jahre<\/strong><\/p>\n\n<figure class=\"wp-block-image alignwide size-full\"><img data-recalc-dims=\"1\" fetchpriority=\"high\" decoding=\"async\" width=\"640\" height=\"255\" src=\"https:\/\/i0.wp.com\/schrittmacherfestival.nl\/wp-content\/uploads\/2023\/01\/b9prjpzzsn5ugpu_photo-by-Orpheas-Emirzas-1-e1672911428951.webp?resize=640%2C255&#038;ssl=1\" alt=\"\" class=\"wp-image-6072\" srcset=\"https:\/\/i0.wp.com\/schrittmacherfestival.nl\/wp-content\/uploads\/2023\/01\/b9prjpzzsn5ugpu_photo-by-Orpheas-Emirzas-1-e1672911428951.webp?w=680&amp;ssl=1 680w, https:\/\/i0.wp.com\/schrittmacherfestival.nl\/wp-content\/uploads\/2023\/01\/b9prjpzzsn5ugpu_photo-by-Orpheas-Emirzas-1-e1672911428951.webp?resize=300%2C120&amp;ssl=1 300w, https:\/\/i0.wp.com\/schrittmacherfestival.nl\/wp-content\/uploads\/2023\/01\/b9prjpzzsn5ugpu_photo-by-Orpheas-Emirzas-1-e1672911428951.webp?resize=31%2C12&amp;ssl=1 31w\" sizes=\"(max-width: 640px) 100vw, 640px\" \/><\/figure>\n<hr class=\"wp-block-separator has-css-opacity\"\/>\n\n<h2 class=\"wp-block-heading\">In Kooperation mit Ludwig Forum Aachen<\/h2>\n\n<p>Trajal Harrell (*1973) erlangte internationale Anerkennung f\u00fcr eine Reihe von Arbeiten, in denen er die Tradition des Voguing \u2013 ein Stil des Modern Dance, entwickelt in den sp\u00e4ten 1980er Jahren in der Harlemer Ballroom-Szene \u2013 mit fr\u00fchem Postmodernen Tanz verbindet. In seinem neuesten Werk kombiniert er theoretische Ideen aus dem Voguing mit Gesten aus dem Butoh-Tanz, der in den sp\u00e4ten 50er und fr\u00fchen 60er Jahren in Japan entwickelt wurde. \u201eSister or He Buried The Body\u201c stellt die Verbindungen zwischen zwei scheinbar weit entfernten Tanzkulturen her und ist so eine spekulative Neuordnung der Geschichte des zeitgen\u00f6ssischen Tanzes und seiner Komposition. Harrell untersucht dabei, wie K\u00f6rper zu einem Gef\u00e4\u00df f\u00fcr Erinnerung, Vergangenheit und historischen Figuren werden.<\/p>\n\n<p>Die Arbeit wurde von der Aichi Triennale (JPN), dem CNS \u2013 Centre national de la danse, Pantin (F), der 13. Gwangju Biennale (KOR), dem Ludwig Forum Aachen, dem Mudam (LUX) und dem Schauspielhaus Z\u00fcrich (CH) koproduziert.<\/p>\n\n<p>Dauer ~ 30 min. ohne Pause<\/p>\n\n<hr class=\"wp-block-separator has-css-opacity\"\/>\n\n<div class=\"wp-block-buttons is-horizontal is-content-justification-center is-layout-flex wp-container-core-buttons-is-layout-499968f5 wp-block-buttons-is-layout-flex\">\n<div class=\"wp-block-button\"><a class=\"wp-block-button__link has-white-color has-black-background-color has-text-color has-background wp-element-button\" href=\"https:\/\/ludwigforum.de\/event\/trajal-harrell\/2023-03-04\/\" target=\"_blank\" rel=\"noreferrer noopener\"><strong>Tickets<\/strong><\/a><\/div>\n<\/div>\n\n<hr class=\"wp-block-separator has-css-opacity\"\/>\n\n<figure class=\"wp-block-gallery has-nested-images columns-default is-cropped wp-block-gallery-1 is-layout-flex wp-block-gallery-is-layout-flex\">\n<figure class=\"wp-block-image size-large\"><img data-recalc-dims=\"1\" decoding=\"async\" width=\"640\" height=\"422\" data-id=\"6074\" src=\"https:\/\/i0.wp.com\/schrittmacherfestival.nl\/wp-content\/uploads\/2023\/01\/b9prjpzzsn5ugpu_photo-by-Orpheas-Emirzas-e1672911504465.webp?resize=640%2C422&#038;ssl=1\" alt=\"\" class=\"wp-image-6074\" srcset=\"https:\/\/i0.wp.com\/schrittmacherfestival.nl\/wp-content\/uploads\/2023\/01\/b9prjpzzsn5ugpu_photo-by-Orpheas-Emirzas-e1672911504465.webp?w=680&amp;ssl=1 680w, https:\/\/i0.wp.com\/schrittmacherfestival.nl\/wp-content\/uploads\/2023\/01\/b9prjpzzsn5ugpu_photo-by-Orpheas-Emirzas-e1672911504465.webp?resize=300%2C198&amp;ssl=1 300w, https:\/\/i0.wp.com\/schrittmacherfestival.nl\/wp-content\/uploads\/2023\/01\/b9prjpzzsn5ugpu_photo-by-Orpheas-Emirzas-e1672911504465.webp?resize=31%2C20&amp;ssl=1 31w\" sizes=\"(max-width: 640px) 100vw, 640px\" \/><\/figure><\/figure>\n\n<hr class=\"wp-block-separator has-css-opacity\"\/>\n","protected":false},"excerpt":{"rendered":"<p>Trajal Harrell (USA\/CH) Ludwig Forum AachenSa 04.03.2023 + So 05.03.202312.00 + 15.00 Uhrvon 3,- \u20ac | Freier Eintritt f\u00fcr Kinder und Jugendliche bis einschlie\u00dflich 21 Jahre In Kooperation mit Ludwig Forum Aachen Trajal Harrell (*1973) erlangte internationale Anerkennung f\u00fcr eine Reihe von Arbeiten, in denen er die Tradition des Voguing \u2013 ein Stil des Modern Dance, entwickelt in den sp\u00e4ten [&hellip;]<\/p>\n","protected":false},"author":1,"featured_media":0,"parent":0,"menu_order":0,"comment_status":"closed","ping_status":"closed","template":"","meta":{"_acf_changed":false,"footnotes":""},"class_list":["post-6077","page","type-page","status-publish","hentry"],"aioseo_notices":[],"acf":[],"jetpack_sharing_enabled":true,"_links":{"self":[{"href":"https:\/\/schrittmacherfestival.nl\/de\/wp-json\/wp\/v2\/pages\/6077","targetHints":{"allow":["GET"]}}],"collection":[{"href":"https:\/\/schrittmacherfestival.nl\/de\/wp-json\/wp\/v2\/pages"}],"about":[{"href":"https:\/\/schrittmacherfestival.nl\/de\/wp-json\/wp\/v2\/types\/page"}],"author":[{"embeddable":true,"href":"https:\/\/schrittmacherfestival.nl\/de\/wp-json\/wp\/v2\/users\/1"}],"replies":[{"embeddable":true,"href":"https:\/\/schrittmacherfestival.nl\/de\/wp-json\/wp\/v2\/comments?post=6077"}],"version-history":[{"count":3,"href":"https:\/\/schrittmacherfestival.nl\/de\/wp-json\/wp\/v2\/pages\/6077\/revisions"}],"predecessor-version":[{"id":6379,"href":"https:\/\/schrittmacherfestival.nl\/de\/wp-json\/wp\/v2\/pages\/6077\/revisions\/6379"}],"wp:attachment":[{"href":"https:\/\/schrittmacherfestival.nl\/de\/wp-json\/wp\/v2\/media?parent=6077"}],"curies":[{"name":"wp","href":"https:\/\/api.w.org\/{rel}","templated":true}]}}

<h1 class="has-black-color has-text-color wp-block-heading" id="hofesh-shechter-company-gbr"><strong>Trajal Harrell </strong>(USA/CH)</h1>

<p><strong>Ludwig Forum Aachen</strong><br/><strong>Sa 04.03.2023 + So 05.03.2023</strong><br/><strong>12.00 + 15.00 Uhr</strong><br/><strong>von 3,- €</strong> | <strong>Freier Eintritt für Kinder und Jugendliche bis einschließlich 21 Jahre</strong></p>

<figure class="wp-block-image alignwide size-full"><img data-recalc-dims="1" fetchpriority="high" decoding="async" width="640" height="255" src="https://i0.wp.com/schrittmacherfestival.nl/wp-content/uploads/2023/01/b9prjpzzsn5ugpu_photo-by-Orpheas-Emirzas-1-e1672911428951.webp?resize=640%2C255&#038;ssl=1" alt="" class="wp-image-6072" srcset="https://i0.wp.com/schrittmacherfestival.nl/wp-content/uploads/2023/01/b9prjpzzsn5ugpu_photo-by-Orpheas-Emirzas-1-e1672911428951.webp?w=680&amp;ssl=1 680w, https://i0.wp.com/schrittmacherfestival.nl/wp-content/uploads/2023/01/b9prjpzzsn5ugpu_photo-by-Orpheas-Emirzas-1-e1672911428951.webp?resize=300%2C120&amp;ssl=1 300w, https://i0.wp.com/schrittmacherfestival.nl/wp-content/uploads/2023/01/b9prjpzzsn5ugpu_photo-by-Orpheas-Emirzas-1-e1672911428951.webp?resize=31%2C12&amp;ssl=1 31w" sizes="(max-width: 640px) 100vw, 640px" /></figure>
<hr class="wp-block-separator has-css-opacity"/>

<h2 class="wp-block-heading">In Kooperation mit Ludwig Forum Aachen</h2>

<p>Trajal Harrell (*1973) erlangte internationale Anerkennung für eine Reihe von Arbeiten, in denen er die Tradition des Voguing – ein Stil des Modern Dance, entwickelt in den späten 1980er Jahren in der Harlemer Ballroom-Szene – mit frühem Postmodernen Tanz verbindet. In seinem neuesten Werk kombiniert er theoretische Ideen aus dem Voguing mit Gesten aus dem Butoh-Tanz, der in den späten 50er und frühen 60er Jahren in Japan entwickelt wurde. „Sister or He Buried The Body“ stellt die Verbindungen zwischen zwei scheinbar weit entfernten Tanzkulturen her und ist so eine spekulative Neuordnung der Geschichte des zeitgenössischen Tanzes und seiner Komposition. Harrell untersucht dabei, wie Körper zu einem Gefäß für Erinnerung, Vergangenheit und historischen Figuren werden.</p>

<p>Die Arbeit wurde von der Aichi Triennale (JPN), dem CNS – Centre national de la danse, Pantin (F), der 13. Gwangju Biennale (KOR), dem Ludwig Forum Aachen, dem Mudam (LUX) und dem Schauspielhaus Zürich (CH) koproduziert.</p>

<p>Dauer ~ 30 min. ohne Pause</p>

<hr class="wp-block-separator has-css-opacity"/>

<div class="wp-block-buttons is-horizontal is-content-justification-center is-layout-flex wp-container-core-buttons-is-layout-499968f5 wp-block-buttons-is-layout-flex">
<div class="wp-block-button"><a class="wp-block-button__link has-white-color has-black-background-color has-text-color has-background wp-element-button" href="https://ludwigforum.de/event/trajal-harrell/2023-03-04/" target="_blank" rel="noreferrer noopener"><strong>Tickets</strong></a></div>
</div>

<hr class="wp-block-separator has-css-opacity"/>

<figure class="wp-block-gallery has-nested-images columns-default is-cropped wp-block-gallery-1 is-layout-flex wp-block-gallery-is-layout-flex">
<figure class="wp-block-image size-large"><img data-recalc-dims="1" decoding="async" width="640" height="422" data-id="6074" src="https://i0.wp.com/schrittmacherfestival.nl/wp-content/uploads/2023/01/b9prjpzzsn5ugpu_photo-by-Orpheas-Emirzas-e1672911504465.webp?resize=640%2C422&#038;ssl=1" alt="" class="wp-image-6074" srcset="https://i0.wp.com/schrittmacherfestival.nl/wp-content/uploads/2023/01/b9prjpzzsn5ugpu_photo-by-Orpheas-Emirzas-e1672911504465.webp?w=680&amp;ssl=1 680w, https://i0.wp.com/schrittmacherfestival.nl/wp-content/uploads/2023/01/b9prjpzzsn5ugpu_photo-by-Orpheas-Emirzas-e1672911504465.webp?resize=300%2C198&amp;ssl=1 300w, https://i0.wp.com/schrittmacherfestival.nl/wp-content/uploads/2023/01/b9prjpzzsn5ugpu_photo-by-Orpheas-Emirzas-e1672911504465.webp?resize=31%2C20&amp;ssl=1 31w" sizes="(max-width: 640px) 100vw, 640px" /></figure></figure>

<hr class="wp-block-separator has-css-opacity"/>

<p>Trajal Harrell (USA/CH) Ludwig Forum AachenSa 04.03.2023 + So 05.03.202312.00 + 15.00 Uhrvon 3,- € | Freier Eintritt für Kinder und Jugendliche bis einschließlich 21 Jahre In Kooperation mit Ludwig Forum Aachen Trajal Harrell (*1973) erlangte internationale Anerkennung für eine Reihe von Arbeiten, in denen er die Tradition des Voguing – ein Stil des Modern Dance, entwickelt in den späten [&hellip;]</p>
