{"id":6807,"date":"2023-05-16T12:44:13","date_gmt":"2023-05-16T12:44:13","guid":{"rendered":"https:\/\/schrittmacherfestival.nl\/dansconcert-1-tornado\/"},"modified":"2023-12-06T08:59:21","modified_gmt":"2023-12-06T08:59:21","slug":"dansconcert-1-tornado","status":"publish","type":"page","link":"https:\/\/schrittmacherfestival.nl\/de\/dansconcert-1-tornado\/","title":{"rendered":"Dansconcert #1 &#8211; Tornado"},"content":{"rendered":"\n<h1 class=\"wp-block-heading has-black-color has-text-color\" id=\"hofesh-shechter-company-gbr\">tout petit (B) 4+<\/h1>\n\n<p><strong>THEATER HEERLEN &#8211; LIMBURGzaal<\/strong><br\/><strong>So 10.03.2024<\/strong><br\/><strong>13.30 Uhr<\/strong><br\/><strong>Von 11,50 \u20ac<\/strong><\/p>\n\n<figure class=\"wp-block-image alignwide size-large\"><img data-recalc-dims=\"1\" fetchpriority=\"high\" decoding=\"async\" width=\"640\" height=\"260\" src=\"https:\/\/i0.wp.com\/schrittmacherfestival.nl\/wp-content\/uploads\/2023\/05\/dansconcert_1_-_laure-ann_iserief_1.1230x500.jpg?resize=640%2C260&#038;ssl=1\" alt=\"\" class=\"wp-image-6798\" srcset=\"https:\/\/i0.wp.com\/schrittmacherfestival.nl\/wp-content\/uploads\/2023\/05\/dansconcert_1_-_laure-ann_iserief_1.1230x500.jpg?resize=1024%2C416&amp;ssl=1 1024w, https:\/\/i0.wp.com\/schrittmacherfestival.nl\/wp-content\/uploads\/2023\/05\/dansconcert_1_-_laure-ann_iserief_1.1230x500.jpg?resize=300%2C122&amp;ssl=1 300w, https:\/\/i0.wp.com\/schrittmacherfestival.nl\/wp-content\/uploads\/2023\/05\/dansconcert_1_-_laure-ann_iserief_1.1230x500.jpg?resize=768%2C312&amp;ssl=1 768w, https:\/\/i0.wp.com\/schrittmacherfestival.nl\/wp-content\/uploads\/2023\/05\/dansconcert_1_-_laure-ann_iserief_1.1230x500.jpg?resize=31%2C13&amp;ssl=1 31w, https:\/\/i0.wp.com\/schrittmacherfestival.nl\/wp-content\/uploads\/2023\/05\/dansconcert_1_-_laure-ann_iserief_1.1230x500.jpg?w=1230&amp;ssl=1 1230w\" sizes=\"(max-width: 640px) 100vw, 640px\" \/><\/figure>\n\n<hr class=\"wp-block-separator has-css-opacity\"\/>\n\n<h2 class=\"wp-block-heading\">Eine mitrei\u00dfende Vorstellung fu\u0308r die ganze Familie.<\/h2>\n\n<p><strong><\/strong>\u00a0<\/p>\n\n<p>\u201eDansconcert #1\u201c ist Tanzauffu\u0308hrung und Konzert zugleich. Musik und Tanz sind so ansteckend, dass Stillsitzen unm\u00f6glich ist. Ein intimes und geheimnisvolles musikalisches Ph\u00e4nomen pr\u00e4sentiert dem Publikum eine ansteckende Basslinie und gibt die Richtung vor: von langsam bis schnell, von hoch bis tief. Gemeinsam&#13;\nbegleiten Musiker*innen und T\u00e4nzer*innen das Publikum&#13;\nzum feierlichen funky Finale. Let the party begin! Tanzen Sie mit?<\/p>\n\n<h3 class=\"wp-block-heading\"> <\/h3>\n\n<p> <\/p>\n\n<p>50 min. ohne Pause<\/p>\n\n<hr class=\"wp-block-separator has-css-opacity\"\/>\n\n<div class=\"wp-block-buttons is-horizontal is-content-justification-center is-layout-flex wp-container-core-buttons-is-layout-499968f5 wp-block-buttons-is-layout-flex\">\n<div class=\"wp-block-button\"><a class=\"wp-block-button__link has-white-color has-black-background-color has-text-color has-background wp-element-button\" href=\"https:\/\/www.plt.nl\/bestel\/10928\" target=\"_blank\" rel=\"noreferrer noopener\"><strong>Tickets So 10.03 | 13.30 Uhr<\/strong><\/a><\/div>\n<\/div>\n\n<hr class=\"wp-block-separator has-css-opacity\"\/>\n\n<figure class=\"wp-block-embed is-type-video is-provider-vimeo wp-block-embed-vimeo wp-embed-aspect-21-9 wp-has-aspect-ratio\"><div class=\"wp-block-embed__wrapper\">\r\n<div class=\"jetpack-video-wrapper\"><iframe title=\"Dansconcert #1 - Tornado, Trailer.mov\" src=\"https:\/\/player.vimeo.com\/video\/809719513?dnt=1&amp;app_id=122963\" width=\"640\" height=\"268\" frameborder=\"0\" allow=\"autoplay; fullscreen; picture-in-picture; clipboard-write\"><\/iframe><\/div>\r\n<\/div><\/figure>\r\n\n<hr class=\"wp-block-separator has-css-opacity\"\/>\n\n<figure class=\"wp-block-gallery has-nested-images columns-default is-cropped wp-block-gallery-1 is-layout-flex wp-block-gallery-is-layout-flex\">\n<figure class=\"wp-block-image size-large\"><img data-recalc-dims=\"1\" decoding=\"async\" width=\"600\" height=\"399\" data-id=\"6802\" src=\"https:\/\/i0.wp.com\/schrittmacherfestival.nl\/wp-content\/uploads\/2023\/05\/dansconcert_1_-_laure-ann_iserief_4.600x800.jpg?resize=600%2C399&#038;ssl=1\" alt=\"\" class=\"wp-image-6802\" srcset=\"https:\/\/i0.wp.com\/schrittmacherfestival.nl\/wp-content\/uploads\/2023\/05\/dansconcert_1_-_laure-ann_iserief_4.600x800.jpg?w=600&amp;ssl=1 600w, https:\/\/i0.wp.com\/schrittmacherfestival.nl\/wp-content\/uploads\/2023\/05\/dansconcert_1_-_laure-ann_iserief_4.600x800.jpg?resize=300%2C200&amp;ssl=1 300w, https:\/\/i0.wp.com\/schrittmacherfestival.nl\/wp-content\/uploads\/2023\/05\/dansconcert_1_-_laure-ann_iserief_4.600x800.jpg?resize=31%2C21&amp;ssl=1 31w\" sizes=\"(max-width: 600px) 100vw, 600px\" \/><\/figure>\n\n\n\n<figure class=\"wp-block-image size-large\"><img data-recalc-dims=\"1\" decoding=\"async\" width=\"600\" height=\"400\" data-id=\"6804\" src=\"https:\/\/i0.wp.com\/schrittmacherfestival.nl\/wp-content\/uploads\/2023\/05\/dansconcert_1_-_laure-ann_iserief_2.600x800.jpg?resize=600%2C400&#038;ssl=1\" alt=\"\" class=\"wp-image-6804\" srcset=\"https:\/\/i0.wp.com\/schrittmacherfestival.nl\/wp-content\/uploads\/2023\/05\/dansconcert_1_-_laure-ann_iserief_2.600x800.jpg?w=600&amp;ssl=1 600w, https:\/\/i0.wp.com\/schrittmacherfestival.nl\/wp-content\/uploads\/2023\/05\/dansconcert_1_-_laure-ann_iserief_2.600x800.jpg?resize=300%2C200&amp;ssl=1 300w, https:\/\/i0.wp.com\/schrittmacherfestival.nl\/wp-content\/uploads\/2023\/05\/dansconcert_1_-_laure-ann_iserief_2.600x800.jpg?resize=31%2C21&amp;ssl=1 31w\" sizes=\"(max-width: 600px) 100vw, 600px\" \/><\/figure>\n<\/figure>\n\n<hr class=\"wp-block-separator has-css-opacity\"\/>\n","protected":false},"excerpt":{"rendered":"<p>tout petit (B) 4+ THEATER HEERLEN &#8211; LIMBURGzaalSo 10.03.202413.30 UhrVon 11,50 \u20ac Eine mitrei\u00dfende Vorstellung fu\u0308r die ganze Familie. \u00a0 \u201eDansconcert #1\u201c ist Tanzauffu\u0308hrung und Konzert zugleich. Musik und Tanz sind so ansteckend, dass Stillsitzen unm\u00f6glich ist. Ein intimes und geheimnisvolles musikalisches Ph\u00e4nomen pr\u00e4sentiert dem Publikum eine ansteckende Basslinie und gibt die Richtung vor: von langsam bis schnell, von hoch [&hellip;]<\/p>\n","protected":false},"author":1,"featured_media":0,"parent":0,"menu_order":0,"comment_status":"closed","ping_status":"closed","template":"","meta":{"_acf_changed":false,"footnotes":""},"class_list":["post-6807","page","type-page","status-publish","hentry"],"aioseo_notices":[],"acf":[],"jetpack_sharing_enabled":true,"_links":{"self":[{"href":"https:\/\/schrittmacherfestival.nl\/de\/wp-json\/wp\/v2\/pages\/6807","targetHints":{"allow":["GET"]}}],"collection":[{"href":"https:\/\/schrittmacherfestival.nl\/de\/wp-json\/wp\/v2\/pages"}],"about":[{"href":"https:\/\/schrittmacherfestival.nl\/de\/wp-json\/wp\/v2\/types\/page"}],"author":[{"embeddable":true,"href":"https:\/\/schrittmacherfestival.nl\/de\/wp-json\/wp\/v2\/users\/1"}],"replies":[{"embeddable":true,"href":"https:\/\/schrittmacherfestival.nl\/de\/wp-json\/wp\/v2\/comments?post=6807"}],"version-history":[{"count":6,"href":"https:\/\/schrittmacherfestival.nl\/de\/wp-json\/wp\/v2\/pages\/6807\/revisions"}],"predecessor-version":[{"id":7164,"href":"https:\/\/schrittmacherfestival.nl\/de\/wp-json\/wp\/v2\/pages\/6807\/revisions\/7164"}],"wp:attachment":[{"href":"https:\/\/schrittmacherfestival.nl\/de\/wp-json\/wp\/v2\/media?parent=6807"}],"curies":[{"name":"wp","href":"https:\/\/api.w.org\/{rel}","templated":true}]}}

<h1 class="wp-block-heading has-black-color has-text-color" id="hofesh-shechter-company-gbr">tout petit (B) 4+</h1>

<p><strong>THEATER HEERLEN &#8211; LIMBURGzaal</strong><br/><strong>So 10.03.2024</strong><br/><strong>13.30 Uhr</strong><br/><strong>Von 11,50 €</strong></p>

<figure class="wp-block-image alignwide size-large"><img data-recalc-dims="1" fetchpriority="high" decoding="async" width="640" height="260" src="https://i0.wp.com/schrittmacherfestival.nl/wp-content/uploads/2023/05/dansconcert_1_-_laure-ann_iserief_1.1230x500.jpg?resize=640%2C260&#038;ssl=1" alt="" class="wp-image-6798" srcset="https://i0.wp.com/schrittmacherfestival.nl/wp-content/uploads/2023/05/dansconcert_1_-_laure-ann_iserief_1.1230x500.jpg?resize=1024%2C416&amp;ssl=1 1024w, https://i0.wp.com/schrittmacherfestival.nl/wp-content/uploads/2023/05/dansconcert_1_-_laure-ann_iserief_1.1230x500.jpg?resize=300%2C122&amp;ssl=1 300w, https://i0.wp.com/schrittmacherfestival.nl/wp-content/uploads/2023/05/dansconcert_1_-_laure-ann_iserief_1.1230x500.jpg?resize=768%2C312&amp;ssl=1 768w, https://i0.wp.com/schrittmacherfestival.nl/wp-content/uploads/2023/05/dansconcert_1_-_laure-ann_iserief_1.1230x500.jpg?resize=31%2C13&amp;ssl=1 31w, https://i0.wp.com/schrittmacherfestival.nl/wp-content/uploads/2023/05/dansconcert_1_-_laure-ann_iserief_1.1230x500.jpg?w=1230&amp;ssl=1 1230w" sizes="(max-width: 640px) 100vw, 640px" /></figure>

<hr class="wp-block-separator has-css-opacity"/>

<h2 class="wp-block-heading">Eine mitreißende Vorstellung für die ganze Familie.</h2>

<p><strong></strong> </p>

<p>„Dansconcert #1“ ist Tanzaufführung und Konzert zugleich. Musik und Tanz sind so ansteckend, dass Stillsitzen unmöglich ist. Ein intimes und geheimnisvolles musikalisches Phänomen präsentiert dem Publikum eine ansteckende Basslinie und gibt die Richtung vor: von langsam bis schnell, von hoch bis tief. Gemeinsam&#13;
begleiten Musiker*innen und Tänzer*innen das Publikum&#13;
zum feierlichen funky Finale. Let the party begin! Tanzen Sie mit?</p>

<h3 class="wp-block-heading"> </h3>

<p> </p>

<p>50 min. ohne Pause</p>

<hr class="wp-block-separator has-css-opacity"/>

<div class="wp-block-buttons is-horizontal is-content-justification-center is-layout-flex wp-container-core-buttons-is-layout-499968f5 wp-block-buttons-is-layout-flex">
<div class="wp-block-button"><a class="wp-block-button__link has-white-color has-black-background-color has-text-color has-background wp-element-button" href="https://www.plt.nl/bestel/10928" target="_blank" rel="noreferrer noopener"><strong>Tickets So 10.03 | 13.30 Uhr</strong></a></div>
</div>

<hr class="wp-block-separator has-css-opacity"/>

<figure class="wp-block-embed is-type-video is-provider-vimeo wp-block-embed-vimeo wp-embed-aspect-21-9 wp-has-aspect-ratio"><div class="wp-block-embed__wrapper">
<div class="jetpack-video-wrapper"><iframe title="Dansconcert #1 - Tornado, Trailer.mov" src="https://player.vimeo.com/video/809719513?dnt=1&amp;app_id=122963" width="640" height="268" frameborder="0" allow="autoplay; fullscreen; picture-in-picture; clipboard-write"></iframe></div>
</div></figure>

<hr class="wp-block-separator has-css-opacity"/>

<figure class="wp-block-gallery has-nested-images columns-default is-cropped wp-block-gallery-1 is-layout-flex wp-block-gallery-is-layout-flex">
<figure class="wp-block-image size-large"><img data-recalc-dims="1" decoding="async" width="600" height="399" data-id="6802" src="https://i0.wp.com/schrittmacherfestival.nl/wp-content/uploads/2023/05/dansconcert_1_-_laure-ann_iserief_4.600x800.jpg?resize=600%2C399&#038;ssl=1" alt="" class="wp-image-6802" srcset="https://i0.wp.com/schrittmacherfestival.nl/wp-content/uploads/2023/05/dansconcert_1_-_laure-ann_iserief_4.600x800.jpg?w=600&amp;ssl=1 600w, https://i0.wp.com/schrittmacherfestival.nl/wp-content/uploads/2023/05/dansconcert_1_-_laure-ann_iserief_4.600x800.jpg?resize=300%2C200&amp;ssl=1 300w, https://i0.wp.com/schrittmacherfestival.nl/wp-content/uploads/2023/05/dansconcert_1_-_laure-ann_iserief_4.600x800.jpg?resize=31%2C21&amp;ssl=1 31w" sizes="(max-width: 600px) 100vw, 600px" /></figure>



<figure class="wp-block-image size-large"><img data-recalc-dims="1" decoding="async" width="600" height="400" data-id="6804" src="https://i0.wp.com/schrittmacherfestival.nl/wp-content/uploads/2023/05/dansconcert_1_-_laure-ann_iserief_2.600x800.jpg?resize=600%2C400&#038;ssl=1" alt="" class="wp-image-6804" srcset="https://i0.wp.com/schrittmacherfestival.nl/wp-content/uploads/2023/05/dansconcert_1_-_laure-ann_iserief_2.600x800.jpg?w=600&amp;ssl=1 600w, https://i0.wp.com/schrittmacherfestival.nl/wp-content/uploads/2023/05/dansconcert_1_-_laure-ann_iserief_2.600x800.jpg?resize=300%2C200&amp;ssl=1 300w, https://i0.wp.com/schrittmacherfestival.nl/wp-content/uploads/2023/05/dansconcert_1_-_laure-ann_iserief_2.600x800.jpg?resize=31%2C21&amp;ssl=1 31w" sizes="(max-width: 600px) 100vw, 600px" /></figure>
</figure>

<hr class="wp-block-separator has-css-opacity"/>

<p>tout petit (B) 4+ THEATER HEERLEN &#8211; LIMBURGzaalSo 10.03.202413.30 UhrVon 11,50 € Eine mitreißende Vorstellung für die ganze Familie.   „Dansconcert #1“ ist Tanzaufführung und Konzert zugleich. Musik und Tanz sind so ansteckend, dass Stillsitzen unmöglich ist. Ein intimes und geheimnisvolles musikalisches Phänomen präsentiert dem Publikum eine ansteckende Basslinie und gibt die Richtung vor: von langsam bis schnell, von hoch [&hellip;]</p>
