{"id":6822,"date":"2023-05-16T13:00:11","date_gmt":"2023-05-16T13:00:11","guid":{"rendered":"https:\/\/schrittmacherfestival.nl\/koro-koro\/"},"modified":"2023-12-06T09:11:37","modified_gmt":"2023-12-06T09:11:37","slug":"koro-koro","status":"publish","type":"page","link":"https:\/\/schrittmacherfestival.nl\/de\/koro-koro\/","title":{"rendered":"Koro Koro"},"content":{"rendered":"\n<h1 class=\"wp-block-heading has-black-color has-text-color\" id=\"hofesh-shechter-company-gbr\">Wonderland Collectief &#8211; Makiko Ito (JPN) 0,5 \u2013 1,5 jaar<\/h1>\n\n<p><strong>THEATER HEERLEN &#8211; VEBEGOfoyer<\/strong><br\/><strong>So 10.03.2024<\/strong><br\/><strong>10.30 + 12.30 Uhr<\/strong><br\/><strong>Von 9,50 \u20ac<\/strong><\/p>\n\n<figure class=\"wp-block-image alignwide size-large\"><img data-recalc-dims=\"1\" fetchpriority=\"high\" decoding=\"async\" width=\"640\" height=\"260\" src=\"https:\/\/i0.wp.com\/schrittmacherfestival.nl\/wp-content\/uploads\/2023\/05\/makiko-ito-koro-koro-_c_-saris-en-den-engelsman-11.1230x500.jpg?resize=640%2C260&#038;ssl=1\" alt=\"\" class=\"wp-image-6814\" srcset=\"https:\/\/i0.wp.com\/schrittmacherfestival.nl\/wp-content\/uploads\/2023\/05\/makiko-ito-koro-koro-_c_-saris-en-den-engelsman-11.1230x500.jpg?resize=1024%2C416&amp;ssl=1 1024w, https:\/\/i0.wp.com\/schrittmacherfestival.nl\/wp-content\/uploads\/2023\/05\/makiko-ito-koro-koro-_c_-saris-en-den-engelsman-11.1230x500.jpg?resize=300%2C122&amp;ssl=1 300w, https:\/\/i0.wp.com\/schrittmacherfestival.nl\/wp-content\/uploads\/2023\/05\/makiko-ito-koro-koro-_c_-saris-en-den-engelsman-11.1230x500.jpg?resize=768%2C312&amp;ssl=1 768w, https:\/\/i0.wp.com\/schrittmacherfestival.nl\/wp-content\/uploads\/2023\/05\/makiko-ito-koro-koro-_c_-saris-en-den-engelsman-11.1230x500.jpg?resize=31%2C13&amp;ssl=1 31w, https:\/\/i0.wp.com\/schrittmacherfestival.nl\/wp-content\/uploads\/2023\/05\/makiko-ito-koro-koro-_c_-saris-en-den-engelsman-11.1230x500.jpg?w=1230&amp;ssl=1 1230w\" sizes=\"(max-width: 640px) 100vw, 640px\" \/><\/figure>\n\n<hr class=\"wp-block-separator has-css-opacity\"\/>\n\n<h2 class=\"wp-block-heading\">Ein magisches Spiel fu\u0308r die Allerkleinsten.<\/h2>\n\n<p> <\/p>\n\n<p>Koro Koro ist Japanisch fu\u0308r \u201eetwas, das rollt\u201c. In dieser&#13;\nkleinen, intimen und interaktiven Vorstellung der japanischen Choreografin und T\u00e4nzerin Makiko Ito laufen die T\u00e4nzer*innen und Musiker* innen im Kreis. Sie rollen, gleiten, springen und umringen die Babys mit Kl\u00e4ngen. Gemeinsam improvisieren&#13;\nsie zu den Bewegungen und Ger\u00e4uschen des&#13;\njungen Publikums. So entsteht vor Ort ein anru\u0308hrender, einzigartiger Dialog zwischen Ku\u0308nstler*innen,Babys und Kleinkindern. Jede Vorstellung ist ein einzigartiges Erlebnis.<\/p>\n\n<h3 class=\"wp-block-heading\"> <\/h3>\n\n<p> <\/p>\n\n<p>~ 45 min. ohne Pause<\/p>\n\n<hr class=\"wp-block-separator has-css-opacity\"\/>\n\n<div class=\"wp-block-buttons is-horizontal is-content-justification-center is-layout-flex wp-container-core-buttons-is-layout-499968f5 wp-block-buttons-is-layout-flex\">\n<div class=\"wp-block-button\"><a class=\"wp-block-button__link has-white-color has-black-background-color has-text-color has-background wp-element-button\" href=\"https:\/\/www.plt.nl\/bestel\/10929\" target=\"_blank\" rel=\"noreferrer noopener\"><strong>Tickets So 10.03 | 10.30 Uhr<\/strong><\/a><\/div>\n\n\n\n<div class=\"wp-block-button\"><a class=\"wp-block-button__link has-white-color has-black-background-color has-text-color has-background wp-element-button\" href=\"https:\/\/www.plt.nl\/bestel\/10930\" target=\"_blank\" rel=\"noreferrer noopener\"><strong>Tickets So 10.03 | 12.30 Uhr<\/strong><\/a><\/div>\n<\/div>\n\n<hr class=\"wp-block-separator has-css-opacity\"\/>\n\n<figure class=\"wp-block-gallery has-nested-images columns-default is-cropped wp-block-gallery-1 is-layout-flex wp-block-gallery-is-layout-flex\">\n<figure class=\"wp-block-image size-large\"><img data-recalc-dims=\"1\" decoding=\"async\" width=\"536\" height=\"800\" data-id=\"6817\" src=\"https:\/\/i0.wp.com\/schrittmacherfestival.nl\/wp-content\/uploads\/2023\/05\/makiko-ito-koro-koro-_c_-saris-en-den-engelsman-31.600x800.jpg?resize=536%2C800&#038;ssl=1\" alt=\"\" class=\"wp-image-6817\" srcset=\"https:\/\/i0.wp.com\/schrittmacherfestival.nl\/wp-content\/uploads\/2023\/05\/makiko-ito-koro-koro-_c_-saris-en-den-engelsman-31.600x800.jpg?w=536&amp;ssl=1 536w, https:\/\/i0.wp.com\/schrittmacherfestival.nl\/wp-content\/uploads\/2023\/05\/makiko-ito-koro-koro-_c_-saris-en-den-engelsman-31.600x800.jpg?resize=201%2C300&amp;ssl=1 201w, https:\/\/i0.wp.com\/schrittmacherfestival.nl\/wp-content\/uploads\/2023\/05\/makiko-ito-koro-koro-_c_-saris-en-den-engelsman-31.600x800.jpg?resize=18%2C27&amp;ssl=1 18w\" sizes=\"(max-width: 536px) 100vw, 536px\" \/><\/figure>\n\n\n\n<figure class=\"wp-block-image size-large\"><img data-recalc-dims=\"1\" decoding=\"async\" width=\"640\" height=\"426\" data-id=\"6819\" src=\"https:\/\/i0.wp.com\/schrittmacherfestival.nl\/wp-content\/uploads\/2023\/05\/makiko-ito-koro-koro-_c_-saris-en-den-engelsman-21.1200x1400.jpg?resize=640%2C426&#038;ssl=1\" alt=\"\" class=\"wp-image-6819\" srcset=\"https:\/\/i0.wp.com\/schrittmacherfestival.nl\/wp-content\/uploads\/2023\/05\/makiko-ito-koro-koro-_c_-saris-en-den-engelsman-21.1200x1400.jpg?resize=1024%2C681&amp;ssl=1 1024w, https:\/\/i0.wp.com\/schrittmacherfestival.nl\/wp-content\/uploads\/2023\/05\/makiko-ito-koro-koro-_c_-saris-en-den-engelsman-21.1200x1400.jpg?resize=300%2C200&amp;ssl=1 300w, https:\/\/i0.wp.com\/schrittmacherfestival.nl\/wp-content\/uploads\/2023\/05\/makiko-ito-koro-koro-_c_-saris-en-den-engelsman-21.1200x1400.jpg?resize=768%2C511&amp;ssl=1 768w, https:\/\/i0.wp.com\/schrittmacherfestival.nl\/wp-content\/uploads\/2023\/05\/makiko-ito-koro-koro-_c_-saris-en-den-engelsman-21.1200x1400.jpg?resize=600%2C400&amp;ssl=1 600w, https:\/\/i0.wp.com\/schrittmacherfestival.nl\/wp-content\/uploads\/2023\/05\/makiko-ito-koro-koro-_c_-saris-en-den-engelsman-21.1200x1400.jpg?resize=31%2C21&amp;ssl=1 31w, https:\/\/i0.wp.com\/schrittmacherfestival.nl\/wp-content\/uploads\/2023\/05\/makiko-ito-koro-koro-_c_-saris-en-den-engelsman-21.1200x1400.jpg?w=1200&amp;ssl=1 1200w\" sizes=\"(max-width: 640px) 100vw, 640px\" \/><\/figure>\n<\/figure>\n\n<hr class=\"wp-block-separator has-css-opacity\"\/>\n","protected":false},"excerpt":{"rendered":"<p>Wonderland Collectief &#8211; Makiko Ito (JPN) 0,5 \u2013 1,5 jaar THEATER HEERLEN &#8211; VEBEGOfoyerSo 10.03.202410.30 + 12.30 UhrVon 9,50 \u20ac Ein magisches Spiel fu\u0308r die Allerkleinsten. Koro Koro ist Japanisch fu\u0308r \u201eetwas, das rollt\u201c. In dieser&#13; kleinen, intimen und interaktiven Vorstellung der japanischen Choreografin und T\u00e4nzerin Makiko Ito laufen die T\u00e4nzer*innen und Musiker* innen im Kreis. Sie rollen, gleiten, springen [&hellip;]<\/p>\n","protected":false},"author":1,"featured_media":0,"parent":0,"menu_order":0,"comment_status":"closed","ping_status":"closed","template":"","meta":{"_acf_changed":false,"footnotes":""},"class_list":["post-6822","page","type-page","status-publish","hentry"],"aioseo_notices":[],"acf":[],"jetpack_sharing_enabled":true,"_links":{"self":[{"href":"https:\/\/schrittmacherfestival.nl\/de\/wp-json\/wp\/v2\/pages\/6822","targetHints":{"allow":["GET"]}}],"collection":[{"href":"https:\/\/schrittmacherfestival.nl\/de\/wp-json\/wp\/v2\/pages"}],"about":[{"href":"https:\/\/schrittmacherfestival.nl\/de\/wp-json\/wp\/v2\/types\/page"}],"author":[{"embeddable":true,"href":"https:\/\/schrittmacherfestival.nl\/de\/wp-json\/wp\/v2\/users\/1"}],"replies":[{"embeddable":true,"href":"https:\/\/schrittmacherfestival.nl\/de\/wp-json\/wp\/v2\/comments?post=6822"}],"version-history":[{"count":4,"href":"https:\/\/schrittmacherfestival.nl\/de\/wp-json\/wp\/v2\/pages\/6822\/revisions"}],"predecessor-version":[{"id":7172,"href":"https:\/\/schrittmacherfestival.nl\/de\/wp-json\/wp\/v2\/pages\/6822\/revisions\/7172"}],"wp:attachment":[{"href":"https:\/\/schrittmacherfestival.nl\/de\/wp-json\/wp\/v2\/media?parent=6822"}],"curies":[{"name":"wp","href":"https:\/\/api.w.org\/{rel}","templated":true}]}}

<h1 class="wp-block-heading has-black-color has-text-color" id="hofesh-shechter-company-gbr">Wonderland Collectief &#8211; Makiko Ito (JPN) 0,5 – 1,5 jaar</h1>

<p><strong>THEATER HEERLEN &#8211; VEBEGOfoyer</strong><br/><strong>So 10.03.2024</strong><br/><strong>10.30 + 12.30 Uhr</strong><br/><strong>Von 9,50 €</strong></p>

<figure class="wp-block-image alignwide size-large"><img data-recalc-dims="1" fetchpriority="high" decoding="async" width="640" height="260" src="https://i0.wp.com/schrittmacherfestival.nl/wp-content/uploads/2023/05/makiko-ito-koro-koro-_c_-saris-en-den-engelsman-11.1230x500.jpg?resize=640%2C260&#038;ssl=1" alt="" class="wp-image-6814" srcset="https://i0.wp.com/schrittmacherfestival.nl/wp-content/uploads/2023/05/makiko-ito-koro-koro-_c_-saris-en-den-engelsman-11.1230x500.jpg?resize=1024%2C416&amp;ssl=1 1024w, https://i0.wp.com/schrittmacherfestival.nl/wp-content/uploads/2023/05/makiko-ito-koro-koro-_c_-saris-en-den-engelsman-11.1230x500.jpg?resize=300%2C122&amp;ssl=1 300w, https://i0.wp.com/schrittmacherfestival.nl/wp-content/uploads/2023/05/makiko-ito-koro-koro-_c_-saris-en-den-engelsman-11.1230x500.jpg?resize=768%2C312&amp;ssl=1 768w, https://i0.wp.com/schrittmacherfestival.nl/wp-content/uploads/2023/05/makiko-ito-koro-koro-_c_-saris-en-den-engelsman-11.1230x500.jpg?resize=31%2C13&amp;ssl=1 31w, https://i0.wp.com/schrittmacherfestival.nl/wp-content/uploads/2023/05/makiko-ito-koro-koro-_c_-saris-en-den-engelsman-11.1230x500.jpg?w=1230&amp;ssl=1 1230w" sizes="(max-width: 640px) 100vw, 640px" /></figure>

<hr class="wp-block-separator has-css-opacity"/>

<h2 class="wp-block-heading">Ein magisches Spiel für die Allerkleinsten.</h2>

<p> </p>

<p>Koro Koro ist Japanisch für „etwas, das rollt“. In dieser&#13;
kleinen, intimen und interaktiven Vorstellung der japanischen Choreografin und Tänzerin Makiko Ito laufen die Tänzer*innen und Musiker* innen im Kreis. Sie rollen, gleiten, springen und umringen die Babys mit Klängen. Gemeinsam improvisieren&#13;
sie zu den Bewegungen und Geräuschen des&#13;
jungen Publikums. So entsteht vor Ort ein anrührender, einzigartiger Dialog zwischen Künstler*innen,Babys und Kleinkindern. Jede Vorstellung ist ein einzigartiges Erlebnis.</p>

<h3 class="wp-block-heading"> </h3>

<p> </p>

<p>~ 45 min. ohne Pause</p>

<hr class="wp-block-separator has-css-opacity"/>

<div class="wp-block-buttons is-horizontal is-content-justification-center is-layout-flex wp-container-core-buttons-is-layout-499968f5 wp-block-buttons-is-layout-flex">
<div class="wp-block-button"><a class="wp-block-button__link has-white-color has-black-background-color has-text-color has-background wp-element-button" href="https://www.plt.nl/bestel/10929" target="_blank" rel="noreferrer noopener"><strong>Tickets So 10.03 | 10.30 Uhr</strong></a></div>



<div class="wp-block-button"><a class="wp-block-button__link has-white-color has-black-background-color has-text-color has-background wp-element-button" href="https://www.plt.nl/bestel/10930" target="_blank" rel="noreferrer noopener"><strong>Tickets So 10.03 | 12.30 Uhr</strong></a></div>
</div>

<hr class="wp-block-separator has-css-opacity"/>

<figure class="wp-block-gallery has-nested-images columns-default is-cropped wp-block-gallery-1 is-layout-flex wp-block-gallery-is-layout-flex">
<figure class="wp-block-image size-large"><img data-recalc-dims="1" decoding="async" width="536" height="800" data-id="6817" src="https://i0.wp.com/schrittmacherfestival.nl/wp-content/uploads/2023/05/makiko-ito-koro-koro-_c_-saris-en-den-engelsman-31.600x800.jpg?resize=536%2C800&#038;ssl=1" alt="" class="wp-image-6817" srcset="https://i0.wp.com/schrittmacherfestival.nl/wp-content/uploads/2023/05/makiko-ito-koro-koro-_c_-saris-en-den-engelsman-31.600x800.jpg?w=536&amp;ssl=1 536w, https://i0.wp.com/schrittmacherfestival.nl/wp-content/uploads/2023/05/makiko-ito-koro-koro-_c_-saris-en-den-engelsman-31.600x800.jpg?resize=201%2C300&amp;ssl=1 201w, https://i0.wp.com/schrittmacherfestival.nl/wp-content/uploads/2023/05/makiko-ito-koro-koro-_c_-saris-en-den-engelsman-31.600x800.jpg?resize=18%2C27&amp;ssl=1 18w" sizes="(max-width: 536px) 100vw, 536px" /></figure>



<figure class="wp-block-image size-large"><img data-recalc-dims="1" decoding="async" width="640" height="426" data-id="6819" src="https://i0.wp.com/schrittmacherfestival.nl/wp-content/uploads/2023/05/makiko-ito-koro-koro-_c_-saris-en-den-engelsman-21.1200x1400.jpg?resize=640%2C426&#038;ssl=1" alt="" class="wp-image-6819" srcset="https://i0.wp.com/schrittmacherfestival.nl/wp-content/uploads/2023/05/makiko-ito-koro-koro-_c_-saris-en-den-engelsman-21.1200x1400.jpg?resize=1024%2C681&amp;ssl=1 1024w, https://i0.wp.com/schrittmacherfestival.nl/wp-content/uploads/2023/05/makiko-ito-koro-koro-_c_-saris-en-den-engelsman-21.1200x1400.jpg?resize=300%2C200&amp;ssl=1 300w, https://i0.wp.com/schrittmacherfestival.nl/wp-content/uploads/2023/05/makiko-ito-koro-koro-_c_-saris-en-den-engelsman-21.1200x1400.jpg?resize=768%2C511&amp;ssl=1 768w, https://i0.wp.com/schrittmacherfestival.nl/wp-content/uploads/2023/05/makiko-ito-koro-koro-_c_-saris-en-den-engelsman-21.1200x1400.jpg?resize=600%2C400&amp;ssl=1 600w, https://i0.wp.com/schrittmacherfestival.nl/wp-content/uploads/2023/05/makiko-ito-koro-koro-_c_-saris-en-den-engelsman-21.1200x1400.jpg?resize=31%2C21&amp;ssl=1 31w, https://i0.wp.com/schrittmacherfestival.nl/wp-content/uploads/2023/05/makiko-ito-koro-koro-_c_-saris-en-den-engelsman-21.1200x1400.jpg?w=1200&amp;ssl=1 1200w" sizes="(max-width: 640px) 100vw, 640px" /></figure>
</figure>

<hr class="wp-block-separator has-css-opacity"/>

<p>Wonderland Collectief &#8211; Makiko Ito (JPN) 0,5 – 1,5 jaar THEATER HEERLEN &#8211; VEBEGOfoyerSo 10.03.202410.30 + 12.30 UhrVon 9,50 € Ein magisches Spiel für die Allerkleinsten. Koro Koro ist Japanisch für „etwas, das rollt“. In dieser&#13; kleinen, intimen und interaktiven Vorstellung der japanischen Choreografin und Tänzerin Makiko Ito laufen die Tänzer*innen und Musiker* innen im Kreis. Sie rollen, gleiten, springen [&hellip;]</p>
