{"id":7459,"date":"2023-12-11T13:54:42","date_gmt":"2023-12-11T13:54:42","guid":{"rendered":"https:\/\/schrittmacherfestival.nl\/la-singla\/"},"modified":"2023-12-12T10:13:13","modified_gmt":"2023-12-12T10:13:13","slug":"la-singla","status":"publish","type":"page","link":"https:\/\/schrittmacherfestival.nl\/de\/la-singla\/","title":{"rendered":"La Singla"},"content":{"rendered":"\n<h1 class=\"wp-block-heading has-black-color has-text-color\" id=\"hofesh-shechter-company-gbr\"><strong>Regie: Paloma Zapata<\/strong>, 2023\u00a0<strong>(E)<\/strong><\/h1>\n\n<p><strong>Eden Palast Aachen<\/strong><br\/><strong>wo 14.02.2024<\/strong><br\/><strong>19.30 Uhr<\/strong><br\/><strong>Von 6,90 \u20ac<\/strong><\/p>\n\n<figure class=\"wp-block-image alignwide size-full\"><img data-recalc-dims=\"1\" fetchpriority=\"high\" decoding=\"async\" width=\"640\" height=\"267\" src=\"https:\/\/i0.wp.com\/schrittmacherfestival.nl\/wp-content\/uploads\/2023\/12\/smf_24_D_movies_LA-SINGLA-criseanshinecinema-e1702302419444.jpg?resize=640%2C267&#038;ssl=1\" alt=\"\" class=\"wp-image-7450\"\/><\/figure>\n\n<hr class=\"wp-block-separator has-css-opacity\"\/>\n\n<p>Der Film erz\u00e4hlt die unglaubliche Geschichte von Anto\u00f1ita &#8222;La Singla&#8220;, der Flamenco-T\u00e4nzerin, die in den 1960er Jahren Spanien und den Rest der Welt im Sturm eroberte. Sie ging mit Ella Fitzgerald auf Tournee, tanzte sogar fu\u0308r Dal\u00ed und trat im Olympia in Paris auf. Marcel Duchamp bewunderte sie und Jean Cocteau sagte u\u0308ber sie, sie &#8222;spuckte Feuer aus ihrem Mund und l\u00f6schte es mit ihren Fu\u0308\u00dfen&#8220;. Was diese Geschichte so anders und mystisch macht, ist die Tatsache, dass &#8222;La Singla&#8220; durch eine Infektion ihr Geh\u00f6r verlor und auf dem H\u00f6hepunkt ihrer Karriere pl\u00f6tzlich spurlos verschwand.<\/p>\n\n<p>Fu\u0308nf Jahrzehnte sp\u00e4ter rekonstruiert Paloma Zapata das Leben und die Trag\u00f6die von &#8222;La Singla&#8220;. Eine Geschichte u\u0308ber einen einst gefeierten jungen Flamen &#8211; co-Star, die so packend ist wie &#8222;Searching for Sugar Man&#8220;. (Quelle: Verleih Rise and Shine Cinema UG)<\/p>\n\n<p>Biopic \/ Dokumentarfilm<br\/>Deutsche Synchronisierung<br\/>95 min.<br\/>FSK 6<\/p>\n\n<p>In Kooperation mit Kinofamilie Stu\u0308rtz<\/p>\n\n<hr class=\"wp-block-separator has-css-opacity\"\/>\n\n<div class=\"wp-block-buttons is-horizontal is-content-justification-center is-layout-flex wp-container-core-buttons-is-layout-499968f5 wp-block-buttons-is-layout-flex\">\n<div class=\"wp-block-button\"><a class=\"wp-block-button__link has-white-color has-black-background-color has-text-color has-background wp-element-button\" href=\"http:\/\/www.cineplex.de\/aachen\" target=\"_blank\" rel=\"noreferrer noopener\"><strong>Tickets Mi 14.02 | 19.30 Uhr<\/strong><\/a><\/div>\n<\/div>\n\n<hr class=\"wp-block-separator has-css-opacity\"\/>\n\n<figure class=\"wp-block-embed is-type-video is-provider-youtube wp-block-embed-youtube wp-embed-aspect-16-9 wp-has-aspect-ratio\"><div class=\"wp-block-embed__wrapper\">\r\n<iframe  id=\"_ytid_20208\"  width=\"640\" height=\"360\"  data-origwidth=\"640\" data-origheight=\"360\" src=\"https:\/\/www.youtube.com\/embed\/eElm3ZflA9g?enablejsapi=1&#038;autoplay=0&#038;cc_load_policy=0&#038;cc_lang_pref=&#038;iv_load_policy=1&#038;loop=0&#038;rel=1&#038;fs=1&#038;playsinline=0&#038;autohide=2&#038;theme=dark&#038;color=red&#038;controls=1&#038;disablekb=0&#038;\" class=\"__youtube_prefs__  epyt-is-override  no-lazyload\" title=\"YouTube player\"  allow=\"fullscreen; accelerometer; autoplay; clipboard-write; encrypted-media; gyroscope; picture-in-picture; web-share\" referrerpolicy=\"strict-origin-when-cross-origin\" allowfullscreen data-no-lazy=\"1\" data-skipgform_ajax_framebjll=\"\"><\/iframe>\n<\/div><\/figure>\r\n\n<hr class=\"wp-block-separator has-css-opacity\"\/>\n","protected":false},"excerpt":{"rendered":"<p>Regie: Paloma Zapata, 2023\u00a0(E) Eden Palast Aachenwo 14.02.202419.30 UhrVon 6,90 \u20ac Der Film erz\u00e4hlt die unglaubliche Geschichte von Anto\u00f1ita &#8222;La Singla&#8220;, der Flamenco-T\u00e4nzerin, die in den 1960er Jahren Spanien und den Rest der Welt im Sturm eroberte. Sie ging mit Ella Fitzgerald auf Tournee, tanzte sogar fu\u0308r Dal\u00ed und trat im Olympia in Paris auf. Marcel Duchamp bewunderte sie und [&hellip;]<\/p>\n","protected":false},"author":1,"featured_media":0,"parent":0,"menu_order":0,"comment_status":"closed","ping_status":"closed","template":"","meta":{"_acf_changed":false,"footnotes":""},"class_list":["post-7459","page","type-page","status-publish","hentry"],"aioseo_notices":[],"acf":[],"jetpack_sharing_enabled":true,"_links":{"self":[{"href":"https:\/\/schrittmacherfestival.nl\/de\/wp-json\/wp\/v2\/pages\/7459","targetHints":{"allow":["GET"]}}],"collection":[{"href":"https:\/\/schrittmacherfestival.nl\/de\/wp-json\/wp\/v2\/pages"}],"about":[{"href":"https:\/\/schrittmacherfestival.nl\/de\/wp-json\/wp\/v2\/types\/page"}],"author":[{"embeddable":true,"href":"https:\/\/schrittmacherfestival.nl\/de\/wp-json\/wp\/v2\/users\/1"}],"replies":[{"embeddable":true,"href":"https:\/\/schrittmacherfestival.nl\/de\/wp-json\/wp\/v2\/comments?post=7459"}],"version-history":[{"count":3,"href":"https:\/\/schrittmacherfestival.nl\/de\/wp-json\/wp\/v2\/pages\/7459\/revisions"}],"predecessor-version":[{"id":7550,"href":"https:\/\/schrittmacherfestival.nl\/de\/wp-json\/wp\/v2\/pages\/7459\/revisions\/7550"}],"wp:attachment":[{"href":"https:\/\/schrittmacherfestival.nl\/de\/wp-json\/wp\/v2\/media?parent=7459"}],"curies":[{"name":"wp","href":"https:\/\/api.w.org\/{rel}","templated":true}]}}

<h1 class="wp-block-heading has-black-color has-text-color" id="hofesh-shechter-company-gbr"><strong>Regie: Paloma Zapata</strong>, 2023 <strong>(E)</strong></h1>

<p><strong>Eden Palast Aachen</strong><br/><strong>wo 14.02.2024</strong><br/><strong>19.30 Uhr</strong><br/><strong>Von 6,90 €</strong></p>

<figure class="wp-block-image alignwide size-full"><img data-recalc-dims="1" fetchpriority="high" decoding="async" width="640" height="267" src="https://i0.wp.com/schrittmacherfestival.nl/wp-content/uploads/2023/12/smf_24_D_movies_LA-SINGLA-criseanshinecinema-e1702302419444.jpg?resize=640%2C267&#038;ssl=1" alt="" class="wp-image-7450"/></figure>

<hr class="wp-block-separator has-css-opacity"/>

<p>Der Film erzählt die unglaubliche Geschichte von Antoñita &#8222;La Singla&#8220;, der Flamenco-Tänzerin, die in den 1960er Jahren Spanien und den Rest der Welt im Sturm eroberte. Sie ging mit Ella Fitzgerald auf Tournee, tanzte sogar für Dalí und trat im Olympia in Paris auf. Marcel Duchamp bewunderte sie und Jean Cocteau sagte über sie, sie &#8222;spuckte Feuer aus ihrem Mund und löschte es mit ihren Füßen&#8220;. Was diese Geschichte so anders und mystisch macht, ist die Tatsache, dass &#8222;La Singla&#8220; durch eine Infektion ihr Gehör verlor und auf dem Höhepunkt ihrer Karriere plötzlich spurlos verschwand.</p>

<p>Fünf Jahrzehnte später rekonstruiert Paloma Zapata das Leben und die Tragödie von &#8222;La Singla&#8220;. Eine Geschichte über einen einst gefeierten jungen Flamen &#8211; co-Star, die so packend ist wie &#8222;Searching for Sugar Man&#8220;. (Quelle: Verleih Rise and Shine Cinema UG)</p>

<p>Biopic / Dokumentarfilm<br/>Deutsche Synchronisierung<br/>95 min.<br/>FSK 6</p>

<p>In Kooperation mit Kinofamilie Stürtz</p>

<hr class="wp-block-separator has-css-opacity"/>

<div class="wp-block-buttons is-horizontal is-content-justification-center is-layout-flex wp-container-core-buttons-is-layout-499968f5 wp-block-buttons-is-layout-flex">
<div class="wp-block-button"><a class="wp-block-button__link has-white-color has-black-background-color has-text-color has-background wp-element-button" href="http://www.cineplex.de/aachen" target="_blank" rel="noreferrer noopener"><strong>Tickets Mi 14.02 | 19.30 Uhr</strong></a></div>
</div>

<hr class="wp-block-separator has-css-opacity"/>

<figure class="wp-block-embed is-type-video is-provider-youtube wp-block-embed-youtube wp-embed-aspect-16-9 wp-has-aspect-ratio"><div class="wp-block-embed__wrapper">
<iframe  id="_ytid_20208"  width="640" height="360"  data-origwidth="640" data-origheight="360" src="https://www.youtube.com/embed/eElm3ZflA9g?enablejsapi=1&#038;autoplay=0&#038;cc_load_policy=0&#038;cc_lang_pref=&#038;iv_load_policy=1&#038;loop=0&#038;rel=1&#038;fs=1&#038;playsinline=0&#038;autohide=2&#038;theme=dark&#038;color=red&#038;controls=1&#038;disablekb=0&#038;" class="__youtube_prefs__  epyt-is-override  no-lazyload" title="YouTube player"  allow="fullscreen; accelerometer; autoplay; clipboard-write; encrypted-media; gyroscope; picture-in-picture; web-share" referrerpolicy="strict-origin-when-cross-origin" allowfullscreen data-no-lazy="1" data-skipgform_ajax_framebjll=""></iframe>
</div></figure>

<hr class="wp-block-separator has-css-opacity"/>

<p>Regie: Paloma Zapata, 2023 (E) Eden Palast Aachenwo 14.02.202419.30 UhrVon 6,90 € Der Film erzählt die unglaubliche Geschichte von Antoñita &#8222;La Singla&#8220;, der Flamenco-Tänzerin, die in den 1960er Jahren Spanien und den Rest der Welt im Sturm eroberte. Sie ging mit Ella Fitzgerald auf Tournee, tanzte sogar für Dalí und trat im Olympia in Paris auf. Marcel Duchamp bewunderte sie und [&hellip;]</p>
