{"id":7540,"date":"2023-12-12T10:08:57","date_gmt":"2023-12-12T10:08:57","guid":{"rendered":"https:\/\/schrittmacherfestival.nl\/fly\/"},"modified":"2023-12-12T10:33:35","modified_gmt":"2023-12-12T10:33:35","slug":"fly","status":"publish","type":"page","link":"https:\/\/schrittmacherfestival.nl\/de\/fly\/","title":{"rendered":"Fly"},"content":{"rendered":"\n<h1 class=\"wp-block-heading has-black-color has-text-color\" id=\"hofesh-shechter-company-gbr\"><strong>Regie: Katja von Garnier, 2019 (D)<\/strong><\/h1>\n\n<p><strong>Eden Palast Aachen<\/strong><br\/><strong>Mi 13.03.2024<\/strong><br\/><strong>19.30 Uhr<\/strong><br\/><strong>Von 6,90 \u20ac<\/strong><\/p>\n\n<figure class=\"wp-block-image alignwide size-large\"><img data-recalc-dims=\"1\" fetchpriority=\"high\" decoding=\"async\" width=\"640\" height=\"270\" src=\"https:\/\/i0.wp.com\/schrittmacherfestival.nl\/wp-content\/uploads\/2023\/12\/Fly-Poster-2021-scaled-e1702375415639-1024x432.webp?resize=640%2C270&#038;ssl=1\" alt=\"\" class=\"wp-image-7542\" srcset=\"https:\/\/i0.wp.com\/schrittmacherfestival.nl\/wp-content\/uploads\/2023\/12\/Fly-Poster-2021-scaled-e1702375415639.webp?resize=1024%2C432&amp;ssl=1 1024w, https:\/\/i0.wp.com\/schrittmacherfestival.nl\/wp-content\/uploads\/2023\/12\/Fly-Poster-2021-scaled-e1702375415639.webp?resize=300%2C127&amp;ssl=1 300w, https:\/\/i0.wp.com\/schrittmacherfestival.nl\/wp-content\/uploads\/2023\/12\/Fly-Poster-2021-scaled-e1702375415639.webp?resize=768%2C324&amp;ssl=1 768w, https:\/\/i0.wp.com\/schrittmacherfestival.nl\/wp-content\/uploads\/2023\/12\/Fly-Poster-2021-scaled-e1702375415639.webp?resize=31%2C13&amp;ssl=1 31w, https:\/\/i0.wp.com\/schrittmacherfestival.nl\/wp-content\/uploads\/2023\/12\/Fly-Poster-2021-scaled-e1702375415639.webp?w=1199&amp;ssl=1 1199w\" sizes=\"(max-width: 640px) 100vw, 640px\" \/><\/figure>\n\n<hr class=\"wp-block-separator has-css-opacity\"\/>\n\n<p>Die 20-j\u00e4hrige Bex (Svenja Jung) muss sich im Gef\u00e4ngnis durch ein Resozialisierungsprogramm k\u00e4mpfen &#8211; leicht f\u00e4llt das der provokativen Einzelg\u00e4ngerin nicht. Trainerin Ava (Jasmin Tabatabai) versucht, sie und die anderen &#8222;Resis&#8220; mit ihrer Leidenschaft fu\u0308r den Tanz anzustecken und die bisherigen Einzelk\u00e4mpfer*innen als Gruppe fu\u0308r ein Dance- Battle fit zu machen. W\u00e4hrend sich Bex langsam ihren Mitmenschen \u00f6ffnet, fu\u0308hlt sie sich vor allem zu Jay (Ben Wichert) hingezogen. Die &#8222;Resis&#8220; gewinnen mehr und mehr an Zusammenhalt, doch dann wird Bex auf einen Schlag von ihrer traumatischen Vergangenheit eingeholt. (Quelle: Verleih Studiocanal)<\/p>\n\n<p>Tanzfilm<br\/>Mit: Svenja Jung, Ben Wichert, Jasmin Tabatabai, Nicolette Krebitz, Katja Riemann<br\/>110 min.<br\/>FSK 6<\/p>\n\n<p>In Kooperation mit \u201eKinofamilie St\u00fcrtz\u201c.<\/p>\n\n<hr class=\"wp-block-separator has-css-opacity\"\/>\n\n<div class=\"wp-block-buttons is-horizontal is-content-justification-center is-layout-flex wp-container-core-buttons-is-layout-499968f5 wp-block-buttons-is-layout-flex\">\n<div class=\"wp-block-button\"><a class=\"wp-block-button__link has-white-color has-black-background-color has-text-color has-background wp-element-button\" href=\"https:\/\/www.cineplex.de\/aachen\/\" target=\"_blank\" rel=\"noreferrer noopener\"><strong>Tickets Mi 13.03 | 19.30 Uhr<\/strong><\/a><\/div>\n<\/div>\n\n<hr class=\"wp-block-separator has-css-opacity\"\/>\n\n<figure class=\"wp-block-embed is-type-video is-provider-youtube wp-block-embed-youtube wp-embed-aspect-16-9 wp-has-aspect-ratio\"><div class=\"wp-block-embed__wrapper\">\r\n<iframe  id=\"_ytid_65701\"  width=\"640\" height=\"360\"  data-origwidth=\"640\" data-origheight=\"360\" src=\"https:\/\/www.youtube.com\/embed\/9uB6buu247g?enablejsapi=1&#038;autoplay=0&#038;cc_load_policy=0&#038;cc_lang_pref=&#038;iv_load_policy=1&#038;loop=0&#038;rel=1&#038;fs=1&#038;playsinline=0&#038;autohide=2&#038;theme=dark&#038;color=red&#038;controls=1&#038;disablekb=0&#038;\" class=\"__youtube_prefs__  epyt-is-override  no-lazyload\" title=\"YouTube player\"  allow=\"fullscreen; accelerometer; autoplay; clipboard-write; encrypted-media; gyroscope; picture-in-picture; web-share\" referrerpolicy=\"strict-origin-when-cross-origin\" allowfullscreen data-no-lazy=\"1\" data-skipgform_ajax_framebjll=\"\"><\/iframe>\n<\/div><\/figure>\r\n\n<hr class=\"wp-block-separator has-css-opacity\"\/>\n","protected":false},"excerpt":{"rendered":"<p>Regie: Katja von Garnier, 2019 (D) Eden Palast AachenMi 13.03.202419.30 UhrVon 6,90 \u20ac Die 20-j\u00e4hrige Bex (Svenja Jung) muss sich im Gef\u00e4ngnis durch ein Resozialisierungsprogramm k\u00e4mpfen &#8211; leicht f\u00e4llt das der provokativen Einzelg\u00e4ngerin nicht. Trainerin Ava (Jasmin Tabatabai) versucht, sie und die anderen &#8222;Resis&#8220; mit ihrer Leidenschaft fu\u0308r den Tanz anzustecken und die bisherigen Einzelk\u00e4mpfer*innen als Gruppe fu\u0308r ein Dance- [&hellip;]<\/p>\n","protected":false},"author":1,"featured_media":0,"parent":0,"menu_order":0,"comment_status":"closed","ping_status":"closed","template":"","meta":{"_acf_changed":false,"footnotes":""},"class_list":["post-7540","page","type-page","status-publish","hentry"],"aioseo_notices":[],"acf":[],"jetpack_sharing_enabled":true,"_links":{"self":[{"href":"https:\/\/schrittmacherfestival.nl\/de\/wp-json\/wp\/v2\/pages\/7540","targetHints":{"allow":["GET"]}}],"collection":[{"href":"https:\/\/schrittmacherfestival.nl\/de\/wp-json\/wp\/v2\/pages"}],"about":[{"href":"https:\/\/schrittmacherfestival.nl\/de\/wp-json\/wp\/v2\/types\/page"}],"author":[{"embeddable":true,"href":"https:\/\/schrittmacherfestival.nl\/de\/wp-json\/wp\/v2\/users\/1"}],"replies":[{"embeddable":true,"href":"https:\/\/schrittmacherfestival.nl\/de\/wp-json\/wp\/v2\/comments?post=7540"}],"version-history":[{"count":4,"href":"https:\/\/schrittmacherfestival.nl\/de\/wp-json\/wp\/v2\/pages\/7540\/revisions"}],"predecessor-version":[{"id":7554,"href":"https:\/\/schrittmacherfestival.nl\/de\/wp-json\/wp\/v2\/pages\/7540\/revisions\/7554"}],"wp:attachment":[{"href":"https:\/\/schrittmacherfestival.nl\/de\/wp-json\/wp\/v2\/media?parent=7540"}],"curies":[{"name":"wp","href":"https:\/\/api.w.org\/{rel}","templated":true}]}}

<h1 class="wp-block-heading has-black-color has-text-color" id="hofesh-shechter-company-gbr"><strong>Regie: Katja von Garnier, 2019 (D)</strong></h1>

<p><strong>Eden Palast Aachen</strong><br/><strong>Mi 13.03.2024</strong><br/><strong>19.30 Uhr</strong><br/><strong>Von 6,90 €</strong></p>

<figure class="wp-block-image alignwide size-large"><img data-recalc-dims="1" fetchpriority="high" decoding="async" width="640" height="270" src="https://i0.wp.com/schrittmacherfestival.nl/wp-content/uploads/2023/12/Fly-Poster-2021-scaled-e1702375415639-1024x432.webp?resize=640%2C270&#038;ssl=1" alt="" class="wp-image-7542" srcset="https://i0.wp.com/schrittmacherfestival.nl/wp-content/uploads/2023/12/Fly-Poster-2021-scaled-e1702375415639.webp?resize=1024%2C432&amp;ssl=1 1024w, https://i0.wp.com/schrittmacherfestival.nl/wp-content/uploads/2023/12/Fly-Poster-2021-scaled-e1702375415639.webp?resize=300%2C127&amp;ssl=1 300w, https://i0.wp.com/schrittmacherfestival.nl/wp-content/uploads/2023/12/Fly-Poster-2021-scaled-e1702375415639.webp?resize=768%2C324&amp;ssl=1 768w, https://i0.wp.com/schrittmacherfestival.nl/wp-content/uploads/2023/12/Fly-Poster-2021-scaled-e1702375415639.webp?resize=31%2C13&amp;ssl=1 31w, https://i0.wp.com/schrittmacherfestival.nl/wp-content/uploads/2023/12/Fly-Poster-2021-scaled-e1702375415639.webp?w=1199&amp;ssl=1 1199w" sizes="(max-width: 640px) 100vw, 640px" /></figure>

<hr class="wp-block-separator has-css-opacity"/>

<p>Die 20-jährige Bex (Svenja Jung) muss sich im Gefängnis durch ein Resozialisierungsprogramm kämpfen &#8211; leicht fällt das der provokativen Einzelgängerin nicht. Trainerin Ava (Jasmin Tabatabai) versucht, sie und die anderen &#8222;Resis&#8220; mit ihrer Leidenschaft für den Tanz anzustecken und die bisherigen Einzelkämpfer*innen als Gruppe für ein Dance- Battle fit zu machen. Während sich Bex langsam ihren Mitmenschen öffnet, fühlt sie sich vor allem zu Jay (Ben Wichert) hingezogen. Die &#8222;Resis&#8220; gewinnen mehr und mehr an Zusammenhalt, doch dann wird Bex auf einen Schlag von ihrer traumatischen Vergangenheit eingeholt. (Quelle: Verleih Studiocanal)</p>

<p>Tanzfilm<br/>Mit: Svenja Jung, Ben Wichert, Jasmin Tabatabai, Nicolette Krebitz, Katja Riemann<br/>110 min.<br/>FSK 6</p>

<p>In Kooperation mit „Kinofamilie Stürtz“.</p>

<hr class="wp-block-separator has-css-opacity"/>

<div class="wp-block-buttons is-horizontal is-content-justification-center is-layout-flex wp-container-core-buttons-is-layout-499968f5 wp-block-buttons-is-layout-flex">
<div class="wp-block-button"><a class="wp-block-button__link has-white-color has-black-background-color has-text-color has-background wp-element-button" href="https://www.cineplex.de/aachen/" target="_blank" rel="noreferrer noopener"><strong>Tickets Mi 13.03 | 19.30 Uhr</strong></a></div>
</div>

<hr class="wp-block-separator has-css-opacity"/>

<figure class="wp-block-embed is-type-video is-provider-youtube wp-block-embed-youtube wp-embed-aspect-16-9 wp-has-aspect-ratio"><div class="wp-block-embed__wrapper">
<iframe  id="_ytid_65701"  width="640" height="360"  data-origwidth="640" data-origheight="360" src="https://www.youtube.com/embed/9uB6buu247g?enablejsapi=1&#038;autoplay=0&#038;cc_load_policy=0&#038;cc_lang_pref=&#038;iv_load_policy=1&#038;loop=0&#038;rel=1&#038;fs=1&#038;playsinline=0&#038;autohide=2&#038;theme=dark&#038;color=red&#038;controls=1&#038;disablekb=0&#038;" class="__youtube_prefs__  epyt-is-override  no-lazyload" title="YouTube player"  allow="fullscreen; accelerometer; autoplay; clipboard-write; encrypted-media; gyroscope; picture-in-picture; web-share" referrerpolicy="strict-origin-when-cross-origin" allowfullscreen data-no-lazy="1" data-skipgform_ajax_framebjll=""></iframe>
</div></figure>

<hr class="wp-block-separator has-css-opacity"/>

<p>Regie: Katja von Garnier, 2019 (D) Eden Palast AachenMi 13.03.202419.30 UhrVon 6,90 € Die 20-jährige Bex (Svenja Jung) muss sich im Gefängnis durch ein Resozialisierungsprogramm kämpfen &#8211; leicht fällt das der provokativen Einzelgängerin nicht. Trainerin Ava (Jasmin Tabatabai) versucht, sie und die anderen &#8222;Resis&#8220; mit ihrer Leidenschaft für den Tanz anzustecken und die bisherigen Einzelkämpfer*innen als Gruppe für ein Dance- [&hellip;]</p>
