{"id":7780,"date":"2023-12-13T18:31:00","date_gmt":"2023-12-13T18:31:00","guid":{"rendered":"https:\/\/schrittmacherfestival.nl\/cellarmovies\/"},"modified":"2024-02-28T11:30:20","modified_gmt":"2024-02-28T11:30:20","slug":"cellarmovies","status":"publish","type":"page","link":"https:\/\/schrittmacherfestival.nl\/de\/cellarmovies\/","title":{"rendered":"CELLARmovies"},"content":{"rendered":"\n<h1 class=\"wp-block-heading has-black-color has-text-color\" id=\"hofesh-shechter-company-gbr\">\u2018Not your average dance movie theatre\u2019<\/h1>\n\n<p><strong>Galerie van Dam (Keller Boekhandel van der Velden van Dam), Promenade Heerlen<\/strong><br\/><strong>Di 20.02.2024 \u2013 So 24.03.2024<\/strong><br\/><strong>W\u00e4hrend der Laden\u00f6ffnungszeiten<\/strong><br\/><strong>Eintritt frei<\/strong><\/p>\n\n<figure class=\"wp-block-image alignwide size-large\"><img data-recalc-dims=\"1\" fetchpriority=\"high\" decoding=\"async\" width=\"640\" height=\"267\" src=\"https:\/\/i0.wp.com\/schrittmacherfestival.nl\/wp-content\/uploads\/2023\/12\/smf_24_NL_CELLARmovies_cLuc-Lodder-scaled-e1702492009530-1024x427.webp?resize=640%2C267&#038;ssl=1\" alt=\"\" class=\"wp-image-7777\" srcset=\"https:\/\/i0.wp.com\/schrittmacherfestival.nl\/wp-content\/uploads\/2023\/12\/smf_24_NL_CELLARmovies_cLuc-Lodder-scaled-e1702492009530.webp?resize=1024%2C427&amp;ssl=1 1024w, https:\/\/i0.wp.com\/schrittmacherfestival.nl\/wp-content\/uploads\/2023\/12\/smf_24_NL_CELLARmovies_cLuc-Lodder-scaled-e1702492009530.webp?resize=300%2C125&amp;ssl=1 300w, https:\/\/i0.wp.com\/schrittmacherfestival.nl\/wp-content\/uploads\/2023\/12\/smf_24_NL_CELLARmovies_cLuc-Lodder-scaled-e1702492009530.webp?resize=768%2C320&amp;ssl=1 768w, https:\/\/i0.wp.com\/schrittmacherfestival.nl\/wp-content\/uploads\/2023\/12\/smf_24_NL_CELLARmovies_cLuc-Lodder-scaled-e1702492009530.webp?resize=31%2C13&amp;ssl=1 31w, https:\/\/i0.wp.com\/schrittmacherfestival.nl\/wp-content\/uploads\/2023\/12\/smf_24_NL_CELLARmovies_cLuc-Lodder-scaled-e1702492009530.webp?w=1200&amp;ssl=1 1200w\" sizes=\"(max-width: 640px) 100vw, 640px\" \/><\/figure>\n\n<hr class=\"wp-block-separator has-css-opacity\"\/>\n\n<p>In Zusammenarbeit mit Cinedans on Tour und der Buchhandlung van der Velden van Dam pr\u00e4sentiert schrit_tmacher w\u00e4hrend des gesamten Festivals eine Ausstellung mit kurzen Tanzfilmen. Lassen Sie sich von den Filmen \u00fcberraschen, die dieses Jahr unter dem Thema \u00dcbergang stehen.<\/p>\n\n<p>Dank an Davy van Gerven, Thomas H\u00fctten, Charlotte Koenen, Frank und Maurice von Reflexion f\u00fcr die Ausstattung des Ausstellungsraums.<\/p>\n\n<p><strong>Filme:<\/strong><br\/>ENDURANCE &#8211; \u00a0Imre van Opstal<br\/>MARS\u00c8LL CONTRASTS &#8211; \u00a0Imre van Opstal, Marne van Opstal<br\/>WO_MAN &#8211; Judith Knubben<br\/>FORMING &#8211; \u00a0Eve McConnachie and Chloe Rosser<br\/>ROMANCE &#8211; Samantha Shay<br\/>THE PAPER ENSEMBLE #16 &#8211; Jiska Rickels, Jochem van Tol<br\/>LEATHER &#8211; Thomas Bos<\/p>\n\n<hr class=\"wp-block-separator has-css-opacity\"\/>\n","protected":false},"excerpt":{"rendered":"<p>\u2018Not your average dance movie theatre\u2019 Galerie van Dam (Keller Boekhandel van der Velden van Dam), Promenade HeerlenDi 20.02.2024 \u2013 So 24.03.2024W\u00e4hrend der Laden\u00f6ffnungszeitenEintritt frei In Zusammenarbeit mit Cinedans on Tour und der Buchhandlung van der Velden van Dam pr\u00e4sentiert schrit_tmacher w\u00e4hrend des gesamten Festivals eine Ausstellung mit kurzen Tanzfilmen. Lassen Sie sich von den Filmen \u00fcberraschen, die dieses Jahr [&hellip;]<\/p>\n","protected":false},"author":1,"featured_media":0,"parent":0,"menu_order":0,"comment_status":"closed","ping_status":"closed","template":"","meta":{"_acf_changed":false,"footnotes":""},"class_list":["post-7780","page","type-page","status-publish","hentry"],"aioseo_notices":[],"acf":[],"jetpack_sharing_enabled":true,"_links":{"self":[{"href":"https:\/\/schrittmacherfestival.nl\/de\/wp-json\/wp\/v2\/pages\/7780","targetHints":{"allow":["GET"]}}],"collection":[{"href":"https:\/\/schrittmacherfestival.nl\/de\/wp-json\/wp\/v2\/pages"}],"about":[{"href":"https:\/\/schrittmacherfestival.nl\/de\/wp-json\/wp\/v2\/types\/page"}],"author":[{"embeddable":true,"href":"https:\/\/schrittmacherfestival.nl\/de\/wp-json\/wp\/v2\/users\/1"}],"replies":[{"embeddable":true,"href":"https:\/\/schrittmacherfestival.nl\/de\/wp-json\/wp\/v2\/comments?post=7780"}],"version-history":[{"count":2,"href":"https:\/\/schrittmacherfestival.nl\/de\/wp-json\/wp\/v2\/pages\/7780\/revisions"}],"predecessor-version":[{"id":8823,"href":"https:\/\/schrittmacherfestival.nl\/de\/wp-json\/wp\/v2\/pages\/7780\/revisions\/8823"}],"wp:attachment":[{"href":"https:\/\/schrittmacherfestival.nl\/de\/wp-json\/wp\/v2\/media?parent=7780"}],"curies":[{"name":"wp","href":"https:\/\/api.w.org\/{rel}","templated":true}]}}

<h1 class="wp-block-heading has-black-color has-text-color" id="hofesh-shechter-company-gbr">‘Not your average dance movie theatre’</h1>

<p><strong>Galerie van Dam (Keller Boekhandel van der Velden van Dam), Promenade Heerlen</strong><br/><strong>Di 20.02.2024 – So 24.03.2024</strong><br/><strong>Während der Ladenöffnungszeiten</strong><br/><strong>Eintritt frei</strong></p>

<figure class="wp-block-image alignwide size-large"><img data-recalc-dims="1" fetchpriority="high" decoding="async" width="640" height="267" src="https://i0.wp.com/schrittmacherfestival.nl/wp-content/uploads/2023/12/smf_24_NL_CELLARmovies_cLuc-Lodder-scaled-e1702492009530-1024x427.webp?resize=640%2C267&#038;ssl=1" alt="" class="wp-image-7777" srcset="https://i0.wp.com/schrittmacherfestival.nl/wp-content/uploads/2023/12/smf_24_NL_CELLARmovies_cLuc-Lodder-scaled-e1702492009530.webp?resize=1024%2C427&amp;ssl=1 1024w, https://i0.wp.com/schrittmacherfestival.nl/wp-content/uploads/2023/12/smf_24_NL_CELLARmovies_cLuc-Lodder-scaled-e1702492009530.webp?resize=300%2C125&amp;ssl=1 300w, https://i0.wp.com/schrittmacherfestival.nl/wp-content/uploads/2023/12/smf_24_NL_CELLARmovies_cLuc-Lodder-scaled-e1702492009530.webp?resize=768%2C320&amp;ssl=1 768w, https://i0.wp.com/schrittmacherfestival.nl/wp-content/uploads/2023/12/smf_24_NL_CELLARmovies_cLuc-Lodder-scaled-e1702492009530.webp?resize=31%2C13&amp;ssl=1 31w, https://i0.wp.com/schrittmacherfestival.nl/wp-content/uploads/2023/12/smf_24_NL_CELLARmovies_cLuc-Lodder-scaled-e1702492009530.webp?w=1200&amp;ssl=1 1200w" sizes="(max-width: 640px) 100vw, 640px" /></figure>

<hr class="wp-block-separator has-css-opacity"/>

<p>In Zusammenarbeit mit Cinedans on Tour und der Buchhandlung van der Velden van Dam präsentiert schrit_tmacher während des gesamten Festivals eine Ausstellung mit kurzen Tanzfilmen. Lassen Sie sich von den Filmen überraschen, die dieses Jahr unter dem Thema Übergang stehen.</p>

<p>Dank an Davy van Gerven, Thomas Hütten, Charlotte Koenen, Frank und Maurice von Reflexion für die Ausstattung des Ausstellungsraums.</p>

<p><strong>Filme:</strong><br/>ENDURANCE &#8211;  Imre van Opstal<br/>MARSÈLL CONTRASTS &#8211;  Imre van Opstal, Marne van Opstal<br/>WO_MAN &#8211; Judith Knubben<br/>FORMING &#8211;  Eve McConnachie and Chloe Rosser<br/>ROMANCE &#8211; Samantha Shay<br/>THE PAPER ENSEMBLE #16 &#8211; Jiska Rickels, Jochem van Tol<br/>LEATHER &#8211; Thomas Bos</p>

<hr class="wp-block-separator has-css-opacity"/>

<p>‘Not your average dance movie theatre’ Galerie van Dam (Keller Boekhandel van der Velden van Dam), Promenade HeerlenDi 20.02.2024 – So 24.03.2024Während der LadenöffnungszeitenEintritt frei In Zusammenarbeit mit Cinedans on Tour und der Buchhandlung van der Velden van Dam präsentiert schrit_tmacher während des gesamten Festivals eine Ausstellung mit kurzen Tanzfilmen. Lassen Sie sich von den Filmen überraschen, die dieses Jahr [&hellip;]</p>
