{"id":8065,"date":"2023-12-18T12:42:42","date_gmt":"2023-12-18T12:42:42","guid":{"rendered":"https:\/\/schrittmacherfestival.nl\/the-rite-of-spring\/"},"modified":"2023-12-18T12:50:21","modified_gmt":"2023-12-18T12:50:21","slug":"the-rite-of-spring","status":"publish","type":"page","link":"https:\/\/schrittmacherfestival.nl\/de\/the-rite-of-spring\/","title":{"rendered":"The Rite of Spring"},"content":{"rendered":"\n<h1 class=\"wp-block-heading has-black-color has-text-color\" id=\"hofesh-shechter-company-gbr\">Tijmen Wehlburg &amp; Annette Embrechts<\/h1>\n\n<p><strong>SCHUNCK Glaspaleis<\/strong><br\/><strong>So 03.03.2024<\/strong><br\/><strong>11.30 Uhr<\/strong><br\/><strong>Eintritt frei, Anmeldung erforderlich<\/strong><\/p>\n\n<figure class=\"wp-block-image alignwide size-large\"><img data-recalc-dims=\"1\" fetchpriority=\"high\" decoding=\"async\" width=\"640\" height=\"268\" src=\"https:\/\/i0.wp.com\/schrittmacherfestival.nl\/wp-content\/uploads\/2023\/12\/smf_24_NL_talks_Feia-Lydia-cTijmen-Wehlburg-scaled-e1702903130181-1024x428.webp?resize=640%2C268&#038;ssl=1\" alt=\"\" class=\"wp-image-8062\" srcset=\"https:\/\/i0.wp.com\/schrittmacherfestival.nl\/wp-content\/uploads\/2023\/12\/smf_24_NL_talks_Feia-Lydia-cTijmen-Wehlburg-scaled-e1702903130181.webp?resize=1024%2C428&amp;ssl=1 1024w, https:\/\/i0.wp.com\/schrittmacherfestival.nl\/wp-content\/uploads\/2023\/12\/smf_24_NL_talks_Feia-Lydia-cTijmen-Wehlburg-scaled-e1702903130181.webp?resize=300%2C125&amp;ssl=1 300w, https:\/\/i0.wp.com\/schrittmacherfestival.nl\/wp-content\/uploads\/2023\/12\/smf_24_NL_talks_Feia-Lydia-cTijmen-Wehlburg-scaled-e1702903130181.webp?resize=768%2C321&amp;ssl=1 768w, https:\/\/i0.wp.com\/schrittmacherfestival.nl\/wp-content\/uploads\/2023\/12\/smf_24_NL_talks_Feia-Lydia-cTijmen-Wehlburg-scaled-e1702903130181.webp?resize=31%2C13&amp;ssl=1 31w, https:\/\/i0.wp.com\/schrittmacherfestival.nl\/wp-content\/uploads\/2023\/12\/smf_24_NL_talks_Feia-Lydia-cTijmen-Wehlburg-scaled-e1702903130181.webp?w=1200&amp;ssl=1 1200w\" sizes=\"(max-width: 640px) 100vw, 640px\" \/><\/figure>\n\n<hr class=\"wp-block-separator has-css-opacity\"\/>\n\n<h2 class=\"wp-block-heading\">In Zusammenarbeit mit Philzuid.<\/h2>\n\n<p>Strawinskys \u201eFru\u0308hlingsopfer\u201c erschu\u0308tterte 1913 die Tanz- und Musikwelt und ist bis heute ein kontroverses Werk geblieben. Nach Versionen von u.a. Marie Chouinard (2017) und Dada Masilo (2021) pr\u00e4sentieren wir 2024 mit \u201eThe Rite of Spring\u201c die Interpretation von Pina Bausch, aufgefu\u0308hrt von T\u00e4nzer*innen aus 14 afrikanischen L\u00e4ndern, mit Live-Musik von PhilZuid. Wie sehen wir diesen gr\u00f6\u00dften Skandal in der europ\u00e4ischen Musik- und Ballettgeschichte heute? Mit Tijmen Wehlburg (Philzuid) untersuchen wir die historische und revolution\u00e4re Bedeutung der Musikkomposition, mit Annette Embrechts (Volkskrant) ergru\u0308nden wir die rebellische Kraft dieses Meisterwerks, in dem eine Jungfrau von M\u00e4nnern als Auserw\u00e4hlte geopfert wird, und wir sprechen u\u0308ber das Wie und Wa rum dieses schwarzen Sacre und wie man es betrachten kann.<\/p>\n\n<hr class=\"wp-block-separator has-css-opacity\"\/>\n\n<div class=\"wp-block-buttons is-horizontal is-content-justification-center is-layout-flex wp-container-core-buttons-is-layout-499968f5 wp-block-buttons-is-layout-flex\">\n<div class=\"wp-block-button\"><a class=\"wp-block-button__link has-white-color has-black-background-color has-text-color has-background wp-element-button\" href=\"https:\/\/www.plt.nl\/bestel\/11364\" target=\"_blank\" rel=\"noreferrer noopener\"><strong>Tickets So 03.03 | 11.30 Uhr<\/strong><\/a><\/div>\n<\/div>\n\n<hr class=\"wp-block-separator has-css-opacity\"\/>\n","protected":false},"excerpt":{"rendered":"<p>Tijmen Wehlburg &amp; Annette Embrechts SCHUNCK GlaspaleisSo 03.03.202411.30 UhrEintritt frei, Anmeldung erforderlich In Zusammenarbeit mit Philzuid. Strawinskys \u201eFru\u0308hlingsopfer\u201c erschu\u0308tterte 1913 die Tanz- und Musikwelt und ist bis heute ein kontroverses Werk geblieben. Nach Versionen von u.a. Marie Chouinard (2017) und Dada Masilo (2021) pr\u00e4sentieren wir 2024 mit \u201eThe Rite of Spring\u201c die Interpretation von Pina Bausch, aufgefu\u0308hrt von T\u00e4nzer*innen aus [&hellip;]<\/p>\n","protected":false},"author":1,"featured_media":0,"parent":0,"menu_order":0,"comment_status":"closed","ping_status":"closed","template":"","meta":{"_acf_changed":false,"footnotes":""},"class_list":["post-8065","page","type-page","status-publish","hentry"],"aioseo_notices":[],"acf":[],"jetpack_sharing_enabled":true,"_links":{"self":[{"href":"https:\/\/schrittmacherfestival.nl\/de\/wp-json\/wp\/v2\/pages\/8065","targetHints":{"allow":["GET"]}}],"collection":[{"href":"https:\/\/schrittmacherfestival.nl\/de\/wp-json\/wp\/v2\/pages"}],"about":[{"href":"https:\/\/schrittmacherfestival.nl\/de\/wp-json\/wp\/v2\/types\/page"}],"author":[{"embeddable":true,"href":"https:\/\/schrittmacherfestival.nl\/de\/wp-json\/wp\/v2\/users\/1"}],"replies":[{"embeddable":true,"href":"https:\/\/schrittmacherfestival.nl\/de\/wp-json\/wp\/v2\/comments?post=8065"}],"version-history":[{"count":4,"href":"https:\/\/schrittmacherfestival.nl\/de\/wp-json\/wp\/v2\/pages\/8065\/revisions"}],"predecessor-version":[{"id":8074,"href":"https:\/\/schrittmacherfestival.nl\/de\/wp-json\/wp\/v2\/pages\/8065\/revisions\/8074"}],"wp:attachment":[{"href":"https:\/\/schrittmacherfestival.nl\/de\/wp-json\/wp\/v2\/media?parent=8065"}],"curies":[{"name":"wp","href":"https:\/\/api.w.org\/{rel}","templated":true}]}}

<h1 class="wp-block-heading has-black-color has-text-color" id="hofesh-shechter-company-gbr">Tijmen Wehlburg &amp; Annette Embrechts</h1>

<p><strong>SCHUNCK Glaspaleis</strong><br/><strong>So 03.03.2024</strong><br/><strong>11.30 Uhr</strong><br/><strong>Eintritt frei, Anmeldung erforderlich</strong></p>

<figure class="wp-block-image alignwide size-large"><img data-recalc-dims="1" fetchpriority="high" decoding="async" width="640" height="268" src="https://i0.wp.com/schrittmacherfestival.nl/wp-content/uploads/2023/12/smf_24_NL_talks_Feia-Lydia-cTijmen-Wehlburg-scaled-e1702903130181-1024x428.webp?resize=640%2C268&#038;ssl=1" alt="" class="wp-image-8062" srcset="https://i0.wp.com/schrittmacherfestival.nl/wp-content/uploads/2023/12/smf_24_NL_talks_Feia-Lydia-cTijmen-Wehlburg-scaled-e1702903130181.webp?resize=1024%2C428&amp;ssl=1 1024w, https://i0.wp.com/schrittmacherfestival.nl/wp-content/uploads/2023/12/smf_24_NL_talks_Feia-Lydia-cTijmen-Wehlburg-scaled-e1702903130181.webp?resize=300%2C125&amp;ssl=1 300w, https://i0.wp.com/schrittmacherfestival.nl/wp-content/uploads/2023/12/smf_24_NL_talks_Feia-Lydia-cTijmen-Wehlburg-scaled-e1702903130181.webp?resize=768%2C321&amp;ssl=1 768w, https://i0.wp.com/schrittmacherfestival.nl/wp-content/uploads/2023/12/smf_24_NL_talks_Feia-Lydia-cTijmen-Wehlburg-scaled-e1702903130181.webp?resize=31%2C13&amp;ssl=1 31w, https://i0.wp.com/schrittmacherfestival.nl/wp-content/uploads/2023/12/smf_24_NL_talks_Feia-Lydia-cTijmen-Wehlburg-scaled-e1702903130181.webp?w=1200&amp;ssl=1 1200w" sizes="(max-width: 640px) 100vw, 640px" /></figure>

<hr class="wp-block-separator has-css-opacity"/>

<h2 class="wp-block-heading">In Zusammenarbeit mit Philzuid.</h2>

<p>Strawinskys „Frühlingsopfer“ erschütterte 1913 die Tanz- und Musikwelt und ist bis heute ein kontroverses Werk geblieben. Nach Versionen von u.a. Marie Chouinard (2017) und Dada Masilo (2021) präsentieren wir 2024 mit „The Rite of Spring“ die Interpretation von Pina Bausch, aufgeführt von Tänzer*innen aus 14 afrikanischen Ländern, mit Live-Musik von PhilZuid. Wie sehen wir diesen größten Skandal in der europäischen Musik- und Ballettgeschichte heute? Mit Tijmen Wehlburg (Philzuid) untersuchen wir die historische und revolutionäre Bedeutung der Musikkomposition, mit Annette Embrechts (Volkskrant) ergründen wir die rebellische Kraft dieses Meisterwerks, in dem eine Jungfrau von Männern als Auserwählte geopfert wird, und wir sprechen über das Wie und Wa rum dieses schwarzen Sacre und wie man es betrachten kann.</p>

<hr class="wp-block-separator has-css-opacity"/>

<div class="wp-block-buttons is-horizontal is-content-justification-center is-layout-flex wp-container-core-buttons-is-layout-499968f5 wp-block-buttons-is-layout-flex">
<div class="wp-block-button"><a class="wp-block-button__link has-white-color has-black-background-color has-text-color has-background wp-element-button" href="https://www.plt.nl/bestel/11364" target="_blank" rel="noreferrer noopener"><strong>Tickets So 03.03 | 11.30 Uhr</strong></a></div>
</div>

<hr class="wp-block-separator has-css-opacity"/>

<p>Tijmen Wehlburg &amp; Annette Embrechts SCHUNCK GlaspaleisSo 03.03.202411.30 UhrEintritt frei, Anmeldung erforderlich In Zusammenarbeit mit Philzuid. Strawinskys „Frühlingsopfer“ erschütterte 1913 die Tanz- und Musikwelt und ist bis heute ein kontroverses Werk geblieben. Nach Versionen von u.a. Marie Chouinard (2017) und Dada Masilo (2021) präsentieren wir 2024 mit „The Rite of Spring“ die Interpretation von Pina Bausch, aufgeführt von Tänzer*innen aus [&hellip;]</p>
