{"id":8299,"date":"2024-01-29T14:56:52","date_gmt":"2024-01-29T14:56:52","guid":{"rendered":"https:\/\/schrittmacherfestival.nl\/assitej-bijeenkomst\/"},"modified":"2024-03-04T10:59:14","modified_gmt":"2024-03-04T10:59:14","slug":"assitej-bijeenkomst","status":"publish","type":"page","link":"https:\/\/schrittmacherfestival.nl\/de\/assitej-bijeenkomst\/","title":{"rendered":"Assitej bijeenkomst"},"content":{"rendered":"\n<h1 class=\"wp-block-heading has-black-color has-text-color\" id=\"hofesh-shechter-company-gbr\"><\/h1>\n\n<p><strong>PLT, Theater Heerlen \u2013 T&amp;Plounge<\/strong><br\/><strong>So 10.03.2024<\/strong><br\/><strong>14.30 \u2013 15.45 Uhr<\/strong><br\/><\/p>\n\n<figure class=\"wp-block-image alignwide size-large\"><img data-recalc-dims=\"1\" fetchpriority=\"high\" decoding=\"async\" width=\"640\" height=\"267\" src=\"https:\/\/i0.wp.com\/schrittmacherfestival.nl\/wp-content\/uploads\/2024\/02\/Assitej-bijeenkomst-Chain-Reaction-scaled-e1706537080799-1.webp?resize=640%2C267&#038;ssl=1\" alt=\"\" class=\"wp-image-8432\" srcset=\"https:\/\/i0.wp.com\/schrittmacherfestival.nl\/wp-content\/uploads\/2024\/02\/Assitej-bijeenkomst-Chain-Reaction-scaled-e1706537080799-1.webp?resize=1024%2C427&amp;ssl=1 1024w, https:\/\/i0.wp.com\/schrittmacherfestival.nl\/wp-content\/uploads\/2024\/02\/Assitej-bijeenkomst-Chain-Reaction-scaled-e1706537080799-1.webp?resize=300%2C125&amp;ssl=1 300w, https:\/\/i0.wp.com\/schrittmacherfestival.nl\/wp-content\/uploads\/2024\/02\/Assitej-bijeenkomst-Chain-Reaction-scaled-e1706537080799-1.webp?resize=768%2C320&amp;ssl=1 768w, https:\/\/i0.wp.com\/schrittmacherfestival.nl\/wp-content\/uploads\/2024\/02\/Assitej-bijeenkomst-Chain-Reaction-scaled-e1706537080799-1.webp?resize=31%2C13&amp;ssl=1 31w, https:\/\/i0.wp.com\/schrittmacherfestival.nl\/wp-content\/uploads\/2024\/02\/Assitej-bijeenkomst-Chain-Reaction-scaled-e1706537080799-1.webp?w=1200&amp;ssl=1 1200w\" sizes=\"(max-width: 640px) 100vw, 640px\" \/><\/figure>\n\n<hr class=\"wp-block-separator has-css-opacity\"\/>\n\n<p>Assitej NL sind mehrere Kompanien, Spielst\u00e4tten, ein Impresario und Festivals angeschlossen, die Puppentheater, Tanz, Theater, visuelles Theater, Zirkus, Musik und Musiktheater machen und pr\u00e4sentieren. Mit Assitej diskutieren wir \u00fcber die aktuellen Entwicklungen in der internationalen Jugenddarstellungskunst. Dieser niederl\u00e4ndische Zweig von Assitej International unterst\u00fctzt den niederl\u00e4ndischen Bereich der jungen darstellenden K\u00fcnste dabei, internationale Ambitionen zu formulieren, Fachwissen \u00fcber internationale Entwicklungen auszutauschen und Begegnungen und Zusammenarbeit zu f\u00f6rdern. In diesem PROtalk teilen die Teilnehmer dieses internationalen Netzwerks unter anderem Tipps und Tricks zur Zusammenarbeit mit Partnern jenseits der Grenze und zur Arbeit mit einer internationalen Besetzung.<br\/><br\/>Die Mitglieder von Assitej erhalten eine Einladung \u00fcber Assitej. Wenn Sie kein Mitglied sind, registrieren Sie sich bitte \u00fcber die unten stehende E-Mail-Adresse. <\/p>\n\n<p>Die Interviews sind auf Englisch.<\/p>\n\n<p> <\/p>\n\n<p> <\/p>\n\n<p> <\/p>\n\n<p> <\/p>\n\n<p> <\/p>\n\n<hr class=\"wp-block-separator has-css-opacity\"\/>\n\n<div class=\"wp-block-buttons is-horizontal is-content-justification-center is-layout-flex wp-container-core-buttons-is-layout-499968f5 wp-block-buttons-is-layout-flex\">\n<div class=\"wp-block-button\"><a class=\"wp-block-button__link has-white-color has-black-background-color has-text-color has-background wp-element-button\"><strong>Aanmelden: <\/strong>ellenblom@assitej.nl<\/a><\/div>\n<\/div>\n\n<hr class=\"wp-block-separator has-css-opacity\"\/>\n","protected":false},"excerpt":{"rendered":"<p>PLT, Theater Heerlen \u2013 T&amp;PloungeSo 10.03.202414.30 \u2013 15.45 Uhr Assitej NL sind mehrere Kompanien, Spielst\u00e4tten, ein Impresario und Festivals angeschlossen, die Puppentheater, Tanz, Theater, visuelles Theater, Zirkus, Musik und Musiktheater machen und pr\u00e4sentieren. Mit Assitej diskutieren wir \u00fcber die aktuellen Entwicklungen in der internationalen Jugenddarstellungskunst. Dieser niederl\u00e4ndische Zweig von Assitej International unterst\u00fctzt den niederl\u00e4ndischen Bereich der jungen darstellenden K\u00fcnste dabei, [&hellip;]<\/p>\n","protected":false},"author":1,"featured_media":0,"parent":0,"menu_order":0,"comment_status":"closed","ping_status":"closed","template":"","meta":{"_acf_changed":false,"footnotes":""},"class_list":["post-8299","page","type-page","status-publish","hentry"],"aioseo_notices":[],"acf":[],"jetpack_sharing_enabled":true,"_links":{"self":[{"href":"https:\/\/schrittmacherfestival.nl\/de\/wp-json\/wp\/v2\/pages\/8299","targetHints":{"allow":["GET"]}}],"collection":[{"href":"https:\/\/schrittmacherfestival.nl\/de\/wp-json\/wp\/v2\/pages"}],"about":[{"href":"https:\/\/schrittmacherfestival.nl\/de\/wp-json\/wp\/v2\/types\/page"}],"author":[{"embeddable":true,"href":"https:\/\/schrittmacherfestival.nl\/de\/wp-json\/wp\/v2\/users\/1"}],"replies":[{"embeddable":true,"href":"https:\/\/schrittmacherfestival.nl\/de\/wp-json\/wp\/v2\/comments?post=8299"}],"version-history":[{"count":9,"href":"https:\/\/schrittmacherfestival.nl\/de\/wp-json\/wp\/v2\/pages\/8299\/revisions"}],"predecessor-version":[{"id":8862,"href":"https:\/\/schrittmacherfestival.nl\/de\/wp-json\/wp\/v2\/pages\/8299\/revisions\/8862"}],"wp:attachment":[{"href":"https:\/\/schrittmacherfestival.nl\/de\/wp-json\/wp\/v2\/media?parent=8299"}],"curies":[{"name":"wp","href":"https:\/\/api.w.org\/{rel}","templated":true}]}}

<h1 class="wp-block-heading has-black-color has-text-color" id="hofesh-shechter-company-gbr"></h1>

<p><strong>PLT, Theater Heerlen – T&amp;Plounge</strong><br/><strong>So 10.03.2024</strong><br/><strong>14.30 – 15.45 Uhr</strong><br/></p>

<figure class="wp-block-image alignwide size-large"><img data-recalc-dims="1" fetchpriority="high" decoding="async" width="640" height="267" src="https://i0.wp.com/schrittmacherfestival.nl/wp-content/uploads/2024/02/Assitej-bijeenkomst-Chain-Reaction-scaled-e1706537080799-1.webp?resize=640%2C267&#038;ssl=1" alt="" class="wp-image-8432" srcset="https://i0.wp.com/schrittmacherfestival.nl/wp-content/uploads/2024/02/Assitej-bijeenkomst-Chain-Reaction-scaled-e1706537080799-1.webp?resize=1024%2C427&amp;ssl=1 1024w, https://i0.wp.com/schrittmacherfestival.nl/wp-content/uploads/2024/02/Assitej-bijeenkomst-Chain-Reaction-scaled-e1706537080799-1.webp?resize=300%2C125&amp;ssl=1 300w, https://i0.wp.com/schrittmacherfestival.nl/wp-content/uploads/2024/02/Assitej-bijeenkomst-Chain-Reaction-scaled-e1706537080799-1.webp?resize=768%2C320&amp;ssl=1 768w, https://i0.wp.com/schrittmacherfestival.nl/wp-content/uploads/2024/02/Assitej-bijeenkomst-Chain-Reaction-scaled-e1706537080799-1.webp?resize=31%2C13&amp;ssl=1 31w, https://i0.wp.com/schrittmacherfestival.nl/wp-content/uploads/2024/02/Assitej-bijeenkomst-Chain-Reaction-scaled-e1706537080799-1.webp?w=1200&amp;ssl=1 1200w" sizes="(max-width: 640px) 100vw, 640px" /></figure>

<hr class="wp-block-separator has-css-opacity"/>

<p>Assitej NL sind mehrere Kompanien, Spielstätten, ein Impresario und Festivals angeschlossen, die Puppentheater, Tanz, Theater, visuelles Theater, Zirkus, Musik und Musiktheater machen und präsentieren. Mit Assitej diskutieren wir über die aktuellen Entwicklungen in der internationalen Jugenddarstellungskunst. Dieser niederländische Zweig von Assitej International unterstützt den niederländischen Bereich der jungen darstellenden Künste dabei, internationale Ambitionen zu formulieren, Fachwissen über internationale Entwicklungen auszutauschen und Begegnungen und Zusammenarbeit zu fördern. In diesem PROtalk teilen die Teilnehmer dieses internationalen Netzwerks unter anderem Tipps und Tricks zur Zusammenarbeit mit Partnern jenseits der Grenze und zur Arbeit mit einer internationalen Besetzung.<br/><br/>Die Mitglieder von Assitej erhalten eine Einladung über Assitej. Wenn Sie kein Mitglied sind, registrieren Sie sich bitte über die unten stehende E-Mail-Adresse. </p>

<p>Die Interviews sind auf Englisch.</p>

<p> </p>

<p> </p>

<p> </p>

<p> </p>

<p> </p>

<hr class="wp-block-separator has-css-opacity"/>

<div class="wp-block-buttons is-horizontal is-content-justification-center is-layout-flex wp-container-core-buttons-is-layout-499968f5 wp-block-buttons-is-layout-flex">
<div class="wp-block-button"><a class="wp-block-button__link has-white-color has-black-background-color has-text-color has-background wp-element-button"><strong>Aanmelden: </strong>ellenblom@assitej.nl</a></div>
</div>

<hr class="wp-block-separator has-css-opacity"/>

<p>PLT, Theater Heerlen – T&amp;PloungeSo 10.03.202414.30 – 15.45 Uhr Assitej NL sind mehrere Kompanien, Spielstätten, ein Impresario und Festivals angeschlossen, die Puppentheater, Tanz, Theater, visuelles Theater, Zirkus, Musik und Musiktheater machen und präsentieren. Mit Assitej diskutieren wir über die aktuellen Entwicklungen in der internationalen Jugenddarstellungskunst. Dieser niederländische Zweig von Assitej International unterstützt den niederländischen Bereich der jungen darstellenden Künste dabei, [&hellip;]</p>
