{"id":8356,"date":"2024-01-30T17:00:19","date_gmt":"2024-01-30T17:00:19","guid":{"rendered":"https:\/\/schrittmacherfestival.nl\/netwerk-lunch\/"},"modified":"2024-03-05T13:57:35","modified_gmt":"2024-03-05T13:57:35","slug":"netwerk-lunch","status":"publish","type":"page","link":"https:\/\/schrittmacherfestival.nl\/de\/netwerk-lunch\/","title":{"rendered":"Netwerklunch (Abgesagt)"},"content":{"rendered":"\n<h1 class=\"wp-block-heading has-black-color has-text-color\" id=\"hofesh-shechter-company-gbr\"><strong>fu\u0308r Profis<\/strong><\/h1>\n\n<p><strong>PLT, Theater Heerlen \u2013 DSMcaf\u00e9<\/strong><br\/><strong>Sa 09.03.2024<\/strong><br\/><strong>12.30 &#8211; 14.00 Uhr<\/strong><br\/><strong>12,50 \u20ac<\/strong><br\/><\/p>\n\n<figure class=\"wp-block-image alignwide size-large\"><img data-recalc-dims=\"1\" fetchpriority=\"high\" decoding=\"async\" width=\"640\" height=\"267\" src=\"https:\/\/i0.wp.com\/schrittmacherfestival.nl\/wp-content\/uploads\/2024\/01\/Netwerk-lunch-e1706633482661-1024x427.webp?resize=640%2C267&#038;ssl=1\" alt=\"\" class=\"wp-image-8362\" srcset=\"https:\/\/i0.wp.com\/schrittmacherfestival.nl\/wp-content\/uploads\/2024\/01\/Netwerk-lunch-e1706633482661.webp?resize=1024%2C427&amp;ssl=1 1024w, https:\/\/i0.wp.com\/schrittmacherfestival.nl\/wp-content\/uploads\/2024\/01\/Netwerk-lunch-e1706633482661.webp?resize=300%2C125&amp;ssl=1 300w, https:\/\/i0.wp.com\/schrittmacherfestival.nl\/wp-content\/uploads\/2024\/01\/Netwerk-lunch-e1706633482661.webp?resize=768%2C320&amp;ssl=1 768w, https:\/\/i0.wp.com\/schrittmacherfestival.nl\/wp-content\/uploads\/2024\/01\/Netwerk-lunch-e1706633482661.webp?resize=31%2C13&amp;ssl=1 31w, https:\/\/i0.wp.com\/schrittmacherfestival.nl\/wp-content\/uploads\/2024\/01\/Netwerk-lunch-e1706633482661.webp?w=1200&amp;ssl=1 1200w\" sizes=\"(max-width: 640px) 100vw, 640px\" \/><\/figure>\n\n<hr class=\"wp-block-separator has-css-opacity\"\/>\n\n<p><strong>schrit_tmacher\u00a0<\/strong><em><strong>just dance!<\/strong><\/em><strong>\u00a0Das Festival organisiert w\u00e4hrend des PRO_gramma ein Networking-Lunch speziell f\u00fcr Fachleute. Die perfekte Gelegenheit, um in entspannter Atmosph\u00e4re mit Berufskollegen ins Gespr\u00e4ch zu kommen, neue Kontakte zu kn\u00fcpfen und ein leckeres Mittagessen zu genie\u00dfen.<\/strong><\/p>\n\n<p>Wir freuen uns auf einen anregenden Nachmittag mit interessanten Gespr\u00e4chen und leckerem Essen. Haben Sie besondere Ern\u00e4hrungsbed\u00fcrfnisse oder Allergien? Wir sorgen gerne f\u00fcr ein passendes Essen. Bitte informieren Sie uns \u00fcber\u00a0<a href=\"mailto:professionals@schrittmacherfestival.nl\">professionals@schrittmacherfestival.nl<\/a><\/p>\n\n<p>Wir freuen uns, Sie zum Networking-Lunch des schrit_tmacher<em>\u00a0just dance!\u00a0<\/em>Festival.<\/p>\n\n<hr class=\"wp-block-separator has-css-opacity\"\/>\n\n<div class=\"wp-block-buttons is-horizontal is-content-justification-center is-layout-flex wp-container-core-buttons-is-layout-499968f5 wp-block-buttons-is-layout-flex\">\n<div class=\"wp-block-button\"><a class=\"wp-block-button__link has-white-color has-black-background-color has-text-color has-background wp-element-button\" href=\"https:\/\/www.plt.nl\/bestel\/11413\" target=\"_blank\" rel=\"noreferrer noopener\"><strong>Abgesagt<\/strong><\/a><\/div>\n<\/div>\n\n<hr class=\"wp-block-separator has-css-opacity\"\/>\n","protected":false},"excerpt":{"rendered":"<p>fu\u0308r Profis PLT, Theater Heerlen \u2013 DSMcaf\u00e9Sa 09.03.202412.30 &#8211; 14.00 Uhr12,50 \u20ac schrit_tmacher\u00a0just dance!\u00a0Das Festival organisiert w\u00e4hrend des PRO_gramma ein Networking-Lunch speziell f\u00fcr Fachleute. Die perfekte Gelegenheit, um in entspannter Atmosph\u00e4re mit Berufskollegen ins Gespr\u00e4ch zu kommen, neue Kontakte zu kn\u00fcpfen und ein leckeres Mittagessen zu genie\u00dfen. Wir freuen uns auf einen anregenden Nachmittag mit interessanten Gespr\u00e4chen und leckerem Essen. [&hellip;]<\/p>\n","protected":false},"author":1,"featured_media":0,"parent":0,"menu_order":0,"comment_status":"closed","ping_status":"closed","template":"","meta":{"_acf_changed":false,"footnotes":""},"class_list":["post-8356","page","type-page","status-publish","hentry"],"aioseo_notices":[],"acf":[],"jetpack_sharing_enabled":true,"_links":{"self":[{"href":"https:\/\/schrittmacherfestival.nl\/de\/wp-json\/wp\/v2\/pages\/8356","targetHints":{"allow":["GET"]}}],"collection":[{"href":"https:\/\/schrittmacherfestival.nl\/de\/wp-json\/wp\/v2\/pages"}],"about":[{"href":"https:\/\/schrittmacherfestival.nl\/de\/wp-json\/wp\/v2\/types\/page"}],"author":[{"embeddable":true,"href":"https:\/\/schrittmacherfestival.nl\/de\/wp-json\/wp\/v2\/users\/1"}],"replies":[{"embeddable":true,"href":"https:\/\/schrittmacherfestival.nl\/de\/wp-json\/wp\/v2\/comments?post=8356"}],"version-history":[{"count":14,"href":"https:\/\/schrittmacherfestival.nl\/de\/wp-json\/wp\/v2\/pages\/8356\/revisions"}],"predecessor-version":[{"id":8928,"href":"https:\/\/schrittmacherfestival.nl\/de\/wp-json\/wp\/v2\/pages\/8356\/revisions\/8928"}],"wp:attachment":[{"href":"https:\/\/schrittmacherfestival.nl\/de\/wp-json\/wp\/v2\/media?parent=8356"}],"curies":[{"name":"wp","href":"https:\/\/api.w.org\/{rel}","templated":true}]}}

<h1 class="wp-block-heading has-black-color has-text-color" id="hofesh-shechter-company-gbr"><strong>für Profis</strong></h1>

<p><strong>PLT, Theater Heerlen – DSMcafé</strong><br/><strong>Sa 09.03.2024</strong><br/><strong>12.30 &#8211; 14.00 Uhr</strong><br/><strong>12,50 €</strong><br/></p>

<figure class="wp-block-image alignwide size-large"><img data-recalc-dims="1" fetchpriority="high" decoding="async" width="640" height="267" src="https://i0.wp.com/schrittmacherfestival.nl/wp-content/uploads/2024/01/Netwerk-lunch-e1706633482661-1024x427.webp?resize=640%2C267&#038;ssl=1" alt="" class="wp-image-8362" srcset="https://i0.wp.com/schrittmacherfestival.nl/wp-content/uploads/2024/01/Netwerk-lunch-e1706633482661.webp?resize=1024%2C427&amp;ssl=1 1024w, https://i0.wp.com/schrittmacherfestival.nl/wp-content/uploads/2024/01/Netwerk-lunch-e1706633482661.webp?resize=300%2C125&amp;ssl=1 300w, https://i0.wp.com/schrittmacherfestival.nl/wp-content/uploads/2024/01/Netwerk-lunch-e1706633482661.webp?resize=768%2C320&amp;ssl=1 768w, https://i0.wp.com/schrittmacherfestival.nl/wp-content/uploads/2024/01/Netwerk-lunch-e1706633482661.webp?resize=31%2C13&amp;ssl=1 31w, https://i0.wp.com/schrittmacherfestival.nl/wp-content/uploads/2024/01/Netwerk-lunch-e1706633482661.webp?w=1200&amp;ssl=1 1200w" sizes="(max-width: 640px) 100vw, 640px" /></figure>

<hr class="wp-block-separator has-css-opacity"/>

<p><strong>schrit_tmacher </strong><em><strong>just dance!</strong></em><strong> Das Festival organisiert während des PRO_gramma ein Networking-Lunch speziell für Fachleute. Die perfekte Gelegenheit, um in entspannter Atmosphäre mit Berufskollegen ins Gespräch zu kommen, neue Kontakte zu knüpfen und ein leckeres Mittagessen zu genießen.</strong></p>

<p>Wir freuen uns auf einen anregenden Nachmittag mit interessanten Gesprächen und leckerem Essen. Haben Sie besondere Ernährungsbedürfnisse oder Allergien? Wir sorgen gerne für ein passendes Essen. Bitte informieren Sie uns über <a href="mailto:professionals@schrittmacherfestival.nl">professionals@schrittmacherfestival.nl</a></p>

<p>Wir freuen uns, Sie zum Networking-Lunch des schrit_tmacher<em> just dance! </em>Festival.</p>

<hr class="wp-block-separator has-css-opacity"/>

<div class="wp-block-buttons is-horizontal is-content-justification-center is-layout-flex wp-container-core-buttons-is-layout-499968f5 wp-block-buttons-is-layout-flex">
<div class="wp-block-button"><a class="wp-block-button__link has-white-color has-black-background-color has-text-color has-background wp-element-button" href="https://www.plt.nl/bestel/11413" target="_blank" rel="noreferrer noopener"><strong>Abgesagt</strong></a></div>
</div>

<hr class="wp-block-separator has-css-opacity"/>

<p>für Profis PLT, Theater Heerlen – DSMcaféSa 09.03.202412.30 &#8211; 14.00 Uhr12,50 € schrit_tmacher just dance! Das Festival organisiert während des PRO_gramma ein Networking-Lunch speziell für Fachleute. Die perfekte Gelegenheit, um in entspannter Atmosphäre mit Berufskollegen ins Gespräch zu kommen, neue Kontakte zu knüpfen und ein leckeres Mittagessen zu genießen. Wir freuen uns auf einen anregenden Nachmittag mit interessanten Gesprächen und leckerem Essen. [&hellip;]</p>
