{"id":9412,"date":"2024-05-10T07:18:08","date_gmt":"2024-05-10T07:18:08","guid":{"rendered":"https:\/\/schrittmacherfestival.nl\/loev\/"},"modified":"2024-11-25T11:42:42","modified_gmt":"2024-11-25T11:42:42","slug":"loev","status":"publish","type":"page","link":"https:\/\/schrittmacherfestival.nl\/de\/loev\/","title":{"rendered":"LOEV"},"content":{"rendered":"\n<h1 class=\"wp-block-heading has-black-color has-text-color\" id=\"hofesh-shechter-company-gbr\"><strong>Danstheater AYA<\/strong> (NL)<\/h1>\n\n<p><strong>THEATER KERKRADE<\/strong><br\/><strong>Mi 19.03.2025<\/strong><br\/><strong>19.00 Uhr<\/strong><br\/><strong>Von 12,50 \u20ac<\/strong><\/p>\n\n<figure class=\"wp-block-image alignwide size-large\"><img data-recalc-dims=\"1\" fetchpriority=\"high\" decoding=\"async\" width=\"640\" height=\"260\" src=\"https:\/\/i0.wp.com\/schrittmacherfestival.nl\/wp-content\/uploads\/2024\/05\/liggend_-_amanda_harput_c_loev_-_campagnebeeld_-_300dpi.1230x500.jpg?resize=640%2C260&#038;ssl=1\" alt=\"\" class=\"wp-image-9166\" srcset=\"https:\/\/i0.wp.com\/schrittmacherfestival.nl\/wp-content\/uploads\/2024\/05\/liggend_-_amanda_harput_c_loev_-_campagnebeeld_-_300dpi.1230x500.jpg?resize=1024%2C416&amp;ssl=1 1024w, https:\/\/i0.wp.com\/schrittmacherfestival.nl\/wp-content\/uploads\/2024\/05\/liggend_-_amanda_harput_c_loev_-_campagnebeeld_-_300dpi.1230x500.jpg?resize=300%2C122&amp;ssl=1 300w, https:\/\/i0.wp.com\/schrittmacherfestival.nl\/wp-content\/uploads\/2024\/05\/liggend_-_amanda_harput_c_loev_-_campagnebeeld_-_300dpi.1230x500.jpg?resize=768%2C312&amp;ssl=1 768w, https:\/\/i0.wp.com\/schrittmacherfestival.nl\/wp-content\/uploads\/2024\/05\/liggend_-_amanda_harput_c_loev_-_campagnebeeld_-_300dpi.1230x500.jpg?resize=31%2C13&amp;ssl=1 31w, https:\/\/i0.wp.com\/schrittmacherfestival.nl\/wp-content\/uploads\/2024\/05\/liggend_-_amanda_harput_c_loev_-_campagnebeeld_-_300dpi.1230x500.jpg?w=1230&amp;ssl=1 1230w\" sizes=\"(max-width: 640px) 100vw, 640px\" \/><\/figure>\n\n<hr class=\"wp-block-separator has-css-opacity\"\/>\n\n<p>Eine Tanz- und Musikvorstellung \u00fcber die allerersten Gef\u00fchle, das erste Werben und \u201eIch mag dich\u201c-Gest\u00e4ndnisse.<br\/>&#13;\nWer mag wen? Das ist in \u201eLOEV\u201d die Frage. Die Vorstellung spielt sich auf einer Waldlichtung ab. Dieser sch\u00f6ne Ort entpuppt sich als Spielplatz f\u00fcr alle m\u00f6glichen seltsamen \u201eV\u00f6gel\u201c, die alles tun, um ins Blickfeld des anderen zu kommen. Spielend, pfeifend, kreischend und angebend stolzieren sie herum. Wer beeindruckt wen? Und wer imitiert wen?<\/p>\n\n<p>Ab 8 Jahren<\/p>\n\n<p>Dauer: ~ 60 min. ohne Pause<\/p>\n\n<p><strong>Do 20.03.2025<br\/><\/strong>10.00 + 13.00 Uhr, Theater Kerkrade<br\/>Schulvorstellungen<\/p>\n\n<hr class=\"wp-block-separator has-css-opacity\"\/>\n\n<div class=\"wp-block-buttons is-horizontal is-content-justification-center is-layout-flex wp-container-core-buttons-is-layout-499968f5 wp-block-buttons-is-layout-flex\">\n<div class=\"wp-block-button\"><a class=\"wp-block-button__link has-white-color has-black-background-color has-text-color has-background wp-element-button\" href=\"https:\/\/www.plt.nl\/bestel\/12034\" target=\"_blank\" rel=\"noreferrer noopener\"><strong>Tickets Mi<\/strong> <strong>19.03 | 19.00 Uhr<\/strong><\/a><\/div>\n<\/div>\n\n<hr class=\"wp-block-separator has-css-opacity\"\/>\n\n<figure class=\"wp-block-gallery has-nested-images columns-default is-cropped wp-block-gallery-1 is-layout-flex wp-block-gallery-is-layout-flex\">\n<figure class=\"wp-block-image size-large\"><img data-recalc-dims=\"1\" decoding=\"async\" width=\"640\" height=\"640\" data-id=\"9406\" src=\"https:\/\/i0.wp.com\/schrittmacherfestival.nl\/wp-content\/uploads\/2024\/05\/vierkant_-_amanda_harput_c_loev_-_campagnebeeld_-_300dpi.1280x1280.jpg?resize=640%2C640&#038;ssl=1\" alt=\"\" class=\"wp-image-9406\" srcset=\"https:\/\/i0.wp.com\/schrittmacherfestival.nl\/wp-content\/uploads\/2024\/05\/vierkant_-_amanda_harput_c_loev_-_campagnebeeld_-_300dpi.1280x1280.jpg?resize=1024%2C1024&amp;ssl=1 1024w, https:\/\/i0.wp.com\/schrittmacherfestival.nl\/wp-content\/uploads\/2024\/05\/vierkant_-_amanda_harput_c_loev_-_campagnebeeld_-_300dpi.1280x1280.jpg?resize=300%2C300&amp;ssl=1 300w, https:\/\/i0.wp.com\/schrittmacherfestival.nl\/wp-content\/uploads\/2024\/05\/vierkant_-_amanda_harput_c_loev_-_campagnebeeld_-_300dpi.1280x1280.jpg?resize=150%2C150&amp;ssl=1 150w, https:\/\/i0.wp.com\/schrittmacherfestival.nl\/wp-content\/uploads\/2024\/05\/vierkant_-_amanda_harput_c_loev_-_campagnebeeld_-_300dpi.1280x1280.jpg?resize=768%2C768&amp;ssl=1 768w, https:\/\/i0.wp.com\/schrittmacherfestival.nl\/wp-content\/uploads\/2024\/05\/vierkant_-_amanda_harput_c_loev_-_campagnebeeld_-_300dpi.1280x1280.jpg?resize=80%2C80&amp;ssl=1 80w, https:\/\/i0.wp.com\/schrittmacherfestival.nl\/wp-content\/uploads\/2024\/05\/vierkant_-_amanda_harput_c_loev_-_campagnebeeld_-_300dpi.1280x1280.jpg?resize=27%2C27&amp;ssl=1 27w, https:\/\/i0.wp.com\/schrittmacherfestival.nl\/wp-content\/uploads\/2024\/05\/vierkant_-_amanda_harput_c_loev_-_campagnebeeld_-_300dpi.1280x1280.jpg?w=1280&amp;ssl=1 1280w\" sizes=\"(max-width: 640px) 100vw, 640px\" \/><\/figure>\n<\/figure>\n\n<hr class=\"wp-block-separator has-css-opacity\"\/>\n","protected":false},"excerpt":{"rendered":"<p>Danstheater AYA (NL) THEATER KERKRADEMi 19.03.202519.00 UhrVon 12,50 \u20ac Eine Tanz- und Musikvorstellung \u00fcber die allerersten Gef\u00fchle, das erste Werben und \u201eIch mag dich\u201c-Gest\u00e4ndnisse.&#13; Wer mag wen? Das ist in \u201eLOEV\u201d die Frage. Die Vorstellung spielt sich auf einer Waldlichtung ab. Dieser sch\u00f6ne Ort entpuppt sich als Spielplatz f\u00fcr alle m\u00f6glichen seltsamen \u201eV\u00f6gel\u201c, die alles tun, um ins Blickfeld des [&hellip;]<\/p>\n","protected":false},"author":1,"featured_media":0,"parent":0,"menu_order":0,"comment_status":"closed","ping_status":"closed","template":"","meta":{"_acf_changed":false,"footnotes":""},"class_list":["post-9412","page","type-page","status-publish","hentry"],"aioseo_notices":[],"acf":[],"jetpack_sharing_enabled":true,"_links":{"self":[{"href":"https:\/\/schrittmacherfestival.nl\/de\/wp-json\/wp\/v2\/pages\/9412","targetHints":{"allow":["GET"]}}],"collection":[{"href":"https:\/\/schrittmacherfestival.nl\/de\/wp-json\/wp\/v2\/pages"}],"about":[{"href":"https:\/\/schrittmacherfestival.nl\/de\/wp-json\/wp\/v2\/types\/page"}],"author":[{"embeddable":true,"href":"https:\/\/schrittmacherfestival.nl\/de\/wp-json\/wp\/v2\/users\/1"}],"replies":[{"embeddable":true,"href":"https:\/\/schrittmacherfestival.nl\/de\/wp-json\/wp\/v2\/comments?post=9412"}],"version-history":[{"count":6,"href":"https:\/\/schrittmacherfestival.nl\/de\/wp-json\/wp\/v2\/pages\/9412\/revisions"}],"predecessor-version":[{"id":9804,"href":"https:\/\/schrittmacherfestival.nl\/de\/wp-json\/wp\/v2\/pages\/9412\/revisions\/9804"}],"wp:attachment":[{"href":"https:\/\/schrittmacherfestival.nl\/de\/wp-json\/wp\/v2\/media?parent=9412"}],"curies":[{"name":"wp","href":"https:\/\/api.w.org\/{rel}","templated":true}]}}

<h1 class="wp-block-heading has-black-color has-text-color" id="hofesh-shechter-company-gbr"><strong>Danstheater AYA</strong> (NL)</h1>

<p><strong>THEATER KERKRADE</strong><br/><strong>Mi 19.03.2025</strong><br/><strong>19.00 Uhr</strong><br/><strong>Von 12,50 €</strong></p>

<figure class="wp-block-image alignwide size-large"><img data-recalc-dims="1" fetchpriority="high" decoding="async" width="640" height="260" src="https://i0.wp.com/schrittmacherfestival.nl/wp-content/uploads/2024/05/liggend_-_amanda_harput_c_loev_-_campagnebeeld_-_300dpi.1230x500.jpg?resize=640%2C260&#038;ssl=1" alt="" class="wp-image-9166" srcset="https://i0.wp.com/schrittmacherfestival.nl/wp-content/uploads/2024/05/liggend_-_amanda_harput_c_loev_-_campagnebeeld_-_300dpi.1230x500.jpg?resize=1024%2C416&amp;ssl=1 1024w, https://i0.wp.com/schrittmacherfestival.nl/wp-content/uploads/2024/05/liggend_-_amanda_harput_c_loev_-_campagnebeeld_-_300dpi.1230x500.jpg?resize=300%2C122&amp;ssl=1 300w, https://i0.wp.com/schrittmacherfestival.nl/wp-content/uploads/2024/05/liggend_-_amanda_harput_c_loev_-_campagnebeeld_-_300dpi.1230x500.jpg?resize=768%2C312&amp;ssl=1 768w, https://i0.wp.com/schrittmacherfestival.nl/wp-content/uploads/2024/05/liggend_-_amanda_harput_c_loev_-_campagnebeeld_-_300dpi.1230x500.jpg?resize=31%2C13&amp;ssl=1 31w, https://i0.wp.com/schrittmacherfestival.nl/wp-content/uploads/2024/05/liggend_-_amanda_harput_c_loev_-_campagnebeeld_-_300dpi.1230x500.jpg?w=1230&amp;ssl=1 1230w" sizes="(max-width: 640px) 100vw, 640px" /></figure>

<hr class="wp-block-separator has-css-opacity"/>

<p>Eine Tanz- und Musikvorstellung über die allerersten Gefühle, das erste Werben und „Ich mag dich“-Geständnisse.<br/>&#13;
Wer mag wen? Das ist in „LOEV” die Frage. Die Vorstellung spielt sich auf einer Waldlichtung ab. Dieser schöne Ort entpuppt sich als Spielplatz für alle möglichen seltsamen „Vögel“, die alles tun, um ins Blickfeld des anderen zu kommen. Spielend, pfeifend, kreischend und angebend stolzieren sie herum. Wer beeindruckt wen? Und wer imitiert wen?</p>

<p>Ab 8 Jahren</p>

<p>Dauer: ~ 60 min. ohne Pause</p>

<p><strong>Do 20.03.2025<br/></strong>10.00 + 13.00 Uhr, Theater Kerkrade<br/>Schulvorstellungen</p>

<hr class="wp-block-separator has-css-opacity"/>

<div class="wp-block-buttons is-horizontal is-content-justification-center is-layout-flex wp-container-core-buttons-is-layout-499968f5 wp-block-buttons-is-layout-flex">
<div class="wp-block-button"><a class="wp-block-button__link has-white-color has-black-background-color has-text-color has-background wp-element-button" href="https://www.plt.nl/bestel/12034" target="_blank" rel="noreferrer noopener"><strong>Tickets Mi</strong> <strong>19.03 | 19.00 Uhr</strong></a></div>
</div>

<hr class="wp-block-separator has-css-opacity"/>

<figure class="wp-block-gallery has-nested-images columns-default is-cropped wp-block-gallery-1 is-layout-flex wp-block-gallery-is-layout-flex">
<figure class="wp-block-image size-large"><img data-recalc-dims="1" decoding="async" width="640" height="640" data-id="9406" src="https://i0.wp.com/schrittmacherfestival.nl/wp-content/uploads/2024/05/vierkant_-_amanda_harput_c_loev_-_campagnebeeld_-_300dpi.1280x1280.jpg?resize=640%2C640&#038;ssl=1" alt="" class="wp-image-9406" srcset="https://i0.wp.com/schrittmacherfestival.nl/wp-content/uploads/2024/05/vierkant_-_amanda_harput_c_loev_-_campagnebeeld_-_300dpi.1280x1280.jpg?resize=1024%2C1024&amp;ssl=1 1024w, https://i0.wp.com/schrittmacherfestival.nl/wp-content/uploads/2024/05/vierkant_-_amanda_harput_c_loev_-_campagnebeeld_-_300dpi.1280x1280.jpg?resize=300%2C300&amp;ssl=1 300w, https://i0.wp.com/schrittmacherfestival.nl/wp-content/uploads/2024/05/vierkant_-_amanda_harput_c_loev_-_campagnebeeld_-_300dpi.1280x1280.jpg?resize=150%2C150&amp;ssl=1 150w, https://i0.wp.com/schrittmacherfestival.nl/wp-content/uploads/2024/05/vierkant_-_amanda_harput_c_loev_-_campagnebeeld_-_300dpi.1280x1280.jpg?resize=768%2C768&amp;ssl=1 768w, https://i0.wp.com/schrittmacherfestival.nl/wp-content/uploads/2024/05/vierkant_-_amanda_harput_c_loev_-_campagnebeeld_-_300dpi.1280x1280.jpg?resize=80%2C80&amp;ssl=1 80w, https://i0.wp.com/schrittmacherfestival.nl/wp-content/uploads/2024/05/vierkant_-_amanda_harput_c_loev_-_campagnebeeld_-_300dpi.1280x1280.jpg?resize=27%2C27&amp;ssl=1 27w, https://i0.wp.com/schrittmacherfestival.nl/wp-content/uploads/2024/05/vierkant_-_amanda_harput_c_loev_-_campagnebeeld_-_300dpi.1280x1280.jpg?w=1280&amp;ssl=1 1280w" sizes="(max-width: 640px) 100vw, 640px" /></figure>
</figure>

<hr class="wp-block-separator has-css-opacity"/>

<p>Danstheater AYA (NL) THEATER KERKRADEMi 19.03.202519.00 UhrVon 12,50 € Eine Tanz- und Musikvorstellung über die allerersten Gefühle, das erste Werben und „Ich mag dich“-Geständnisse.&#13; Wer mag wen? Das ist in „LOEV” die Frage. Die Vorstellung spielt sich auf einer Waldlichtung ab. Dieser schöne Ort entpuppt sich als Spielplatz für alle möglichen seltsamen „Vögel“, die alles tun, um ins Blickfeld des [&hellip;]</p>
