{"id":9992,"date":"2024-12-02T10:38:50","date_gmt":"2024-12-02T10:38:50","guid":{"rendered":"https:\/\/schrittmacherfestival.nl\/10-jahre-co-lab\/"},"modified":"2025-03-10T10:13:18","modified_gmt":"2025-03-10T10:13:18","slug":"10-jahre-co-lab","status":"publish","type":"page","link":"https:\/\/schrittmacherfestival.nl\/de\/10-jahre-co-lab\/","title":{"rendered":"10 Jahre CO-LAB"},"content":{"rendered":"\n<h1 class=\"wp-block-heading has-black-color has-text-color\" id=\"hofesh-shechter-company-gbr\"><strong>JUNGE TALENTE<\/strong><\/h1>\n\n<p><strong><strong><strong>Ludwig Forum Aachen<\/strong><\/strong><\/strong> <strong>+ Stadskantoor Heerlen Zentrale Halle<\/strong><br\/><strong>Sa 15.03.2025<\/strong> <strong>+ So 16.03.2025 (Aken) + Sa 22.03.2025<\/strong> <strong>(Heerlen)<\/strong><br\/><strong>11.00 Uhr + 20.00 Uhr<\/strong><br\/><strong>Von 9,50 \u20ac<\/strong><\/p>\n\n<figure class=\"wp-block-image alignwide size-large\"><img data-recalc-dims=\"1\" fetchpriority=\"high\" decoding=\"async\" width=\"640\" height=\"267\" src=\"https:\/\/i0.wp.com\/schrittmacherfestival.nl\/wp-content\/uploads\/2024\/12\/Co-laboration-foto-Pascal-Moors-scaled-e1733147177913-1024x427.webp?resize=640%2C267&#038;ssl=1\" alt=\"\" class=\"wp-image-10000\" srcset=\"https:\/\/i0.wp.com\/schrittmacherfestival.nl\/wp-content\/uploads\/2024\/12\/Co-laboration-foto-Pascal-Moors-scaled-e1733147177913.webp?resize=1024%2C427&amp;ssl=1 1024w, https:\/\/i0.wp.com\/schrittmacherfestival.nl\/wp-content\/uploads\/2024\/12\/Co-laboration-foto-Pascal-Moors-scaled-e1733147177913.webp?resize=300%2C125&amp;ssl=1 300w, https:\/\/i0.wp.com\/schrittmacherfestival.nl\/wp-content\/uploads\/2024\/12\/Co-laboration-foto-Pascal-Moors-scaled-e1733147177913.webp?resize=768%2C320&amp;ssl=1 768w, https:\/\/i0.wp.com\/schrittmacherfestival.nl\/wp-content\/uploads\/2024\/12\/Co-laboration-foto-Pascal-Moors-scaled-e1733147177913.webp?resize=31%2C13&amp;ssl=1 31w, https:\/\/i0.wp.com\/schrittmacherfestival.nl\/wp-content\/uploads\/2024\/12\/Co-laboration-foto-Pascal-Moors-scaled-e1733147177913.webp?w=1200&amp;ssl=1 1200w\" sizes=\"(max-width: 640px) 100vw, 640px\" \/><\/figure>\n\n<hr class=\"wp-block-separator has-css-opacity\"\/>\n\n<p>Im Jahr 2025 werden wir die 10. Ausgabe unseres grenz\u00fcberschreitenden Programms junger Talente von Co-Laboration (CO-LAB) feiern. Normalerweise laden wir zu diesem Zweck junge Kulturschaffende aus der Euroregion ein, um w\u00e4hrend des Festivals eine neue Produktion zu entwickeln. Diesmal jedoch bitten wir die Talente des letzten Jahrzehnts, in einem Videoportr\u00e4t die Arbeiten zu reflektieren, die sie zuvor bei schrit_tmacher pr\u00e4sentiert haben. Was f\u00fcr Gedanken hatten sie seinerzeit? Wie beurteilen sie diese jetzt, und was bedeutet das f\u00fcr ihre Karriere? Wir bringen danach einige dieser Talente in einer (Live-)Performance zusammen, worin sie zeigen, wo sie heute stehen. Wir werden dies &#8211; wie \u00fcblich &#8211; mit einem neuen Talent von Via Zuid verbinden: Der aus Heerlen stammende Bo Jacobs wird das Ganze komplettieren.<\/p>\n\n<p>Das Format Co-Laboration ist eine Gemeinschaftsproduktion von Via Zuid, ARTbewegt und schrit_tmacher, mit einer Beraterrolle vom Huis voor de Kunsten Limburg.<\/p>\n\n<p>Dauer: ~ 60 min. ohne Pause<\/p>\n\n<p>Mit anschlie\u00dfender Diskussion<br\/>Eintritt frei [eng]<\/p>\n\n<p><strong>15 M\u00e4rz<\/strong><br\/><strong>Luc Arnoldussen, Minoe Bossink, Silke Dekker, Shauna Fischer und Bo Jacobs<\/strong><\/p>\n\n<p><strong>16 M\u00e4rz\u00a0<\/strong><br\/><strong>Akeem Abidoye, Clara B\u00e4hr, Shauna Fischer, Lieve Gielen &amp; Kimberley Ottenheim und Bo Jacobs<\/strong><\/p>\n\n<p><strong>22 M\u00e4rz<\/strong><br\/><strong>Luc Arnoldussen, Lieve Gielen, Kimberley Ottenheim, Maya Ringelstein &amp; Lien Vandenborne und\u00a0Bo Jacobs<\/strong><\/p>\n\n<hr class=\"wp-block-separator has-css-opacity\"\/>\n\n<div class=\"wp-block-buttons is-horizontal is-content-justification-center is-layout-flex wp-container-core-buttons-is-layout-499968f5 wp-block-buttons-is-layout-flex\">\n<div class=\"wp-block-button\"><a class=\"wp-block-button__link has-white-color has-black-background-color has-text-color has-background wp-element-button\" href=\"https:\/\/www.plt.nl\/bestel\/12582\" target=\"_blank\" rel=\"noreferrer noopener\"><strong>Tickets Sa<\/strong> <strong>15.03 | 20.00 Uhr<\/strong><\/a><\/div>\n\n\n\n<div class=\"wp-block-button\"><a class=\"wp-block-button__link has-white-color has-black-background-color has-text-color has-background wp-element-button\" href=\"https:\/\/www.plt.nl\/bestel\/12583\" target=\"_blank\" rel=\"noreferrer noopener\"><strong>Tickets So<\/strong> <strong>16.03 | 11.00 Uhr<\/strong><\/a><\/div>\n\n\n\n<div class=\"wp-block-button\"><a class=\"wp-block-button__link has-white-color has-black-background-color has-text-color has-background wp-element-button\" href=\"https:\/\/www.plt.nl\/bestel\/12584\" target=\"_blank\" rel=\"noreferrer noopener\"><strong>Tickets Sa 22.03 | 20.00 Uhr<\/strong><\/a><\/div>\n<\/div>\n\n<hr class=\"wp-block-separator has-css-opacity\"\/>\n","protected":false},"excerpt":{"rendered":"<p>JUNGE TALENTE Ludwig Forum Aachen + Stadskantoor Heerlen Zentrale HalleSa 15.03.2025 + So 16.03.2025 (Aken) + Sa 22.03.2025 (Heerlen)11.00 Uhr + 20.00 UhrVon 9,50 \u20ac Im Jahr 2025 werden wir die 10. Ausgabe unseres grenz\u00fcberschreitenden Programms junger Talente von Co-Laboration (CO-LAB) feiern. Normalerweise laden wir zu diesem Zweck junge Kulturschaffende aus der Euroregion ein, um w\u00e4hrend des Festivals eine neue [&hellip;]<\/p>\n","protected":false},"author":1,"featured_media":0,"parent":0,"menu_order":0,"comment_status":"closed","ping_status":"closed","template":"","meta":{"_acf_changed":false,"footnotes":""},"class_list":["post-9992","page","type-page","status-publish","hentry"],"aioseo_notices":[],"acf":[],"jetpack_sharing_enabled":true,"_links":{"self":[{"href":"https:\/\/schrittmacherfestival.nl\/de\/wp-json\/wp\/v2\/pages\/9992","targetHints":{"allow":["GET"]}}],"collection":[{"href":"https:\/\/schrittmacherfestival.nl\/de\/wp-json\/wp\/v2\/pages"}],"about":[{"href":"https:\/\/schrittmacherfestival.nl\/de\/wp-json\/wp\/v2\/types\/page"}],"author":[{"embeddable":true,"href":"https:\/\/schrittmacherfestival.nl\/de\/wp-json\/wp\/v2\/users\/1"}],"replies":[{"embeddable":true,"href":"https:\/\/schrittmacherfestival.nl\/de\/wp-json\/wp\/v2\/comments?post=9992"}],"version-history":[{"count":7,"href":"https:\/\/schrittmacherfestival.nl\/de\/wp-json\/wp\/v2\/pages\/9992\/revisions"}],"predecessor-version":[{"id":11072,"href":"https:\/\/schrittmacherfestival.nl\/de\/wp-json\/wp\/v2\/pages\/9992\/revisions\/11072"}],"wp:attachment":[{"href":"https:\/\/schrittmacherfestival.nl\/de\/wp-json\/wp\/v2\/media?parent=9992"}],"curies":[{"name":"wp","href":"https:\/\/api.w.org\/{rel}","templated":true}]}}

<h1 class="wp-block-heading has-black-color has-text-color" id="hofesh-shechter-company-gbr"><strong>JUNGE TALENTE</strong></h1>

<p><strong><strong><strong>Ludwig Forum Aachen</strong></strong></strong> <strong>+ Stadskantoor Heerlen Zentrale Halle</strong><br/><strong>Sa 15.03.2025</strong> <strong>+ So 16.03.2025 (Aken) + Sa 22.03.2025</strong> <strong>(Heerlen)</strong><br/><strong>11.00 Uhr + 20.00 Uhr</strong><br/><strong>Von 9,50 €</strong></p>

<figure class="wp-block-image alignwide size-large"><img data-recalc-dims="1" fetchpriority="high" decoding="async" width="640" height="267" src="https://i0.wp.com/schrittmacherfestival.nl/wp-content/uploads/2024/12/Co-laboration-foto-Pascal-Moors-scaled-e1733147177913-1024x427.webp?resize=640%2C267&#038;ssl=1" alt="" class="wp-image-10000" srcset="https://i0.wp.com/schrittmacherfestival.nl/wp-content/uploads/2024/12/Co-laboration-foto-Pascal-Moors-scaled-e1733147177913.webp?resize=1024%2C427&amp;ssl=1 1024w, https://i0.wp.com/schrittmacherfestival.nl/wp-content/uploads/2024/12/Co-laboration-foto-Pascal-Moors-scaled-e1733147177913.webp?resize=300%2C125&amp;ssl=1 300w, https://i0.wp.com/schrittmacherfestival.nl/wp-content/uploads/2024/12/Co-laboration-foto-Pascal-Moors-scaled-e1733147177913.webp?resize=768%2C320&amp;ssl=1 768w, https://i0.wp.com/schrittmacherfestival.nl/wp-content/uploads/2024/12/Co-laboration-foto-Pascal-Moors-scaled-e1733147177913.webp?resize=31%2C13&amp;ssl=1 31w, https://i0.wp.com/schrittmacherfestival.nl/wp-content/uploads/2024/12/Co-laboration-foto-Pascal-Moors-scaled-e1733147177913.webp?w=1200&amp;ssl=1 1200w" sizes="(max-width: 640px) 100vw, 640px" /></figure>

<hr class="wp-block-separator has-css-opacity"/>

<p>Im Jahr 2025 werden wir die 10. Ausgabe unseres grenzüberschreitenden Programms junger Talente von Co-Laboration (CO-LAB) feiern. Normalerweise laden wir zu diesem Zweck junge Kulturschaffende aus der Euroregion ein, um während des Festivals eine neue Produktion zu entwickeln. Diesmal jedoch bitten wir die Talente des letzten Jahrzehnts, in einem Videoporträt die Arbeiten zu reflektieren, die sie zuvor bei schrit_tmacher präsentiert haben. Was für Gedanken hatten sie seinerzeit? Wie beurteilen sie diese jetzt, und was bedeutet das für ihre Karriere? Wir bringen danach einige dieser Talente in einer (Live-)Performance zusammen, worin sie zeigen, wo sie heute stehen. Wir werden dies &#8211; wie üblich &#8211; mit einem neuen Talent von Via Zuid verbinden: Der aus Heerlen stammende Bo Jacobs wird das Ganze komplettieren.</p>

<p>Das Format Co-Laboration ist eine Gemeinschaftsproduktion von Via Zuid, ARTbewegt und schrit_tmacher, mit einer Beraterrolle vom Huis voor de Kunsten Limburg.</p>

<p>Dauer: ~ 60 min. ohne Pause</p>

<p>Mit anschließender Diskussion<br/>Eintritt frei [eng]</p>

<p><strong>15 März</strong><br/><strong>Luc Arnoldussen, Minoe Bossink, Silke Dekker, Shauna Fischer und Bo Jacobs</strong></p>

<p><strong>16 März </strong><br/><strong>Akeem Abidoye, Clara Bähr, Shauna Fischer, Lieve Gielen &amp; Kimberley Ottenheim und Bo Jacobs</strong></p>

<p><strong>22 März</strong><br/><strong>Luc Arnoldussen, Lieve Gielen, Kimberley Ottenheim, Maya Ringelstein &amp; Lien Vandenborne und Bo Jacobs</strong></p>

<hr class="wp-block-separator has-css-opacity"/>

<div class="wp-block-buttons is-horizontal is-content-justification-center is-layout-flex wp-container-core-buttons-is-layout-499968f5 wp-block-buttons-is-layout-flex">
<div class="wp-block-button"><a class="wp-block-button__link has-white-color has-black-background-color has-text-color has-background wp-element-button" href="https://www.plt.nl/bestel/12582" target="_blank" rel="noreferrer noopener"><strong>Tickets Sa</strong> <strong>15.03 | 20.00 Uhr</strong></a></div>



<div class="wp-block-button"><a class="wp-block-button__link has-white-color has-black-background-color has-text-color has-background wp-element-button" href="https://www.plt.nl/bestel/12583" target="_blank" rel="noreferrer noopener"><strong>Tickets So</strong> <strong>16.03 | 11.00 Uhr</strong></a></div>



<div class="wp-block-button"><a class="wp-block-button__link has-white-color has-black-background-color has-text-color has-background wp-element-button" href="https://www.plt.nl/bestel/12584" target="_blank" rel="noreferrer noopener"><strong>Tickets Sa 22.03 | 20.00 Uhr</strong></a></div>
</div>

<hr class="wp-block-separator has-css-opacity"/>

<p>JUNGE TALENTE Ludwig Forum Aachen + Stadskantoor Heerlen Zentrale HalleSa 15.03.2025 + So 16.03.2025 (Aken) + Sa 22.03.2025 (Heerlen)11.00 Uhr + 20.00 UhrVon 9,50 € Im Jahr 2025 werden wir die 10. Ausgabe unseres grenzüberschreitenden Programms junger Talente von Co-Laboration (CO-LAB) feiern. Normalerweise laden wir zu diesem Zweck junge Kulturschaffende aus der Euroregion ein, um während des Festivals eine neue [&hellip;]</p>
